{"id":399,"date":"2016-09-06T12:35:13","date_gmt":"2016-09-06T10:35:13","guid":{"rendered":"http:\/\/agora.xtec.cat\/escjoanxxiiilleida\/?page_id=399"},"modified":"2022-10-26T15:56:42","modified_gmt":"2022-10-26T13:56:42","slug":"escola-de-pares","status":"publish","type":"page","link":"https:\/\/agora.xtec.cat\/escjoanxxiiilleida\/comunitats-daprenentatge\/escola-de-pares\/","title":{"rendered":"Escola de pares"},"content":{"rendered":"<p><img loading=\"lazy\" decoding=\"async\" class=\"aligncenter size-full wp-image-11832\" src=\"https:\/\/agora.xtec.cat\/escjoanxxiiilleida\/wp-content\/uploads\/usu359\/2022\/10\/baixa.jpg\" alt=\"\" width=\"325\" height=\"155\" srcset=\"https:\/\/agora.xtec.cat\/escjoanxxiiilleida\/wp-content\/uploads\/usu359\/2022\/10\/baixa.jpg 325w, https:\/\/agora.xtec.cat\/escjoanxxiiilleida\/wp-content\/uploads\/usu359\/2022\/10\/baixa-300x143.jpg 300w\" sizes=\"auto, (max-width: 325px) 100vw, 325px\" \/><\/p>\n<p>Dins del nostre projecte de Comunitats d&#8217;Aprenentatge les fam\u00edlies s\u00f3n una part molt important i \u00e9s en aquest sentit que es porta a terme des de fa anys l&#8217;escola de pares. En ella s&#8217;organitzen xerrades \u00a0de temes diversos relacionats amb l&#8217;educaci\u00f3,\u00a0 l&#8217;alimentaci\u00f3, la seguretat vi\u00e0ria&#8230;<\/p>\n<p>&nbsp;<\/p>\n<p>&nbsp;<\/p>\n<p>&nbsp;<\/p>\n","protected":false},"excerpt":{"rendered":"<p>Dins del nostre projecte de Comunitats d&#8217;Aprenentatge les fam\u00edlies s\u00f3n una part molt important i \u00e9s en aquest sentit que es porta a terme des de fa anys l&#8217;escola de pares. En ella s&#8217;organitzen xerrades \u00a0de temes diversos relacionats amb l&#8217;educaci\u00f3,\u00a0 l&#8217;alimentaci\u00f3, la seguretat vi\u00e0ria&#8230;<br \/>\n&nbsp;<br \/>\n&nbsp;<br \/>\n&nbsp;<\/p>\n","protected":false},"author":6,"featured_media":0,"parent":280,"menu_order":3,"comment_status":"closed","ping_status":"closed","template":"page-templates\/side-menu.php","meta":{"_bbp_topic_count":0,"_bbp_reply_count":0,"_bbp_total_topic_count":0,"_bbp_total_reply_count":0,"_bbp_voice_count":0,"_bbp_anonymous_reply_count":0,"_bbp_topic_count_hidden":0,"_bbp_reply_count_hidden":0,"_bbp_forum_subforum_count":0,"footnotes":""},"class_list":["post-399","page","type-page","status-publish","hentry"],"post_mailing_queue_ids":[],"_links":{"self":[{"href":"https:\/\/agora.xtec.cat\/escjoanxxiiilleida\/wp-json\/wp\/v2\/pages\/399","targetHints":{"allow":["GET"]}}],"collection":[{"href":"https:\/\/agora.xtec.cat\/escjoanxxiiilleida\/wp-json\/wp\/v2\/pages"}],"about":[{"href":"https:\/\/agora.xtec.cat\/escjoanxxiiilleida\/wp-json\/wp\/v2\/types\/page"}],"author":[{"embeddable":true,"href":"https:\/\/agora.xtec.cat\/escjoanxxiiilleida\/wp-json\/wp\/v2\/users\/6"}],"replies":[{"embeddable":true,"href":"https:\/\/agora.xtec.cat\/escjoanxxiiilleida\/wp-json\/wp\/v2\/comments?post=399"}],"version-history":[{"count":4,"href":"https:\/\/agora.xtec.cat\/escjoanxxiiilleida\/wp-json\/wp\/v2\/pages\/399\/revisions"}],"predecessor-version":[{"id":11833,"href":"https:\/\/agora.xtec.cat\/escjoanxxiiilleida\/wp-json\/wp\/v2\/pages\/399\/revisions\/11833"}],"up":[{"embeddable":true,"href":"https:\/\/agora.xtec.cat\/escjoanxxiiilleida\/wp-json\/wp\/v2\/pages\/280"}],"wp:attachment":[{"href":"https:\/\/agora.xtec.cat\/escjoanxxiiilleida\/wp-json\/wp\/v2\/media?parent=399"}],"curies":[{"name":"wp","href":"https:\/\/api.w.org\/{rel}","templated":true}]}}

<p><img loading="lazy" decoding="async" class="aligncenter size-full wp-image-11832" src="https://agora.xtec.cat/escjoanxxiiilleida/wp-content/uploads/usu359/2022/10/baixa.jpg" alt="" width="325" height="155" srcset="https://agora.xtec.cat/escjoanxxiiilleida/wp-content/uploads/usu359/2022/10/baixa.jpg 325w, https://agora.xtec.cat/escjoanxxiiilleida/wp-content/uploads/usu359/2022/10/baixa-300x143.jpg 300w" sizes="auto, (max-width: 325px) 100vw, 325px" /></p>
<p>Dins del nostre projecte de Comunitats d&#8217;Aprenentatge les famílies són una part molt important i és en aquest sentit que es porta a terme des de fa anys l&#8217;escola de pares. En ella s&#8217;organitzen xerrades  de temes diversos relacionats amb l&#8217;educació,  l&#8217;alimentació, la seguretat viària&#8230;</p>
<p>&nbsp;</p>
<p>&nbsp;</p>
<p>&nbsp;</p>

<p>Dins del nostre projecte de Comunitats d&#8217;Aprenentatge les famílies són una part molt important i és en aquest sentit que es porta a terme des de fa anys l&#8217;escola de pares. En ella s&#8217;organitzen xerrades  de temes diversos relacionats amb l&#8217;educació,  l&#8217;alimentació, la seguretat viària&#8230;<br />
&nbsp;<br />
&nbsp;<br />
&nbsp;</p>
