{"id":280,"date":"2015-12-16T11:05:34","date_gmt":"2015-12-16T10:05:34","guid":{"rendered":"http:\/\/agora.xtec.cat\/escjoanxxiiilleida\/?page_id=280"},"modified":"2025-01-20T11:23:30","modified_gmt":"2025-01-20T10:23:30","slug":"comunitats-daprenentatge","status":"publish","type":"page","link":"https:\/\/agora.xtec.cat\/escjoanxxiiilleida\/comunitats-daprenentatge\/","title":{"rendered":"Comunitat d&#8217;Aprenentatge"},"content":{"rendered":"<p>La nostra escola, des l&#8217;any 2006, forma part del projecte Comunitats d&#8217;Aprenentatge. Aquest\u00a0projecte t\u00e9 com a eix principal la realitzaci\u00f3 d&#8217;Actuacions Educatives d&#8217;\u00c8xit que tenen per objectiu millorar el rendiment educatiu, la conviv\u00e8ncia del centre i del seu entorn mitjan\u00e7ant la participaci\u00f3 en el centre educatiu de tota la comunitat.<\/p>\n<p>Les Comunitats d&#8217;Aprenentatge impliquen a totes les persones que intervenen de forma directa o indirecta en l&#8217;aprenentatge dels alumes: mestres, fam\u00edlies, associacions del barri, persones volunt\u00e0ries&#8230;<\/p>\n<p>Aquest projecte est\u00e0 avalat cient\u00edficament ja que\u00a0s&#8217;ha demostrar que milloren el rendiment educatiu, la\u00a0conviv\u00e8ncia del\u00a0centre i del seu entorn.<\/p>\n<p>Per aconseguir aquests objectius es poden portar a terme diferents actuacions de les quals la nostra escola realitza els seg\u00fcents:<\/p>\n<ul>\n<li><strong>Els grups interactius<\/strong> que s\u00f3n una forma d&#8217;organitzaci\u00f3 de l&#8217;aula que es realitza agrupen els alumnes de forma heterogeni amb tres grups i on a cada grup hi ha un adult (mestres o voluntari). L&#8217;objectiu dels grups interactius \u00e9s augment les interaccions entre els components del grup per\u00a0tal de potenciar l&#8217;aprenentatge entre iguals. Les activitats que es realitzen s\u00f3n diferents a cada grup i tenen una durada curta d&#8217;uns15&#8242;- 20&#8242;\u00a0 i quan finalitza\u00a0canvien a l&#8217;activitat seg\u00fcent, realitzant aix\u00ed tres activitats diferents\u00a0durant una sessi\u00f3 de classe. A la nostra escola fem\u00a0un cop per setmana grups interactius en les mat\u00e8ries d&#8217;angl\u00e8s i catal\u00e0.<\/li>\n<li><strong>Participaci\u00f3 de les fam\u00edlies en la vida del centre<\/strong>: mitjan\u00e7ant la comissi\u00f3 mixta de fam\u00edlies i mestres que es troben un cop cada dilluns primer de mes en horari de 15:15- 16:15 h organitzen activitats al centre amb la finalitat d&#8217;aconseguir millores tant a nivell d&#8217;aprenentatge com a nivell de participaci\u00f3 en la vida del centre. Aix\u00ed com tamb\u00e9 es fa <strong>formaci\u00f3 de fam\u00edlies amb \u00e0mbits<\/strong> <strong>diversos<\/strong> com catal\u00e0, comprensi\u00f3 de la part te\u00f2rica del carnet de conduir&#8230;<\/li>\n<li><strong>Tert\u00falies dial\u00f2giques liter\u00e0ries (un cop per setmana) i\u00a0 musicals.\u00a0<\/strong>Es llegeixen cl\u00e0ssics de la literatura universal i posterior debat.<\/li>\n<li><strong><strong>\u00a0Resoluci\u00f3 dial\u00f2gica de conflictes. <\/strong><\/strong>Aquest model de prevenci\u00f3 i resoluci\u00f3 de conflictes es fonamenta en el di\u00e0leg com a eina que permet superar les desigualtats. Mitjan\u00e7ant el Club dels Valents els\/les alumnes s\u2019identifiquen amb la norma i pertanyen al club aquells\/es que volen complir-la i volen resoldre els conflictes de forma dial\u00f2gica.<\/li>\n<li><strong>Formaci\u00f3 del professorat. <\/strong>Un cop al mes tot el claustre realitza lectures dial\u00f2giques liter\u00e0ries d&#8217;articles o llibres relacionats amb les Comunitats d&#8217;Aprenentatge.<\/li>\n<li><strong>Extensi\u00f3 del temps d&#8217;aprenentatge de l&#8217;alumnat.\u00a0<\/strong><br \/>\n<strong>\u00a0<\/strong><\/li>\n<\/ul>\n<p>&nbsp;<\/p>\n<p>Per saber-ne m\u00e9s podeu consultar el seg\u00fcent enlla\u00e7.<\/p>\n<p><a href=\"http:\/\/xtec.gencat.cat\/ca\/projectes\/comunitats\/\">http:\/\/xtec.gencat.cat\/ca\/projectes\/comunitats\/<\/a><\/p>\n<p>&nbsp;<\/p>\n<p>Aqu\u00ed trobareu tots els articles relacionats amb les comunitats d&#8217;aprenetatge<\/p>\n<p><a href=\"https:\/\/agora.xtec.cat\/escjoanxxiiilleida\/?s=comunitats\">https:\/\/agora.xtec.cat\/escjoanxxiiilleida\/?s=comunitats<\/a><\/p>\n<p>&nbsp;<\/p>\n","protected":false},"excerpt":{"rendered":"<p>La nostra escola, des l&#8217;any 2006, forma part del projecte Comunitats d&#8217;Aprenentatge. Aquest\u00a0projecte t\u00e9 com a eix principal la realitzaci\u00f3 d&#8217;Actuacions Educatives d&#8217;\u00c8xit que tenen per objectiu millorar el rendiment educatiu, la conviv\u00e8ncia del centre i del seu entorn mitjan\u00e7ant la participaci\u00f3 en el centre&hellip;  <a href=\"https:\/\/agora.xtec.cat\/escjoanxxiiilleida\/comunitats-daprenentatge\/\" title=\"Read Comunitat d&#8217;Aprenentatge\">Llegeix m\u00e9s\u00bb<\/a><\/p>\n","protected":false},"author":1,"featured_media":0,"parent":0,"menu_order":0,"comment_status":"closed","ping_status":"closed","template":"page-templates\/side-menu.php","meta":{"_bbp_topic_count":0,"_bbp_reply_count":0,"_bbp_total_topic_count":0,"_bbp_total_reply_count":0,"_bbp_voice_count":0,"_bbp_anonymous_reply_count":0,"_bbp_topic_count_hidden":0,"_bbp_reply_count_hidden":0,"_bbp_forum_subforum_count":0,"footnotes":""},"class_list":["post-280","page","type-page","status-publish","hentry"],"post_mailing_queue_ids":[],"_links":{"self":[{"href":"https:\/\/agora.xtec.cat\/escjoanxxiiilleida\/wp-json\/wp\/v2\/pages\/280","targetHints":{"allow":["GET"]}}],"collection":[{"href":"https:\/\/agora.xtec.cat\/escjoanxxiiilleida\/wp-json\/wp\/v2\/pages"}],"about":[{"href":"https:\/\/agora.xtec.cat\/escjoanxxiiilleida\/wp-json\/wp\/v2\/types\/page"}],"author":[{"embeddable":true,"href":"https:\/\/agora.xtec.cat\/escjoanxxiiilleida\/wp-json\/wp\/v2\/users\/1"}],"replies":[{"embeddable":true,"href":"https:\/\/agora.xtec.cat\/escjoanxxiiilleida\/wp-json\/wp\/v2\/comments?post=280"}],"version-history":[{"count":6,"href":"https:\/\/agora.xtec.cat\/escjoanxxiiilleida\/wp-json\/wp\/v2\/pages\/280\/revisions"}],"predecessor-version":[{"id":13491,"href":"https:\/\/agora.xtec.cat\/escjoanxxiiilleida\/wp-json\/wp\/v2\/pages\/280\/revisions\/13491"}],"wp:attachment":[{"href":"https:\/\/agora.xtec.cat\/escjoanxxiiilleida\/wp-json\/wp\/v2\/media?parent=280"}],"curies":[{"name":"wp","href":"https:\/\/api.w.org\/{rel}","templated":true}]}}

<p>La nostra escola, des l&#8217;any 2006, forma part del projecte Comunitats d&#8217;Aprenentatge. Aquest projecte té com a eix principal la realització d&#8217;Actuacions Educatives d&#8217;Èxit que tenen per objectiu millorar el rendiment educatiu, la convivència del centre i del seu entorn mitjançant la participació en el centre educatiu de tota la comunitat.</p>
<p>Les Comunitats d&#8217;Aprenentatge impliquen a totes les persones que intervenen de forma directa o indirecta en l&#8217;aprenentatge dels alumes: mestres, famílies, associacions del barri, persones voluntàries&#8230;</p>
<p>Aquest projecte està avalat científicament ja que s&#8217;ha demostrar que milloren el rendiment educatiu, la convivència del centre i del seu entorn.</p>
<p>Per aconseguir aquests objectius es poden portar a terme diferents actuacions de les quals la nostra escola realitza els següents:</p>
<ul>
<li><strong>Els grups interactius</strong> que són una forma d&#8217;organització de l&#8217;aula que es realitza agrupen els alumnes de forma heterogeni amb tres grups i on a cada grup hi ha un adult (mestres o voluntari). L&#8217;objectiu dels grups interactius és augment les interaccions entre els components del grup per tal de potenciar l&#8217;aprenentatge entre iguals. Les activitats que es realitzen són diferents a cada grup i tenen una durada curta d&#8217;uns15&#8242;- 20&#8242;  i quan finalitza canvien a l&#8217;activitat següent, realitzant així tres activitats diferents durant una sessió de classe. A la nostra escola fem un cop per setmana grups interactius en les matèries d&#8217;anglès i català.</li>
<li><strong>Participació de les famílies en la vida del centre</strong>: mitjançant la comissió mixta de famílies i mestres que es troben un cop cada dilluns primer de mes en horari de 15:15- 16:15 h organitzen activitats al centre amb la finalitat d&#8217;aconseguir millores tant a nivell d&#8217;aprenentatge com a nivell de participació en la vida del centre. Així com també es fa <strong>formació de famílies amb àmbits</strong> <strong>diversos</strong> com català, comprensió de la part teòrica del carnet de conduir&#8230;</li>
<li><strong>Tertúlies dialògiques literàries (un cop per setmana) i  musicals. </strong>Es llegeixen clàssics de la literatura universal i posterior debat.</li>
<li><strong><strong> Resolució dialògica de conflictes. </strong></strong>Aquest model de prevenció i resolució de conflictes es fonamenta en el diàleg com a eina que permet superar les desigualtats. Mitjançant el Club dels Valents els/les alumnes s’identifiquen amb la norma i pertanyen al club aquells/es que volen complir-la i volen resoldre els conflictes de forma dialògica.</li>
<li><strong>Formació del professorat. </strong>Un cop al mes tot el claustre realitza lectures dialògiques literàries d&#8217;articles o llibres relacionats amb les Comunitats d&#8217;Aprenentatge.</li>
<li><strong>Extensió del temps d&#8217;aprenentatge de l&#8217;alumnat. </strong><br />
<strong> </strong></li>
</ul>
<p>&nbsp;</p>
<p>Per saber-ne més podeu consultar el següent enllaç.</p>
<p><a href="http://xtec.gencat.cat/ca/projectes/comunitats/">http://xtec.gencat.cat/ca/projectes/comunitats/</a></p>
<p>&nbsp;</p>
<p>Aquí trobareu tots els articles relacionats amb les comunitats d&#8217;aprenetatge</p>
<p><a href="https://agora.xtec.cat/escjoanxxiiilleida/?s=comunitats">https://agora.xtec.cat/escjoanxxiiilleida/?s=comunitats</a></p>
<p>&nbsp;</p>

<p>La nostra escola, des l&#8217;any 2006, forma part del projecte Comunitats d&#8217;Aprenentatge. Aquest projecte té com a eix principal la realització d&#8217;Actuacions Educatives d&#8217;Èxit que tenen per objectiu millorar el rendiment educatiu, la convivència del centre i del seu entorn mitjançant la participació en el centre&hellip;  <a href="https://agora.xtec.cat/escjoanxxiiilleida/comunitats-daprenentatge/" title="Read Comunitat d&#8217;Aprenentatge">Llegeix més»</a></p>
