{"id":4016,"date":"2018-02-05T12:14:09","date_gmt":"2018-02-05T11:14:09","guid":{"rendered":"http:\/\/agora.xtec.cat\/escjoanmirobdn\/?page_id=4016"},"modified":"2026-01-28T11:02:37","modified_gmt":"2026-01-28T10:02:37","slug":"miro-botica","status":"publish","type":"page","link":"https:\/\/agora.xtec.cat\/escjoanmirobdn\/projecte-educatiu\/miro-botica\/","title":{"rendered":"MIR\u00d3-B\u00d2TICA"},"content":{"rendered":"<p>Aquest curs, els alumnes de 4t, 5\u00e8 i 6\u00e8 han comen\u00e7at l&#8217;activitat de rob\u00f2tica MIR\u00d3-B\u00d2TICA on, gr\u00e0cies al <i>Programa de Cooperaci\u00f3n de Necesidades Espec\u00edficas de Apoyo Educativo\u00a0<\/i><i>del Ministerio\u00a0de\u00a0 Educaci\u00f3n, Cultura\u00a0y Deporte<\/i>, els nens li donen moviment a robots creats per ells mateixos. Ho fan a trav\u00e9s del material LegoSpike.<\/p>\n<p><a href=\"https:\/\/agora.xtec.cat\/escjoanmirobdn\/wp-content\/uploads\/usu1527\/2026\/01\/1.png\"><img loading=\"lazy\" decoding=\"async\" class=\"size-full wp-image-15653 aligncenter\" src=\"https:\/\/agora.xtec.cat\/escjoanmirobdn\/wp-content\/uploads\/usu1527\/2026\/01\/1.png\" alt=\"\" width=\"255\" height=\"352\" srcset=\"https:\/\/agora.xtec.cat\/escjoanmirobdn\/wp-content\/uploads\/usu1527\/2026\/01\/1.png 255w, https:\/\/agora.xtec.cat\/escjoanmirobdn\/wp-content\/uploads\/usu1527\/2026\/01\/1-217x300.png 217w\" sizes=\"auto, (max-width: 255px) 100vw, 255px\" \/><\/a><\/p>\n","protected":false},"excerpt":{"rendered":"<p>Aquest curs, els alumnes de 4t, 5\u00e8 i 6\u00e8 han comen\u00e7at l&#8217;activitat de rob\u00f2tica MIR\u00d3-B\u00d2TICA on, gr\u00e0cies al Programa de Cooperaci\u00f3n de Necesidades Espec\u00edficas de Apoyo Educativo\u00a0del Ministerio\u00a0de\u00a0 Educaci\u00f3n, Cultura\u00a0y Deporte, els nens li donen moviment a robots creats per ells mateixos. Ho fan a&hellip;  <a href=\"https:\/\/agora.xtec.cat\/escjoanmirobdn\/projecte-educatiu\/miro-botica\/\" title=\"Read MIR\u00d3-B\u00d2TICA\">Llegeix m\u00e9s\u00bb<\/a><\/p>\n","protected":false},"author":1,"featured_media":0,"parent":64,"menu_order":30,"comment_status":"closed","ping_status":"closed","template":"page-templates\/side-menu.php","meta":{"_bbp_topic_count":0,"_bbp_reply_count":0,"_bbp_total_topic_count":0,"_bbp_total_reply_count":0,"_bbp_voice_count":0,"_bbp_anonymous_reply_count":0,"_bbp_topic_count_hidden":0,"_bbp_reply_count_hidden":0,"_bbp_forum_subforum_count":0,"footnotes":""},"class_list":["post-4016","page","type-page","status-publish","hentry"],"post_mailing_queue_ids":[],"_links":{"self":[{"href":"https:\/\/agora.xtec.cat\/escjoanmirobdn\/wp-json\/wp\/v2\/pages\/4016","targetHints":{"allow":["GET"]}}],"collection":[{"href":"https:\/\/agora.xtec.cat\/escjoanmirobdn\/wp-json\/wp\/v2\/pages"}],"about":[{"href":"https:\/\/agora.xtec.cat\/escjoanmirobdn\/wp-json\/wp\/v2\/types\/page"}],"author":[{"embeddable":true,"href":"https:\/\/agora.xtec.cat\/escjoanmirobdn\/wp-json\/wp\/v2\/users\/1"}],"replies":[{"embeddable":true,"href":"https:\/\/agora.xtec.cat\/escjoanmirobdn\/wp-json\/wp\/v2\/comments?post=4016"}],"version-history":[{"count":4,"href":"https:\/\/agora.xtec.cat\/escjoanmirobdn\/wp-json\/wp\/v2\/pages\/4016\/revisions"}],"predecessor-version":[{"id":15654,"href":"https:\/\/agora.xtec.cat\/escjoanmirobdn\/wp-json\/wp\/v2\/pages\/4016\/revisions\/15654"}],"up":[{"embeddable":true,"href":"https:\/\/agora.xtec.cat\/escjoanmirobdn\/wp-json\/wp\/v2\/pages\/64"}],"wp:attachment":[{"href":"https:\/\/agora.xtec.cat\/escjoanmirobdn\/wp-json\/wp\/v2\/media?parent=4016"}],"curies":[{"name":"wp","href":"https:\/\/api.w.org\/{rel}","templated":true}]}}