{"id":26,"date":"2014-09-18T12:24:32","date_gmt":"2014-09-18T11:24:32","guid":{"rendered":"http:\/\/agora.xtec.cat\/escjoanmirobdn\/?page_id=26"},"modified":"2018-06-04T11:59:13","modified_gmt":"2018-06-04T09:59:13","slug":"historia","status":"publish","type":"page","link":"https:\/\/agora.xtec.cat\/escjoanmirobdn\/lescola\/historia\/","title":{"rendered":"Hist\u00f2ria"},"content":{"rendered":"<p>L&#8217;escola Joan Mir\u00f3 de Badalona est\u00e0 situada al barri de Sistrells.<\/p>\n<p>La configuraci\u00f3 actual del barri \u00e9s molt recent. Les primeres construccions es concentraren en el carrer de l&#8217;Olivera de Sistrells. Al voltant d&#8217;aquestes primeres construccions s&#8217;edificaren, a partir dels anys 60, habitatges unifamiliars, majorit\u00e0riament d&#8217;autoconstrucci\u00f3. Amb la creaci\u00f3 de les Associacions de Ve\u00efns es comen\u00e7a a lluitar per la urbanitzaci\u00f3 d&#8217;aquests barris: progressivament s&#8217;aconsegueix clavegueram, enllumenat, pavimentaci\u00f3, voreres, serveis d&#8217;aigua i electricitat, escombraries, transport p\u00fablic, etc. Ja a partir dels anys 70, d&#8217;altres equipaments: escoles, assist\u00e8ncia sanit\u00e0ria, zones verdes, etc.<\/p>\n<p>Els darrers anys s&#8217;han reformat i constru\u00eft nous edificis i carrers especialment a l&#8217;Avinguda Lloreda i a l&#8217;Avinguda Caritg. Entre aquests cal destacar el Complex Esportiu Municipal Sistrells i el Parc del Tur\u00f3 d&#8217;en Caritg. L&#8217;arribada del metro (estacions de Fondo i de la Salut) ha estat un element molt important en la millora de la qualitat de vida d&#8217;aquesta zona.<\/p>\n<p>La poblaci\u00f3 del barri ha anat canviant amb el pas del temps, ha passat de ser una poblaci\u00f3 d&#8217;immigrants d&#8217;altres zones de l&#8217;Estat espanyol a una poblaci\u00f3 multicultural.<\/p>\n<p>L&#8217;actual edifici de l&#8217;escola va ser estrenat al setembre de 2003. L&#8217;edifici originari data d&#8217;octubre de 1978 i era una extensi\u00f3 del Col\u00b7legi Francisco Franco (actual Escola Alexandre Gal\u00ed). En un primer moment s&#8217;anomen\u00e0 &#8220;Aulari Sistrells&#8221; fins que va adquirir la denominaci\u00f3 actual.<\/p>\n","protected":false},"excerpt":{"rendered":"<p>L&#8217;escola Joan Mir\u00f3 de Badalona est\u00e0 situada al barri de Sistrells.<br \/>\nLa configuraci\u00f3 actual del barri \u00e9s molt recent. Les primeres construccions es concentraren en el carrer de l&#8217;Olivera de Sistrells. Al voltant d&#8217;aquestes primeres construccions s&#8217;edificaren, a partir dels anys 60, habitatges unifamiliars, majorit\u00e0riament d&#8217;autoconstrucci\u00f3.&hellip;  <a href=\"https:\/\/agora.xtec.cat\/escjoanmirobdn\/lescola\/historia\/\" title=\"Read Hist\u00f2ria\">Llegeix m\u00e9s\u00bb<\/a><\/p>\n","protected":false},"author":1,"featured_media":0,"parent":22,"menu_order":20,"comment_status":"closed","ping_status":"closed","template":"page-templates\/side-menu.php","meta":{"_bbp_topic_count":0,"_bbp_reply_count":0,"_bbp_total_topic_count":0,"_bbp_total_reply_count":0,"_bbp_voice_count":0,"_bbp_anonymous_reply_count":0,"_bbp_topic_count_hidden":0,"_bbp_reply_count_hidden":0,"_bbp_forum_subforum_count":0,"footnotes":""},"class_list":["post-26","page","type-page","status-publish","hentry"],"post_mailing_queue_ids":[],"_links":{"self":[{"href":"https:\/\/agora.xtec.cat\/escjoanmirobdn\/wp-json\/wp\/v2\/pages\/26","targetHints":{"allow":["GET"]}}],"collection":[{"href":"https:\/\/agora.xtec.cat\/escjoanmirobdn\/wp-json\/wp\/v2\/pages"}],"about":[{"href":"https:\/\/agora.xtec.cat\/escjoanmirobdn\/wp-json\/wp\/v2\/types\/page"}],"author":[{"embeddable":true,"href":"https:\/\/agora.xtec.cat\/escjoanmirobdn\/wp-json\/wp\/v2\/users\/1"}],"replies":[{"embeddable":true,"href":"https:\/\/agora.xtec.cat\/escjoanmirobdn\/wp-json\/wp\/v2\/comments?post=26"}],"version-history":[{"count":3,"href":"https:\/\/agora.xtec.cat\/escjoanmirobdn\/wp-json\/wp\/v2\/pages\/26\/revisions"}],"predecessor-version":[{"id":596,"href":"https:\/\/agora.xtec.cat\/escjoanmirobdn\/wp-json\/wp\/v2\/pages\/26\/revisions\/596"}],"up":[{"embeddable":true,"href":"https:\/\/agora.xtec.cat\/escjoanmirobdn\/wp-json\/wp\/v2\/pages\/22"}],"wp:attachment":[{"href":"https:\/\/agora.xtec.cat\/escjoanmirobdn\/wp-json\/wp\/v2\/media?parent=26"}],"curies":[{"name":"wp","href":"https:\/\/api.w.org\/{rel}","templated":true}]}}