{"id":11991,"date":"2022-02-03T11:51:33","date_gmt":"2022-02-03T10:51:33","guid":{"rendered":"https:\/\/agora.xtec.cat\/escjoanmirobdn\/?page_id=11991"},"modified":"2023-11-03T09:48:06","modified_gmt":"2023-11-03T08:48:06","slug":"consell-escolar","status":"publish","type":"page","link":"https:\/\/agora.xtec.cat\/escjoanmirobdn\/lescola\/consell-escolar\/","title":{"rendered":"Consell Escolar"},"content":{"rendered":"<h5 class=\"gmail_default\">El consell escolar \u00e9s l&#8217;\u00f2rgan de participaci\u00f3 de la comunitat escolar en el govern del centre.<\/h5>\n<h5 class=\"gmail_default\">Les funcions del consell escolar estan regulades per la llei 12\/2009, de 10 de juliol, d&#8217;educaci\u00f3, i per la Llei org\u00e0nica 2\/2006, de 3 de maig, d&#8217;educaci\u00f3.<\/h5>\n<h5 class=\"gmail_default\"><\/h5>\n<h5 class=\"gmail_default\">Els membres de la comunitat escolar estan representats en el consell escolar, la composici\u00f3 i el funcionament del qual s&#8217;estableixen en les normes d&#8217;organitzaci\u00f3 i funcionament del centre,<\/h5>\n<h5 class=\"gmail_default\">d&#8217;acord amb el projecte educatiu i la normativa vigent (articles 27 i 28 del Decret 102\/2010, de 3 d&#8217;agost, d&#8217;autonomia dels centres educatius, i, espec\u00edficament per als centres p\u00fablics, els articles 45 i 46).<\/h5>\n<h5 class=\"gmail_default\"><\/h5>\n<h5 class=\"gmail_default\"><b>Composici\u00f3 (13\/12\/2021)<\/b><\/h5>\n<h5 class=\"gmail_default\">President: Santi Barbar\u00e0<\/h5>\n<h5 class=\"gmail_default\">Cap d&#8217;Estudis: Imma Reoyo<\/h5>\n<h5 class=\"gmail_default\">Representants professorat: Laura Teniente, Amalia D\u00edaz, Marta Boh\u00e9 i El\u00edas L\u00f3pez<\/h5>\n<h5 class=\"gmail_default\">Representants mares, pares o tutors: Carolina Marruecos, Fadoua Derraze i Cristina Ortega<\/h5>\n<h5 class=\"gmail_default\">Personal d&#8217;administraci\u00f3 i serveis: Antonio Conrado<\/h5>\n<h5 class=\"gmail_default\">Representant AFA: &#8211;<\/h5>\n<h5 class=\"gmail_default\">Representant Ajuntament: &#8211;<\/h5>\n<h5 class=\"gmail_default\">Secret\u00e0ria: Ant\u00f2nia Cayuelas<\/h5>\n<h5 class=\"gmail_default\"><\/h5>\n<h5 class=\"gmail_default\"><b>Comissions:\u00a0<\/b>econ\u00f2mica, menjador escolar, conviv\u00e8ncia i permanent<\/h5>\n<h5 class=\"gmail_default\"><b>Referent en coeducaci\u00f3 i igualtat de g\u00e8nere<\/b>: El\u00edas L\u00f3pez<\/h5>\n<p>&nbsp;<\/p>\n<p><img loading=\"lazy\" decoding=\"async\" class=\"aligncenter size-full wp-image-13736\" src=\"https:\/\/agora.xtec.cat\/escjoanmirobdn\/wp-content\/uploads\/usu1527\/2023\/11\/eleccions-consell-escolar-2023.png\" alt=\"\" width=\"1275\" height=\"879\" srcset=\"https:\/\/agora.xtec.cat\/escjoanmirobdn\/wp-content\/uploads\/usu1527\/2023\/11\/eleccions-consell-escolar-2023.png 1275w, https:\/\/agora.xtec.cat\/escjoanmirobdn\/wp-content\/uploads\/usu1527\/2023\/11\/eleccions-consell-escolar-2023-300x207.png 300w, https:\/\/agora.xtec.cat\/escjoanmirobdn\/wp-content\/uploads\/usu1527\/2023\/11\/eleccions-consell-escolar-2023-1024x706.png 1024w, https:\/\/agora.xtec.cat\/escjoanmirobdn\/wp-content\/uploads\/usu1527\/2023\/11\/eleccions-consell-escolar-2023-768x529.png 768w\" sizes=\"auto, (max-width: 1275px) 100vw, 1275px\" \/><\/p>\n<h3><a href=\"https:\/\/agora.xtec.cat\/escjoanmirobdn\/wp-content\/uploads\/usu1527\/2023\/11\/Convocatoria-2023.pdf\">Convocat\u00f2ria 2023<\/a><\/h3>\n","protected":false},"excerpt":{"rendered":"<p>El consell escolar \u00e9s l&#8217;\u00f2rgan de participaci\u00f3 de la comunitat escolar en el govern del centre.<br \/>\nLes funcions del consell escolar estan regulades per la llei 12\/2009, de 10 de juliol, d&#8217;educaci\u00f3, i per la Llei org\u00e0nica 2\/2006, de 3 de maig, d&#8217;educaci\u00f3.<\/p>\n<p>Els membres de la&hellip;  <a href=\"https:\/\/agora.xtec.cat\/escjoanmirobdn\/lescola\/consell-escolar\/\" title=\"Read Consell Escolar\">Llegeix m\u00e9s\u00bb<\/a><\/p>\n","protected":false},"author":1,"featured_media":0,"parent":22,"menu_order":2,"comment_status":"closed","ping_status":"closed","template":"page-templates\/side-menu.php","meta":{"_bbp_topic_count":0,"_bbp_reply_count":0,"_bbp_total_topic_count":0,"_bbp_total_reply_count":0,"_bbp_voice_count":0,"_bbp_anonymous_reply_count":0,"_bbp_topic_count_hidden":0,"_bbp_reply_count_hidden":0,"_bbp_forum_subforum_count":0,"footnotes":""},"class_list":["post-11991","page","type-page","status-publish","hentry"],"post_mailing_queue_ids":[],"_links":{"self":[{"href":"https:\/\/agora.xtec.cat\/escjoanmirobdn\/wp-json\/wp\/v2\/pages\/11991","targetHints":{"allow":["GET"]}}],"collection":[{"href":"https:\/\/agora.xtec.cat\/escjoanmirobdn\/wp-json\/wp\/v2\/pages"}],"about":[{"href":"https:\/\/agora.xtec.cat\/escjoanmirobdn\/wp-json\/wp\/v2\/types\/page"}],"author":[{"embeddable":true,"href":"https:\/\/agora.xtec.cat\/escjoanmirobdn\/wp-json\/wp\/v2\/users\/1"}],"replies":[{"embeddable":true,"href":"https:\/\/agora.xtec.cat\/escjoanmirobdn\/wp-json\/wp\/v2\/comments?post=11991"}],"version-history":[{"count":5,"href":"https:\/\/agora.xtec.cat\/escjoanmirobdn\/wp-json\/wp\/v2\/pages\/11991\/revisions"}],"predecessor-version":[{"id":13740,"href":"https:\/\/agora.xtec.cat\/escjoanmirobdn\/wp-json\/wp\/v2\/pages\/11991\/revisions\/13740"}],"up":[{"embeddable":true,"href":"https:\/\/agora.xtec.cat\/escjoanmirobdn\/wp-json\/wp\/v2\/pages\/22"}],"wp:attachment":[{"href":"https:\/\/agora.xtec.cat\/escjoanmirobdn\/wp-json\/wp\/v2\/media?parent=11991"}],"curies":[{"name":"wp","href":"https:\/\/api.w.org\/{rel}","templated":true}]}}