{"id":8801,"date":"2018-12-12T09:56:46","date_gmt":"2018-12-12T08:56:46","guid":{"rendered":"http:\/\/agora.xtec.cat\/escjoanmaragall\/?page_id=8801"},"modified":"2020-04-16T15:43:33","modified_gmt":"2020-04-16T13:43:33","slug":"matematiques-visuals","status":"publish","type":"page","link":"https:\/\/agora.xtec.cat\/escjoanmaragall\/matematiques-visuals\/","title":{"rendered":"EL RAC\u00d3 DE LES MATES VISUALS"},"content":{"rendered":"<p><strong><span style=\"color: #800080;\">Benvingudes<\/span> i <span style=\"color: #800080;\">benvinguts<\/span> al rac\u00f3 de les mates visuals!<\/strong><\/p>\n<p><strong>Les nenes i els nens de cinqu\u00e8 ja saben de qu\u00e8 va aquest espai perqu\u00e8 porten tot el curs treballant les matem\u00e0tiques en un entorn visual digital. Per a la resta, ara \u00e9s el millor moment d&#8217;experimentar amb un bon grapat d&#8217;activitats d&#8217;aprenentatge i jocs matem\u00e0tics. N&#8217;hi ha per a totes les edats!<\/strong><\/p>\n<p><strong>Si us voleu posar en contacte amb mi, feu-me arribar el vostre correu electr\u00f2nic a <span style=\"color: #800080;\"><em>jgomez86@xtec.cat<\/em><\/span><\/strong><\/p>\n<p>&nbsp;<\/p>\n<p><span style=\"color: #0000ff;\"><strong>ST MATH<\/strong><\/span><\/p>\n<p><span style=\"color: #3366ff;\">La primera p\u00e0gina que us proposo \u00e9s&#8230;<\/span><\/p>\n<p><a href=\"https:\/\/www.stmath.com\/play\" target=\"_blank\" rel=\"noopener noreferrer\"><img loading=\"lazy\" decoding=\"async\" class=\"alignnone wp-image-9791\" src=\"https:\/\/agora.xtec.cat\/escjoanmaragall\/wp-content\/uploads\/usu115\/2019\/10\/jiji-853x1024.jpg\" alt=\"\" width=\"131\" height=\"157\" srcset=\"https:\/\/agora.xtec.cat\/escjoanmaragall\/wp-content\/uploads\/usu115\/2019\/10\/jiji-853x1024.jpg 853w, https:\/\/agora.xtec.cat\/escjoanmaragall\/wp-content\/uploads\/usu115\/2019\/10\/jiji-313x376.jpg 313w, https:\/\/agora.xtec.cat\/escjoanmaragall\/wp-content\/uploads\/usu115\/2019\/10\/jiji-768x922.jpg 768w, https:\/\/agora.xtec.cat\/escjoanmaragall\/wp-content\/uploads\/usu115\/2019\/10\/jiji.jpg 1280w\" sizes=\"auto, (max-width: 131px) 100vw, 131px\" \/><\/a><\/p>\n<p><span style=\"color: #3366ff;\">STMATH \u00e9s una p\u00e0gina fant\u00e0stica per a iniciar-se en aix\u00f2 de les matem\u00e0tiques visuals. Hi podreu treballar continguts com ara la suma, la resta, la multiplicaci\u00f3, la divisi\u00f3 i les fraccions. All\u00f2 que m&#8217;agrada m\u00e9s d&#8217;aquesta p\u00e0gina \u00e9s l&#8217;abs\u00e8ncia de text escrit, la qual cosa ens fa decidir el qu\u00e8 hem de fer \u00a0i el com fer-ho \u00fanicament mitjan\u00e7ant la nostra capacitat visual de deducci\u00f3.<\/span><\/p>\n<p>&nbsp;<\/p>\n<p><span style=\"color: #008000;\"><strong>MATH PLAYGROUND<\/strong><\/span><\/p>\n<p><a href=\"https:\/\/www.mathplayground.com\/\" target=\"_blank\" rel=\"noopener noreferrer\"><img loading=\"lazy\" decoding=\"async\" class=\"alignnone wp-image-8802 \" src=\"https:\/\/agora.xtec.cat\/escjoanmaragall\/wp-content\/uploads\/usu115\/2018\/12\/mathsplayground_logo.jpg\" alt=\"\" width=\"156\" height=\"100\" \/><\/a><\/p>\n<p><span style=\"color: #008000;\">MATH PLAYGROUND \u00e9s un espai perfecte per a trobar activitats i jocs que combinen els continguts acad\u00e8mics amb el factor l\u00fadic, sempre oferint un gran ventall d&#8217;opcions per a tots els gustos. A m\u00e9s, en podeu trobar per a tots els nivells d&#8217;aprenentatge. La durada dels jocs no \u00e9s llarga, i molts permeten le partides en l\u00ednia: podr\u00e0s desafiar les teves companyes i companys de classe!<\/span><\/p>\n<p>&nbsp;<\/p>\n<p><strong><span style=\"color: #800080;\">A MATHS DICTIONARY FOR KIDS<\/span><\/strong><\/p>\n<p><span style=\"color: #800080;\"><a href=\"http:\/\/www.amathsdictionaryforkids.com\/\" target=\"_blank\" rel=\"noopener noreferrer\"><img loading=\"lazy\" decoding=\"async\" class=\"alignnone wp-image-8822\" src=\"https:\/\/agora.xtec.cat\/escjoanmaragall\/wp-content\/uploads\/usu115\/2018\/12\/amathsdictinoaryforkids_logo.jpg\" alt=\"\" width=\"171\" height=\"20\" srcset=\"https:\/\/agora.xtec.cat\/escjoanmaragall\/wp-content\/uploads\/usu115\/2018\/12\/amathsdictinoaryforkids_logo.jpg 723w, https:\/\/agora.xtec.cat\/escjoanmaragall\/wp-content\/uploads\/usu115\/2018\/12\/amathsdictinoaryforkids_logo-564x66.jpg 564w\" sizes=\"auto, (max-width: 171px) 100vw, 171px\" \/><\/a><\/span><\/p>\n<p><span style=\"color: #993366;\">A MATHS DICTIONARY FOR KIDS \u00e9s un espai fant\u00e0stic per a entendre els conceptes matem\u00e0tics d&#8217;una forma visual, i aprendre angl\u00e8s al mateix temps. No us preocupeu si trobeu el nivell d&#8217;angl\u00e8s massa elevat, la part visual us ajudar\u00e0 molt. \u00c9s un espai web ple de contingut; aix\u00ed que dediqueu-li una bona estoneta, i us ho passareu genial!<\/span><\/p>\n<p>&nbsp;<\/p>\n<p><span style=\"color: #3366ff;\"><strong>MATEM\u00c1TICAS ON LINE<\/strong><\/span><\/p>\n<p><a href=\"https:\/\/www.matematicasonline.es\/\" target=\"_blank\" rel=\"noopener noreferrer\"><img loading=\"lazy\" decoding=\"async\" class=\"alignnone wp-image-9261\" src=\"https:\/\/agora.xtec.cat\/escjoanmaragall\/wp-content\/uploads\/usu115\/2019\/03\/matematicas_online_logo.png\" alt=\"\" width=\"127\" height=\"39\" srcset=\"https:\/\/agora.xtec.cat\/escjoanmaragall\/wp-content\/uploads\/usu115\/2019\/03\/matematicas_online_logo.png 870w, https:\/\/agora.xtec.cat\/escjoanmaragall\/wp-content\/uploads\/usu115\/2019\/03\/matematicas_online_logo-564x172.png 564w, https:\/\/agora.xtec.cat\/escjoanmaragall\/wp-content\/uploads\/usu115\/2019\/03\/matematicas_online_logo-768x235.png 768w\" sizes=\"auto, (max-width: 127px) 100vw, 127px\" \/><\/a><\/p>\n<p><span style=\"color: #00ccff;\">MATEM\u00c1TICAS ON LINE ens d\u00f3na la possibilitat de treballar les matem\u00e0tiques des d&#8217;infantil fins a batxillerat; aix\u00ed que si teniu germanes o germans m\u00e9s grans, tamb\u00e9 s&#8217;ho poden passar pipa! L&#8217;avantatge d&#8217;aquest web \u00e9s que treballa els continguts d&#8217;educaci\u00f3 infantil i prim\u00e0ria per compet\u00e8ncies, segons el curr\u00edculum actual.<\/span><\/p>\n<p>&nbsp;<\/p>\n<p><strong>Per als m\u00e9s famolencs i les m\u00e9s famolenques, us avan\u00e7o alguns dels enlla\u00e7os a p\u00e0gines que treballarem properament&#8230;<\/strong><\/p>\n<p><a href=\"https:\/\/www.youcubed.org\/resource\/visual-mathematics\/\" target=\"_blank\" rel=\"noopener noreferrer\"><img loading=\"lazy\" decoding=\"async\" class=\"alignnone wp-image-8804\" src=\"https:\/\/agora.xtec.cat\/escjoanmaragall\/wp-content\/uploads\/usu115\/2018\/12\/youcubed_logo.png\" alt=\"\" width=\"218\" height=\"56\" \/><\/a><a href=\"http:\/\/www.visualmathlearning.com\/index.html\" target=\"_blank\" rel=\"noopener noreferrer\"><img loading=\"lazy\" decoding=\"async\" class=\"alignnone wp-image-8807\" src=\"https:\/\/agora.xtec.cat\/escjoanmaragall\/wp-content\/uploads\/usu115\/2018\/12\/visualmathlearning_logo.jpg\" alt=\"\" width=\"138\" height=\"17\" \/>\u00a0<\/a><a href=\"http:\/\/www.matematicasvisuales.com\/index.html\" target=\"_blank\" rel=\"noopener noreferrer\"><img loading=\"lazy\" decoding=\"async\" class=\"alignnone wp-image-8812\" src=\"https:\/\/agora.xtec.cat\/escjoanmaragall\/wp-content\/uploads\/usu115\/2018\/12\/matematicasvisuales_logo.jpg\" alt=\"\" width=\"146\" height=\"14\" srcset=\"https:\/\/agora.xtec.cat\/escjoanmaragall\/wp-content\/uploads\/usu115\/2018\/12\/matematicasvisuales_logo.jpg 600w, https:\/\/agora.xtec.cat\/escjoanmaragall\/wp-content\/uploads\/usu115\/2018\/12\/matematicasvisuales_logo-564x55.jpg 564w\" sizes=\"auto, (max-width: 146px) 100vw, 146px\" \/><\/a><\/p>\n<p><a href=\"http:\/\/www.aulaplaneta.com\/2015\/09\/08\/recursos-tic\/25-herramientas-para-ensenar-matematicas-con-las-tic\/\" target=\"_blank\" rel=\"noopener noreferrer\"><img loading=\"lazy\" decoding=\"async\" class=\"alignnone wp-image-8820\" src=\"https:\/\/agora.xtec.cat\/escjoanmaragall\/wp-content\/uploads\/usu115\/2018\/12\/aulaplaneta_logo.png\" alt=\"\" width=\"146\" height=\"34\" \/>\u00a0<\/a><a href=\"https:\/\/www.geometriadinamica.es\/\" target=\"_blank\" rel=\"noopener noreferrer\"><img loading=\"lazy\" decoding=\"async\" class=\"alignnone wp-image-9259\" src=\"https:\/\/agora.xtec.cat\/escjoanmaragall\/wp-content\/uploads\/usu115\/2019\/03\/Conceptualizaci\u00f3n.jpg\" alt=\"\" width=\"140\" height=\"50\" srcset=\"https:\/\/agora.xtec.cat\/escjoanmaragall\/wp-content\/uploads\/usu115\/2019\/03\/Conceptualizaci\u00f3n.jpg 819w, https:\/\/agora.xtec.cat\/escjoanmaragall\/wp-content\/uploads\/usu115\/2019\/03\/Conceptualizaci\u00f3n-564x202.jpg 564w, https:\/\/agora.xtec.cat\/escjoanmaragall\/wp-content\/uploads\/usu115\/2019\/03\/Conceptualizaci\u00f3n-768x275.jpg 768w\" sizes=\"auto, (max-width: 140px) 100vw, 140px\" \/><\/a><\/p>\n","protected":false},"excerpt":{"rendered":"<p>Benvingudes i benvinguts al rac\u00f3 de les mates visuals!<br \/>\nLes nenes i els nens de cinqu\u00e8 ja saben de qu\u00e8 va aquest espai perqu\u00e8 porten tot el curs treballant les matem\u00e0tiques en un entorn visual digital. Per a la resta, ara \u00e9s el millor moment d&#8217;experimentar&hellip;  <a href=\"https:\/\/agora.xtec.cat\/escjoanmaragall\/matematiques-visuals\/\" title=\"Read EL RAC\u00d3 DE LES MATES VISUALS\">Llegeix m\u00e9s\u00bb<\/a><\/p>\n","protected":false},"author":1,"featured_media":0,"parent":0,"menu_order":0,"comment_status":"closed","ping_status":"closed","template":"","meta":{"_bbp_topic_count":0,"_bbp_reply_count":0,"_bbp_total_topic_count":0,"_bbp_total_reply_count":0,"_bbp_voice_count":0,"_bbp_anonymous_reply_count":0,"_bbp_topic_count_hidden":0,"_bbp_reply_count_hidden":0,"_bbp_forum_subforum_count":0,"footnotes":""},"class_list":["post-8801","page","type-page","status-publish","hentry"],"post_mailing_queue_ids":[],"_links":{"self":[{"href":"https:\/\/agora.xtec.cat\/escjoanmaragall\/wp-json\/wp\/v2\/pages\/8801","targetHints":{"allow":["GET"]}}],"collection":[{"href":"https:\/\/agora.xtec.cat\/escjoanmaragall\/wp-json\/wp\/v2\/pages"}],"about":[{"href":"https:\/\/agora.xtec.cat\/escjoanmaragall\/wp-json\/wp\/v2\/types\/page"}],"author":[{"embeddable":true,"href":"https:\/\/agora.xtec.cat\/escjoanmaragall\/wp-json\/wp\/v2\/users\/1"}],"replies":[{"embeddable":true,"href":"https:\/\/agora.xtec.cat\/escjoanmaragall\/wp-json\/wp\/v2\/comments?post=8801"}],"version-history":[{"count":3,"href":"https:\/\/agora.xtec.cat\/escjoanmaragall\/wp-json\/wp\/v2\/pages\/8801\/revisions"}],"predecessor-version":[{"id":11528,"href":"https:\/\/agora.xtec.cat\/escjoanmaragall\/wp-json\/wp\/v2\/pages\/8801\/revisions\/11528"}],"wp:attachment":[{"href":"https:\/\/agora.xtec.cat\/escjoanmaragall\/wp-json\/wp\/v2\/media?parent=8801"}],"curies":[{"name":"wp","href":"https:\/\/api.w.org\/{rel}","templated":true}]}}