{"id":8450,"date":"2018-09-27T15:23:50","date_gmt":"2018-09-27T13:23:50","guid":{"rendered":"http:\/\/agora.xtec.cat\/escjoanmaragall\/?page_id=8450"},"modified":"2018-11-15T09:33:23","modified_gmt":"2018-11-15T08:33:23","slug":"els-ossos","status":"publish","type":"page","link":"https:\/\/agora.xtec.cat\/escjoanmaragall\/els-ossos\/","title":{"rendered":"ELS \u00d3SSOS"},"content":{"rendered":"<p>Aquest curs els nens i nenes de primer han fet una votaci\u00f3 per escollir el primer projecte (TXT) del trimestre.<\/p>\n<p>Primer de tot van fer una llista\u00a0 de totes les coses que els interessava, els agradaria saber m\u00e9s,etc Van fer una posada en com\u00fa i van votar.<\/p>\n<p><img loading=\"lazy\" decoding=\"async\" class=\"alignnone size-full wp-image-8461 aligncenter\" src=\"http:\/\/agora.xtec.cat\/escjoanmaragall\/wp-content\/uploads\/usu115\/2018\/10\/IMG_2689.jpg\" alt=\"\" width=\"448\" height=\"336\" \/><\/p>\n<p>&nbsp;<\/p>\n<p><img loading=\"lazy\" decoding=\"async\" class=\"size-large wp-image-8464 alignleft\" src=\"http:\/\/agora.xtec.cat\/escjoanmaragall\/wp-content\/uploads\/usu115\/2018\/10\/votacions-cartellets.jpg\" alt=\"\" width=\"336\" height=\"448\" \/><img loading=\"lazy\" decoding=\"async\" class=\"size-large wp-image-8489 aligncenter\" src=\"http:\/\/agora.xtec.cat\/escjoanmaragall\/wp-content\/uploads\/usu115\/2018\/10\/20181001_172047.jpg\" alt=\"\" width=\"336\" height=\"448\" srcset=\"https:\/\/agora.xtec.cat\/escjoanmaragall\/wp-content\/uploads\/usu115\/2018\/10\/20181001_172047.jpg 336w, https:\/\/agora.xtec.cat\/escjoanmaragall\/wp-content\/uploads\/usu115\/2018\/10\/20181001_172047-282x376.jpg 282w\" sizes=\"auto, (max-width: 336px) 100vw, 336px\" \/><\/p>\n<p>Els temes m\u00e9s votats van ser: els \u00f3ssos, les balenes i els dofins.<\/p>\n<table style=\"border-collapse: collapse; width: 100%;\" border=\"1\">\n<tbody>\n<tr>\n<td style=\"width: 50%;\"><img loading=\"lazy\" decoding=\"async\" class=\"alignnone size-large wp-image-8462\" src=\"http:\/\/agora.xtec.cat\/escjoanmaragall\/wp-content\/uploads\/usu115\/2018\/10\/IMG_2691.jpg\" alt=\"\" width=\"448\" height=\"336\" \/><\/td>\n<td style=\"width: 50%;\"><img loading=\"lazy\" decoding=\"async\" class=\"alignnone size-large wp-image-8463\" src=\"http:\/\/agora.xtec.cat\/escjoanmaragall\/wp-content\/uploads\/usu115\/2018\/10\/votacions-1.jpg\" alt=\"\" width=\"448\" height=\"336\" \/><\/td>\n<\/tr>\n<\/tbody>\n<\/table>\n<p>Despr\u00e9s de fer moltes sumes i gr\u00e0fics&#8230;<\/p>\n<p><img loading=\"lazy\" decoding=\"async\" class=\"size-large wp-image-8488 aligncenter\" src=\"http:\/\/agora.xtec.cat\/escjoanmaragall\/wp-content\/uploads\/usu115\/2018\/10\/20181001_171920.jpg\" alt=\"\" width=\"448\" height=\"336\" \/><\/p>\n<p><img loading=\"lazy\" decoding=\"async\" class=\"size-full wp-image-8484 aligncenter\" src=\"http:\/\/agora.xtec.cat\/escjoanmaragall\/wp-content\/uploads\/usu115\/2018\/10\/20181001_171740.jpg\" alt=\"\" width=\"336\" height=\"448\" \/><\/p>\n<p>Sorpresa!!!!!! hi va haver un empat! Les mestres van exercir el seu dret a vot i van desfer l&#8217;empat.<\/p>\n<p>Aix\u00ed doncs, el tema m\u00e9s votat va ser: Els \u00d3SSOS !<\/p>\n<p>&nbsp;<\/p>\n<p>&nbsp;<\/p>\n<p>&nbsp;<\/p>\n<table style=\"border-collapse: collapse; width: 100%;\" border=\"1\">\n<tbody>\n<tr>\n<td style=\"width: 50%;\"><img loading=\"lazy\" decoding=\"async\" class=\"size-large wp-image-8487 alignleft\" src=\"http:\/\/agora.xtec.cat\/escjoanmaragall\/wp-content\/uploads\/usu115\/2018\/10\/20181001_171810.jpg\" alt=\"\" width=\"336\" height=\"448\" \/><\/td>\n<td style=\"width: 50%;\"><img loading=\"lazy\" decoding=\"async\" class=\"size-large wp-image-8486 alignright\" src=\"http:\/\/agora.xtec.cat\/escjoanmaragall\/wp-content\/uploads\/usu115\/2018\/10\/20181001_171756.jpg\" alt=\"\" width=\"336\" height=\"448\" \/><\/td>\n<\/tr>\n<\/tbody>\n<\/table>\n<p>&nbsp;<\/p>\n<p><img loading=\"lazy\" decoding=\"async\" class=\"size-large wp-image-8485 aligncenter\" src=\"http:\/\/agora.xtec.cat\/escjoanmaragall\/wp-content\/uploads\/usu115\/2018\/10\/20181001_171747.jpg\" alt=\"\" width=\"336\" height=\"448\" \/><\/p>\n<p>Els alumnes van dibuixar la cara d&#8217;un \u00f3s per fer-la servir com a logo per a les tasques. Per\u00f2 nom\u00e9s un de cada classe podia ser l&#8217;elegit.<\/p>\n<p>Som-hi!<\/p>\n<p><img loading=\"lazy\" decoding=\"async\" class=\" wp-image-8510 alignleft\" src=\"https:\/\/agora.xtec.cat\/escjoanmaragall\/wp-content\/uploads\/usu115\/2018\/10\/IMG-3003.jpg\" alt=\"\" width=\"380\" height=\"285\" \/> <img loading=\"lazy\" decoding=\"async\" class=\"wp-image-8511 alignleft\" src=\"https:\/\/agora.xtec.cat\/escjoanmaragall\/wp-content\/uploads\/usu115\/2018\/10\/IMG-3004.jpg\" alt=\"\" width=\"381\" height=\"286\" \/><\/p>\n<p>&nbsp;<\/p>\n<p>&nbsp;<\/p>\n<p>&nbsp;<\/p>\n<p>&nbsp;<\/p>\n<p>&nbsp;<\/p>\n<p>&nbsp;<\/p>\n<p>&nbsp;<\/p>\n<p>Un cop dibuixada vam mirar les dels companys per votar-ne la que m\u00e9s ens agradava.<\/p>\n<p><img loading=\"lazy\" decoding=\"async\" class=\"alignnone wp-image-8512\" src=\"https:\/\/agora.xtec.cat\/escjoanmaragall\/wp-content\/uploads\/usu115\/2018\/10\/IMG-3005.jpg\" alt=\"\" width=\"373\" height=\"280\" \/> \u00a0 <img loading=\"lazy\" decoding=\"async\" class=\"alignnone wp-image-8513\" src=\"https:\/\/agora.xtec.cat\/escjoanmaragall\/wp-content\/uploads\/usu115\/2018\/10\/IMG-3006.jpg\" alt=\"\" width=\"375\" height=\"281\" \/><\/p>\n<p><img loading=\"lazy\" decoding=\"async\" class=\"alignnone wp-image-8525\" src=\"https:\/\/agora.xtec.cat\/escjoanmaragall\/wp-content\/uploads\/usu115\/2018\/10\/20181005_1147581.jpg\" alt=\"\" width=\"380\" height=\"285\" \/>\u00a0 <img loading=\"lazy\" decoding=\"async\" class=\"alignnone wp-image-8527\" src=\"https:\/\/agora.xtec.cat\/escjoanmaragall\/wp-content\/uploads\/usu115\/2018\/10\/20181005_114819.jpg\" alt=\"\" width=\"386\" height=\"290\" \/><\/p>\n<p>&nbsp;<\/p>\n<p>&nbsp;<\/p>\n<table style=\"border-collapse: collapse; width: 100%;\" border=\"1\">\n<tbody>\n<tr>\n<td style=\"width: 50%;\"><img loading=\"lazy\" decoding=\"async\" class=\"wp-image-8516 alignnone\" src=\"https:\/\/agora.xtec.cat\/escjoanmaragall\/wp-content\/uploads\/usu115\/2018\/10\/logo-1.jpg\" alt=\"\" width=\"347\" height=\"261\" \/><\/td>\n<td style=\"width: 50%;\"><img loading=\"lazy\" decoding=\"async\" class=\"wp-image-8519 alignnone\" src=\"https:\/\/agora.xtec.cat\/escjoanmaragall\/wp-content\/uploads\/usu115\/2018\/10\/logo-5.jpg\" alt=\"\" width=\"349\" height=\"262\" \/><\/td>\n<\/tr>\n<\/tbody>\n<\/table>\n<p>&nbsp;<\/p>\n<p><img loading=\"lazy\" decoding=\"async\" class=\"wp-image-8520 aligncenter\" src=\"https:\/\/agora.xtec.cat\/escjoanmaragall\/wp-content\/uploads\/usu115\/2018\/10\/logo.jpg\" alt=\"\" width=\"331\" height=\"248\" \/><\/p>\n<table style=\"border-collapse: collapse; width: 100%;\" border=\"1\">\n<tbody>\n<tr>\n<td style=\"width: 50%;\"><img loading=\"lazy\" decoding=\"async\" class=\"size-large wp-image-8514 aligncenter\" src=\"https:\/\/agora.xtec.cat\/escjoanmaragall\/wp-content\/uploads\/usu115\/2018\/10\/IMG-3007.jpg\" alt=\"\" width=\"448\" height=\"336\" \/><\/td>\n<td style=\"width: 50%;\"><img loading=\"lazy\" decoding=\"async\" class=\"size-large wp-image-8518\" src=\"https:\/\/agora.xtec.cat\/escjoanmaragall\/wp-content\/uploads\/usu115\/2018\/10\/logo-4.jpg\" alt=\"\" width=\"448\" height=\"336\" \/><\/td>\n<\/tr>\n<\/tbody>\n<\/table>\n<table style=\"border-collapse: collapse; width: 100%;\" border=\"1\">\n<tbody>\n<tr>\n<td style=\"width: 50%;\"><img loading=\"lazy\" decoding=\"async\" class=\"alignnone size-large wp-image-8521\" src=\"https:\/\/agora.xtec.cat\/escjoanmaragall\/wp-content\/uploads\/usu115\/2018\/10\/logo2.jpg\" alt=\"\" width=\"448\" height=\"336\" \/><\/td>\n<td style=\"width: 50%;\"><img loading=\"lazy\" decoding=\"async\" class=\"size-large wp-image-8515 aligncenter\" src=\"https:\/\/agora.xtec.cat\/escjoanmaragall\/wp-content\/uploads\/usu115\/2018\/10\/IMG-3008.jpg\" alt=\"\" width=\"448\" height=\"336\" \/><\/td>\n<\/tr>\n<tr>\n<td style=\"width: 50%;\"><img loading=\"lazy\" decoding=\"async\" class=\"alignnone size-full wp-image-8509\" src=\"https:\/\/agora.xtec.cat\/escjoanmaragall\/wp-content\/uploads\/usu115\/2018\/10\/IMG_3009.jpg\" alt=\"\" width=\"336\" height=\"400\" \/><\/td>\n<td style=\"width: 50%;\"><img loading=\"lazy\" decoding=\"async\" class=\"alignnone size-large wp-image-8517\" src=\"https:\/\/agora.xtec.cat\/escjoanmaragall\/wp-content\/uploads\/usu115\/2018\/10\/logo-3.jpg\" alt=\"\" width=\"336\" height=\"448\" \/><\/td>\n<\/tr>\n<\/tbody>\n<\/table>\n<p>Ja tenim logo!!!!<\/p>\n<p><img loading=\"lazy\" decoding=\"async\" class=\"size-full wp-image-8539 aligncenter\" src=\"https:\/\/agora.xtec.cat\/escjoanmaragall\/wp-content\/uploads\/usu115\/2018\/10\/logo-3-1.jpg\" alt=\"\" width=\"287\" height=\"176\" \/><\/p>\n<p>Hem fet sessi\u00f3 de cine! Hem vist molts v\u00eddeos explicatius sobre els \u00f3ssos.<\/p>\n<table style=\"border-collapse: collapse; width: 100%;\" border=\"1\">\n<tbody>\n<tr>\n<td style=\"width: 50%;\"><img loading=\"lazy\" decoding=\"async\" class=\"alignnone size-full wp-image-8540\" src=\"https:\/\/agora.xtec.cat\/escjoanmaragall\/wp-content\/uploads\/usu115\/2018\/10\/video-2.jpg\" alt=\"\" width=\"448\" height=\"336\" \/><\/td>\n<td style=\"width: 50%;\"><img loading=\"lazy\" decoding=\"async\" class=\"alignnone size-full wp-image-8541\" src=\"https:\/\/agora.xtec.cat\/escjoanmaragall\/wp-content\/uploads\/usu115\/2018\/10\/video1-1.jpg\" alt=\"\" width=\"448\" height=\"336\" \/><\/td>\n<\/tr>\n<\/tbody>\n<\/table>\n<p>Aquest \u00e9s el rac\u00f3 amb el material dels \u00f3ssos que han portat els alumnes.<\/p>\n<p><img loading=\"lazy\" decoding=\"async\" class=\"size-full wp-image-8666 aligncenter\" src=\"https:\/\/agora.xtec.cat\/escjoanmaragall\/wp-content\/uploads\/usu115\/2018\/11\/IMG-3490.jpg\" alt=\"\" width=\"448\" height=\"336\" \/><\/p>\n<p>A casa els alumnes han buscat quant pesa i mesura l&#8217;\u00f3s bru.<\/p>\n<p><img loading=\"lazy\" decoding=\"async\" class=\"alignnone wp-image-8667\" src=\"https:\/\/agora.xtec.cat\/escjoanmaragall\/wp-content\/uploads\/usu115\/2018\/11\/IMG-3491.jpg\" alt=\"\" width=\"351\" height=\"263\" \/>\u00a0\u00a0 <img loading=\"lazy\" decoding=\"async\" class=\"alignnone wp-image-8677\" src=\"https:\/\/agora.xtec.cat\/escjoanmaragall\/wp-content\/uploads\/usu115\/2018\/11\/20181108_092419.jpg\" alt=\"\" width=\"349\" height=\"262\" \/><\/p>\n<p><img loading=\"lazy\" decoding=\"async\" class=\"wp-image-8679 alignleft\" src=\"https:\/\/agora.xtec.cat\/escjoanmaragall\/wp-content\/uploads\/usu115\/2018\/11\/20181109_093021.jpg\" alt=\"\" width=\"329\" height=\"247\" \/><\/p>\n<p>&nbsp;<\/p>\n<p>&nbsp;<\/p>\n<p>&nbsp;<\/p>\n<p>&nbsp;<\/p>\n<p>&nbsp;<\/p>\n<p>&nbsp;<\/p>\n<p>Mireu com \u00e9s d&#8217;alt l&#8217;\u00f3s bru! Fa m\u00e9s de dos metres! Ens comparem i fa el doble que nosaltres.<\/p>\n<p><img loading=\"lazy\" decoding=\"async\" class=\"alignnone wp-image-8673\" src=\"https:\/\/agora.xtec.cat\/escjoanmaragall\/wp-content\/uploads\/usu115\/2018\/11\/IMG-3496.jpg\" alt=\"\" width=\"315\" height=\"420\" \/>\u00a0\u00a0 \u00a0 \u00a0\u00a0 <img loading=\"lazy\" decoding=\"async\" class=\"alignnone wp-image-8672\" src=\"https:\/\/agora.xtec.cat\/escjoanmaragall\/wp-content\/uploads\/usu115\/2018\/11\/IMG-3495.jpg\" alt=\"\" width=\"315\" height=\"420\" \/><\/p>\n<p><img loading=\"lazy\" decoding=\"async\" class=\"alignnone wp-image-8670\" src=\"https:\/\/agora.xtec.cat\/escjoanmaragall\/wp-content\/uploads\/usu115\/2018\/11\/IMG-3494.jpg\" alt=\"\" width=\"303\" height=\"404\" \/> \u00a0 \u00a0 \u00a0\u00a0 <img loading=\"lazy\" decoding=\"async\" class=\"alignnone wp-image-8669\" src=\"https:\/\/agora.xtec.cat\/escjoanmaragall\/wp-content\/uploads\/usu115\/2018\/11\/IMG-3493.jpg\" alt=\"\" width=\"306\" height=\"408\" \/><\/p>\n<p>Ara ja sabem que l&#8217;\u00f3s bru pesa 300 kg. Hem fet hip\u00f2tesis sobre quants de nosaltres igualar\u00edem el seu pes.<\/p>\n<p>I ho hem comprovat.<\/p>\n<p><img loading=\"lazy\" decoding=\"async\" class=\"wp-image-8705 aligncenter\" src=\"https:\/\/agora.xtec.cat\/escjoanmaragall\/wp-content\/uploads\/usu115\/2018\/11\/20181114_0951431-1.jpg\" alt=\"\" width=\"302\" height=\"245\" \/><\/p>\n<p>&nbsp;<\/p>\n<p>&nbsp;<\/p>\n<p>Hem anat anotant el pes de cadascun de nosaltres i els hem sumat.<\/p>\n<p>CONCLUSI\u00d3: tots els nens de la classe pesen quasi el mateix que l&#8217;\u00f3s bru!<\/p>\n<p><img loading=\"lazy\" decoding=\"async\" class=\"wp-image-8665 aligncenter\" src=\"https:\/\/agora.xtec.cat\/escjoanmaragall\/wp-content\/uploads\/usu115\/2018\/11\/IMG_3545.jpg\" alt=\"\" width=\"527\" height=\"449\" \/><\/p>\n<p>&nbsp;<\/p>\n<p><img loading=\"lazy\" decoding=\"async\" class=\" wp-image-8701 aligncenter\" src=\"https:\/\/agora.xtec.cat\/escjoanmaragall\/wp-content\/uploads\/usu115\/2018\/11\/20181114_095611-1.jpg\" alt=\"\" width=\"537\" height=\"337\" \/><\/p>\n<p>&nbsp;<\/p>\n<p>&nbsp;<\/p>\n","protected":false},"excerpt":{"rendered":"<p>Aquest curs els nens i nenes de primer han fet una votaci\u00f3 per escollir el primer projecte (TXT) del trimestre.<br \/>\nPrimer de tot van fer una llista\u00a0 de totes les coses que els interessava, els agradaria saber m\u00e9s,etc Van fer una posada en com\u00fa i van&hellip;  <a href=\"https:\/\/agora.xtec.cat\/escjoanmaragall\/els-ossos\/\" title=\"Read ELS \u00d3SSOS\">Llegeix m\u00e9s\u00bb<\/a><\/p>\n","protected":false},"author":1,"featured_media":0,"parent":0,"menu_order":0,"comment_status":"closed","ping_status":"closed","template":"","meta":{"_bbp_topic_count":0,"_bbp_reply_count":0,"_bbp_total_topic_count":0,"_bbp_total_reply_count":0,"_bbp_voice_count":0,"_bbp_anonymous_reply_count":0,"_bbp_topic_count_hidden":0,"_bbp_reply_count_hidden":0,"_bbp_forum_subforum_count":0,"footnotes":""},"class_list":["post-8450","page","type-page","status-publish","hentry"],"post_mailing_queue_ids":[],"_links":{"self":[{"href":"https:\/\/agora.xtec.cat\/escjoanmaragall\/wp-json\/wp\/v2\/pages\/8450","targetHints":{"allow":["GET"]}}],"collection":[{"href":"https:\/\/agora.xtec.cat\/escjoanmaragall\/wp-json\/wp\/v2\/pages"}],"about":[{"href":"https:\/\/agora.xtec.cat\/escjoanmaragall\/wp-json\/wp\/v2\/types\/page"}],"author":[{"embeddable":true,"href":"https:\/\/agora.xtec.cat\/escjoanmaragall\/wp-json\/wp\/v2\/users\/1"}],"replies":[{"embeddable":true,"href":"https:\/\/agora.xtec.cat\/escjoanmaragall\/wp-json\/wp\/v2\/comments?post=8450"}],"version-history":[{"count":4,"href":"https:\/\/agora.xtec.cat\/escjoanmaragall\/wp-json\/wp\/v2\/pages\/8450\/revisions"}],"predecessor-version":[{"id":8706,"href":"https:\/\/agora.xtec.cat\/escjoanmaragall\/wp-json\/wp\/v2\/pages\/8450\/revisions\/8706"}],"wp:attachment":[{"href":"https:\/\/agora.xtec.cat\/escjoanmaragall\/wp-json\/wp\/v2\/media?parent=8450"}],"curies":[{"name":"wp","href":"https:\/\/api.w.org\/{rel}","templated":true}]}}