{"id":6685,"date":"2017-12-04T17:53:27","date_gmt":"2017-12-04T16:53:27","guid":{"rendered":"http:\/\/agora.xtec.cat\/escjoanmaragall\/?page_id=6685"},"modified":"2018-04-18T09:56:38","modified_gmt":"2018-04-18T07:56:38","slug":"senyo-per-que-ens-cauen-les-dents-i-altres-curiositats","status":"publish","type":"page","link":"https:\/\/agora.xtec.cat\/escjoanmaragall\/senyo-per-que-ens-cauen-les-dents-i-altres-curiositats\/","title":{"rendered":"SENYO, PER QU\u00c8 ENS CAUEN LES DENTS? I ALTRES CURIOSITATS&#8230;"},"content":{"rendered":"<p>Senyo, per qu\u00e8 cauen les dents? aquesta ha estat la pregunta que m\u00e9s han fet els alumnes veient que \u00e9s un fet quotidi\u00e0. A partir d&#8217;aqu\u00ed han sorgit noves curiositats.<\/p>\n<table style=\"height: 1051px; width: 560px;\">\n<tbody>\n<tr style=\"height: 33px;\">\n<td style=\"width: 287.778px; height: 33px; text-align: center;\" colspan=\"2\"><strong>LES NOSTRES DENTS<\/strong><\/td>\n<\/tr>\n<tr style=\"height: 178px;\">\n<td style=\"width: 287.778px; height: 178px;\"><img loading=\"lazy\" decoding=\"async\" class=\"alignnone wp-image-6784\" src=\"http:\/\/agora.xtec.cat\/escjoanmaragall\/wp-content\/uploads\/usu115\/2017\/12\/IMG_7105.jpg\" alt=\"\" width=\"252\" height=\"189\" \/><\/td>\n<td style=\"width: 268.889px; height: 178px;\"><img loading=\"lazy\" decoding=\"async\" class=\"alignnone wp-image-6788\" src=\"http:\/\/agora.xtec.cat\/escjoanmaragall\/wp-content\/uploads\/usu115\/2017\/12\/IMG_7209.jpg\" alt=\"\" width=\"253\" height=\"189\" \/><\/td>\n<\/tr>\n<tr style=\"height: 182px;\">\n<td style=\"width: 287.778px; height: 182px;\"><img loading=\"lazy\" decoding=\"async\" class=\"alignnone wp-image-6787\" src=\"http:\/\/agora.xtec.cat\/escjoanmaragall\/wp-content\/uploads\/usu115\/2017\/12\/IMG_7207.jpg\" alt=\"\" width=\"243\" height=\"182\" \/><\/td>\n<td style=\"width: 268.889px; height: 182px;\"><img loading=\"lazy\" decoding=\"async\" class=\"alignnone wp-image-6785\" src=\"http:\/\/agora.xtec.cat\/escjoanmaragall\/wp-content\/uploads\/usu115\/2017\/12\/IMG_7107.jpg\" alt=\"\" width=\"253\" height=\"189\" \/><\/td>\n<\/tr>\n<tr style=\"height: 193px;\">\n<td style=\"width: 287.778px; height: 193px;\"><img loading=\"lazy\" decoding=\"async\" class=\"wp-image-6789 alignleft\" src=\"http:\/\/agora.xtec.cat\/escjoanmaragall\/wp-content\/uploads\/usu115\/2017\/12\/IMG_7210.jpg\" alt=\"\" width=\"241\" height=\"181\" \/><\/td>\n<td style=\"width: 268.889px; height: 193px;\"><img loading=\"lazy\" decoding=\"async\" class=\" wp-image-6807\" src=\"http:\/\/agora.xtec.cat\/escjoanmaragall\/wp-content\/uploads\/usu115\/2017\/12\/dents5.jpg\" alt=\"\" width=\"259\" height=\"157\" \/><\/td>\n<\/tr>\n<tr style=\"height: 164px;\">\n<td style=\"width: 287.778px; height: 164px;\"><img loading=\"lazy\" decoding=\"async\" class=\" wp-image-6803\" src=\"http:\/\/agora.xtec.cat\/escjoanmaragall\/wp-content\/uploads\/usu115\/2017\/12\/dents1.jpg\" alt=\"\" width=\"237\" height=\"134\" \/><\/td>\n<td style=\"width: 268.889px; height: 164px;\"><img loading=\"lazy\" decoding=\"async\" class=\" wp-image-6808\" src=\"http:\/\/agora.xtec.cat\/escjoanmaragall\/wp-content\/uploads\/usu115\/2017\/12\/dents6.jpg\" alt=\"\" width=\"262\" height=\"125\" \/><\/td>\n<\/tr>\n<tr style=\"height: 142px;\">\n<td style=\"width: 287.778px; height: 142px;\"><img loading=\"lazy\" decoding=\"async\" class=\" wp-image-6805\" src=\"http:\/\/agora.xtec.cat\/escjoanmaragall\/wp-content\/uploads\/usu115\/2017\/12\/dents3.jpg\" alt=\"\" width=\"237\" height=\"126\" \/><\/td>\n<td style=\"width: 268.889px; height: 142px;\"><img loading=\"lazy\" decoding=\"async\" class=\" wp-image-6804\" src=\"http:\/\/agora.xtec.cat\/escjoanmaragall\/wp-content\/uploads\/usu115\/2017\/12\/dents2.jpg\" alt=\"\" width=\"268\" height=\"130\" \/><\/td>\n<\/tr>\n<tr style=\"height: 173px;\">\n<td style=\"width: 287.778px; height: 173px;\"><img loading=\"lazy\" decoding=\"async\" class=\" wp-image-6806\" src=\"http:\/\/agora.xtec.cat\/escjoanmaragall\/wp-content\/uploads\/usu115\/2017\/12\/dents4.jpg\" alt=\"\" width=\"220\" height=\"129\" \/><\/td>\n<td style=\"width: 268.889px; height: 173px; text-align: left;\">Veient que tots i totes tenim la mateixa boca, junts treballarem aquesta pregunta.<\/td>\n<\/tr>\n<\/tbody>\n<\/table>\n<p>&nbsp;<\/p>\n<p>Per comen\u00e7ar ens hem imaginat el cam\u00ed que segueix el nostre esmorzar i l&#8217;hem dibuixat.<\/p>\n<table style=\"height: 597px;\" width=\"759\">\n<tbody>\n<tr>\n<td style=\"width: 250px;\"><img loading=\"lazy\" decoding=\"async\" class=\"alignnone size-full wp-image-6746\" src=\"http:\/\/agora.xtec.cat\/escjoanmaragall\/wp-content\/uploads\/usu115\/2017\/12\/DSCN2388.jpg\" alt=\"\" width=\"448\" height=\"336\" \/><\/td>\n<td style=\"width: 252.222px;\"><img loading=\"lazy\" decoding=\"async\" class=\"alignnone size-large wp-image-6747\" src=\"http:\/\/agora.xtec.cat\/escjoanmaragall\/wp-content\/uploads\/usu115\/2017\/12\/DSCN2383.jpg\" alt=\"\" width=\"448\" height=\"336\" \/><\/td>\n<td style=\"width: 252.222px;\"><img loading=\"lazy\" decoding=\"async\" class=\"alignnone size-large wp-image-6748\" src=\"http:\/\/agora.xtec.cat\/escjoanmaragall\/wp-content\/uploads\/usu115\/2017\/12\/DSCN2384.jpg\" alt=\"\" width=\"448\" height=\"336\" \/><\/td>\n<\/tr>\n<tr>\n<td style=\"width: 250px;\"><img loading=\"lazy\" decoding=\"async\" class=\"alignnone size-large wp-image-6749\" src=\"http:\/\/agora.xtec.cat\/escjoanmaragall\/wp-content\/uploads\/usu115\/2017\/12\/DSCN2385.jpg\" alt=\"\" width=\"448\" height=\"336\" \/><\/td>\n<td style=\"width: 252.222px;\"><img loading=\"lazy\" decoding=\"async\" class=\"alignnone size-large wp-image-6750\" src=\"http:\/\/agora.xtec.cat\/escjoanmaragall\/wp-content\/uploads\/usu115\/2017\/12\/DSCN2386.jpg\" alt=\"\" width=\"448\" height=\"336\" \/><\/td>\n<td style=\"width: 252.222px;\"><img loading=\"lazy\" decoding=\"async\" class=\"alignnone size-large wp-image-6751\" src=\"http:\/\/agora.xtec.cat\/escjoanmaragall\/wp-content\/uploads\/usu115\/2017\/12\/DSCN2387.jpg\" alt=\"\" width=\"448\" height=\"336\" \/><\/td>\n<\/tr>\n<tr>\n<td style=\"width: 250px;\"><img loading=\"lazy\" decoding=\"async\" class=\" wp-image-6819\" src=\"http:\/\/agora.xtec.cat\/escjoanmaragall\/wp-content\/uploads\/usu115\/2017\/12\/cam\u00ed-de-laliment5.jpg\" alt=\"\" width=\"152\" height=\"241\" \/><\/td>\n<td style=\"width: 252.222px;\"><img loading=\"lazy\" decoding=\"async\" class=\" wp-image-6820\" src=\"http:\/\/agora.xtec.cat\/escjoanmaragall\/wp-content\/uploads\/usu115\/2017\/12\/cam\u00ed-de-laliment6.jpg\" alt=\"\" width=\"171\" height=\"247\" \/><\/td>\n<td style=\"width: 252.222px;\"><img loading=\"lazy\" decoding=\"async\" class=\" wp-image-6818\" src=\"http:\/\/agora.xtec.cat\/escjoanmaragall\/wp-content\/uploads\/usu115\/2017\/12\/cam\u00ed-de-laliment4.jpg\" alt=\"\" width=\"154\" height=\"235\" \/><\/td>\n<\/tr>\n<tr>\n<td style=\"width: 250px;\"><img loading=\"lazy\" decoding=\"async\" class=\" wp-image-6817\" src=\"http:\/\/agora.xtec.cat\/escjoanmaragall\/wp-content\/uploads\/usu115\/2017\/12\/cam\u00ed-de-laliment3.jpg\" alt=\"\" width=\"178\" height=\"238\" \/><\/td>\n<td style=\"width: 252.222px;\"><img loading=\"lazy\" decoding=\"async\" class=\" wp-image-6816\" src=\"http:\/\/agora.xtec.cat\/escjoanmaragall\/wp-content\/uploads\/usu115\/2017\/12\/cam\u00ed-de-laliment2.jpg\" alt=\"\" width=\"192\" height=\"241\" \/><\/td>\n<td style=\"width: 252.222px;\"><img loading=\"lazy\" decoding=\"async\" class=\" wp-image-6815\" src=\"http:\/\/agora.xtec.cat\/escjoanmaragall\/wp-content\/uploads\/usu115\/2017\/12\/cam\u00ed-de-laliment1.jpg\" alt=\"\" width=\"233\" height=\"242\" \/><\/td>\n<\/tr>\n<\/tbody>\n<\/table>\n<p>Com veieu al nostre cos hi ha molts \u00f2rgans i aparells per\u00f2 alhora tamb\u00e9 en falten! Per aix\u00f2 vam dur a terme una activitat a l&#8217;aula per descobrir quins s\u00f3n els \u00f2rgans m\u00e9s importants i els vam aprendre a situar al nostre cos:<\/p>\n<p>&nbsp;<\/p>\n<table style=\"height: 74px; width: 551px;\">\n<tbody>\n<tr style=\"height: 217px;\">\n<td style=\"width: 271px; height: 217px;\">Vam dibuixar la silueta d&#8217;un dels alumnes de la classe, la vam repassar i a partir d&#8217;aquest punt vam enganxar els \u00f2rgans que an\u00e0vem treballant.<\/td>\n<td style=\"width: 272px; height: 217px;\"><img loading=\"lazy\" decoding=\"async\" class=\" wp-image-6822\" src=\"http:\/\/agora.xtec.cat\/escjoanmaragall\/wp-content\/uploads\/usu115\/2017\/12\/\u00f2rgans-importants1.jpg\" alt=\"\" width=\"137\" height=\"183\" \/><\/td>\n<\/tr>\n<tr style=\"height: 272px;\">\n<td style=\"width: 271px; height: 272px;\">&nbsp;<\/p>\n<p><img loading=\"lazy\" decoding=\"async\" class=\" wp-image-6823\" src=\"http:\/\/agora.xtec.cat\/escjoanmaragall\/wp-content\/uploads\/usu115\/2017\/12\/\u00f2rgans-importants2.jpg\" alt=\"\" width=\"170\" height=\"226\" \/><\/td>\n<td style=\"width: 272px; height: 272px;\">&nbsp;<\/p>\n<p><img loading=\"lazy\" decoding=\"async\" class=\" wp-image-6824\" src=\"http:\/\/agora.xtec.cat\/escjoanmaragall\/wp-content\/uploads\/usu115\/2017\/12\/\u00f2rgans-importants3.jpg\" alt=\"\" width=\"168\" height=\"224\" \/><\/td>\n<\/tr>\n<tr style=\"height: 239px;\">\n<td style=\"width: 271px; height: 239px;\"><img loading=\"lazy\" decoding=\"async\" class=\" wp-image-6825\" src=\"http:\/\/agora.xtec.cat\/escjoanmaragall\/wp-content\/uploads\/usu115\/2017\/12\/\u00f2rgans-importants4.jpg\" alt=\"\" width=\"165\" height=\"208\" \/><\/td>\n<td style=\"width: 272px; height: 239px;\"><img loading=\"lazy\" decoding=\"async\" class=\" wp-image-6826\" src=\"http:\/\/agora.xtec.cat\/escjoanmaragall\/wp-content\/uploads\/usu115\/2017\/12\/\u00f2rgans-importants5.jpg\" alt=\"\" width=\"237\" height=\"173\" \/><\/td>\n<\/tr>\n<\/tbody>\n<\/table>\n<table style=\"height: 597px; width: 481px;\">\n<tbody>\n<tr style=\"height: 99px;\">\n<td style=\"width: 236px; height: 99px;\"><img loading=\"lazy\" decoding=\"async\" class=\"alignnone size-large wp-image-6837\" src=\"http:\/\/agora.xtec.cat\/escjoanmaragall\/wp-content\/uploads\/usu115\/2017\/12\/DSCN2428.jpg\" alt=\"\" width=\"448\" height=\"336\" \/><\/td>\n<td style=\"width: 237px; height: 99px;\"><img loading=\"lazy\" decoding=\"async\" class=\"alignnone wp-image-6836\" src=\"http:\/\/agora.xtec.cat\/escjoanmaragall\/wp-content\/uploads\/usu115\/2017\/12\/DSCN2425.jpg\" alt=\"\" width=\"249\" height=\"187\" \/><\/td>\n<\/tr>\n<tr style=\"height: 100px;\">\n<td style=\"width: 236px; height: 100px;\"><img loading=\"lazy\" decoding=\"async\" class=\"alignnone wp-image-6835\" src=\"http:\/\/agora.xtec.cat\/escjoanmaragall\/wp-content\/uploads\/usu115\/2017\/12\/DSCN2423.jpg\" alt=\"\" width=\"241\" height=\"181\" \/><\/td>\n<td style=\"width: 237px; height: 100px;\"><img loading=\"lazy\" decoding=\"async\" class=\"alignnone size-large wp-image-6838\" src=\"http:\/\/agora.xtec.cat\/escjoanmaragall\/wp-content\/uploads\/usu115\/2017\/12\/DSCN2416.jpg\" alt=\"\" width=\"448\" height=\"336\" \/><\/td>\n<\/tr>\n<tr style=\"height: 100px;\">\n<td style=\"width: 236px; height: 100px;\"><img loading=\"lazy\" decoding=\"async\" class=\"alignnone size-large wp-image-6839\" src=\"http:\/\/agora.xtec.cat\/escjoanmaragall\/wp-content\/uploads\/usu115\/2017\/12\/DSCN2421.jpg\" alt=\"\" width=\"448\" height=\"336\" \/><\/td>\n<td style=\"width: 237px; height: 100px;\"><img loading=\"lazy\" decoding=\"async\" class=\"alignnone size-full wp-image-6840\" src=\"http:\/\/agora.xtec.cat\/escjoanmaragall\/wp-content\/uploads\/usu115\/2017\/12\/DSCN2427.jpg\" alt=\"\" width=\"448\" height=\"336\" \/><\/td>\n<\/tr>\n<\/tbody>\n<\/table>\n<p style=\"text-align: left;\">Hem fet un primer llistat sobre les curiositats que en parella i en petit grup vol\u00edem investigar.<img loading=\"lazy\" decoding=\"async\" class=\"alignnone size-full wp-image-6794\" src=\"http:\/\/agora.xtec.cat\/escjoanmaragall\/wp-content\/uploads\/usu115\/2017\/12\/DSCN2395.jpg\" alt=\"\" width=\"448\" height=\"336\" \/> <img loading=\"lazy\" decoding=\"async\" class=\"alignnone size-large wp-image-6795\" src=\"http:\/\/agora.xtec.cat\/escjoanmaragall\/wp-content\/uploads\/usu115\/2017\/12\/DSCN2397.jpg\" alt=\"\" width=\"448\" height=\"336\" \/> <img loading=\"lazy\" decoding=\"async\" class=\"alignnone size-large wp-image-6796\" src=\"http:\/\/agora.xtec.cat\/escjoanmaragall\/wp-content\/uploads\/usu115\/2017\/12\/DSCN2392.jpg\" alt=\"\" width=\"448\" height=\"336\" \/> <img loading=\"lazy\" decoding=\"async\" class=\"alignnone size-large wp-image-6797\" src=\"http:\/\/agora.xtec.cat\/escjoanmaragall\/wp-content\/uploads\/usu115\/2017\/12\/DSCN2393.jpg\" alt=\"\" width=\"448\" height=\"336\" \/> <img loading=\"lazy\" decoding=\"async\" class=\"alignnone size-large wp-image-6798\" src=\"http:\/\/agora.xtec.cat\/escjoanmaragall\/wp-content\/uploads\/usu115\/2017\/12\/DSCN2394.jpg\" alt=\"\" width=\"448\" height=\"336\" \/><\/p>\n<p style=\"text-align: left;\"><img loading=\"lazy\" decoding=\"async\" class=\"alignnone wp-image-6793\" src=\"http:\/\/agora.xtec.cat\/escjoanmaragall\/wp-content\/uploads\/usu115\/2017\/12\/IMG_7211.jpg\" alt=\"\" width=\"494\" height=\"659\" \/><\/p>\n<p><img loading=\"lazy\" decoding=\"async\" class=\" wp-image-6829\" src=\"http:\/\/agora.xtec.cat\/escjoanmaragall\/wp-content\/uploads\/usu115\/2017\/12\/inquietuds-1.jpg\" alt=\"\" width=\"489\" height=\"711\" \/><\/p>\n<p><img loading=\"lazy\" decoding=\"async\" class=\"alignnone wp-image-6801\" src=\"http:\/\/agora.xtec.cat\/escjoanmaragall\/wp-content\/uploads\/usu115\/2017\/12\/IMG_7212.jpg\" alt=\"\" width=\"493\" height=\"658\" \/><\/p>\n<p>A partir d&#8217;aqu\u00ed hem format els grups d&#8217;experts i ens posat a treballar.<\/p>\n<p>Primer aquestes vacances hem investigat amb la fam\u00edlia i avui ho hem posat en com\u00fa amb el nostre grup. Ho farem de manera cooperativa per tant en aquesta primera sessi\u00f3 ens hem repartit els c\u00e0rrecs i estem pensant el t\u00edtol i el logo del nostre equip.<\/p>\n<p>EXPERTS EN ALIMENTACI\u00d3:<\/p>\n<p><img loading=\"lazy\" decoding=\"async\" class=\"alignnone size-full wp-image-6960\" src=\"http:\/\/agora.xtec.cat\/escjoanmaragall\/wp-content\/uploads\/usu115\/2017\/12\/IMG-7823.jpg\" alt=\"\" width=\"448\" height=\"336\" \/><\/p>\n<p>EXPERTS EN ELS CANVIS DEL COS:<\/p>\n<p><img loading=\"lazy\" decoding=\"async\" class=\"alignnone size-large wp-image-6961\" src=\"http:\/\/agora.xtec.cat\/escjoanmaragall\/wp-content\/uploads\/usu115\/2017\/12\/IMG-78241.jpg\" alt=\"\" width=\"448\" height=\"336\" \/><\/p>\n<p>EXPERTS EN SANG:<\/p>\n<p><img loading=\"lazy\" decoding=\"async\" class=\"alignnone size-large wp-image-6962\" src=\"http:\/\/agora.xtec.cat\/escjoanmaragall\/wp-content\/uploads\/usu115\/2017\/12\/IMG-7825.jpg\" alt=\"\" width=\"448\" height=\"336\" \/><\/p>\n<p>EXPERTS EN EL CERVELL:<\/p>\n<p><img loading=\"lazy\" decoding=\"async\" class=\"alignnone size-large wp-image-6965\" src=\"http:\/\/agora.xtec.cat\/escjoanmaragall\/wp-content\/uploads\/usu115\/2017\/12\/IMG_7830.jpg\" alt=\"\" width=\"448\" height=\"336\" \/><\/p>\n<p>EXPERTS EN MOVIMENT I SUPORT:<\/p>\n<p><img loading=\"lazy\" decoding=\"async\" class=\"alignnone size-large wp-image-6966\" src=\"http:\/\/agora.xtec.cat\/escjoanmaragall\/wp-content\/uploads\/usu115\/2017\/12\/IMG_7831.jpg\" alt=\"\" width=\"448\" height=\"336\" \/><\/p>\n<p>EXPERTS EN ELS SENTITS:<\/p>\n<p><img loading=\"lazy\" decoding=\"async\" class=\"alignnone size-large wp-image-6967\" src=\"http:\/\/agora.xtec.cat\/escjoanmaragall\/wp-content\/uploads\/usu115\/2017\/12\/IMG_7833.jpg\" alt=\"\" width=\"448\" height=\"336\" \/><\/p>\n<p>TRETS PRINCIPALS:<\/p>\n<p><img loading=\"lazy\" decoding=\"async\" class=\"alignnone size-full wp-image-6971\" src=\"http:\/\/agora.xtec.cat\/escjoanmaragall\/wp-content\/uploads\/usu115\/2017\/12\/IMG_7835-1.jpg\" alt=\"\" width=\"448\" height=\"223\" \/><\/p>\n<p>EXPERTS EN LA RESPIRACI\u00d3:<\/p>\n<p><img loading=\"lazy\" decoding=\"async\" class=\"alignnone size-full wp-image-6969\" src=\"http:\/\/agora.xtec.cat\/escjoanmaragall\/wp-content\/uploads\/usu115\/2017\/12\/IMG-7826.jpg\" alt=\"\" width=\"448\" height=\"336\" \/><\/p>\n<p>&nbsp;<\/p>\n<p><img loading=\"lazy\" decoding=\"async\" class=\"wp-image-6963 alignnone\" src=\"http:\/\/agora.xtec.cat\/escjoanmaragall\/wp-content\/uploads\/usu115\/2017\/12\/IMG-7828.jpg\" alt=\"\" width=\"423\" height=\"317\" \/><\/p>\n<p><img loading=\"lazy\" decoding=\"async\" class=\"wp-image-6964 alignnone\" src=\"http:\/\/agora.xtec.cat\/escjoanmaragall\/wp-content\/uploads\/usu115\/2017\/12\/IMG-7829.jpg\" alt=\"\" width=\"374\" height=\"499\" \/><\/p>\n<p>Amb els grups d&#8217;experts hem buscat informaci\u00f3 a internet, hem vist v\u00eddeos explicatius i hem comen\u00e7at de decidir qu\u00e8 volem explicar. Tenim molta feina &#8230;!<\/p>\n<p><img loading=\"lazy\" decoding=\"async\" class=\"alignnone size-full wp-image-7053\" src=\"http:\/\/agora.xtec.cat\/escjoanmaragall\/wp-content\/uploads\/usu115\/2017\/12\/IMG-7909.jpg\" alt=\"\" width=\"448\" height=\"336\" \/> <img loading=\"lazy\" decoding=\"async\" class=\"alignnone size-large wp-image-7054\" src=\"http:\/\/agora.xtec.cat\/escjoanmaragall\/wp-content\/uploads\/usu115\/2017\/12\/IMG-7911.jpg\" alt=\"\" width=\"448\" height=\"336\" \/> <img loading=\"lazy\" decoding=\"async\" class=\"alignnone size-large wp-image-7055\" src=\"http:\/\/agora.xtec.cat\/escjoanmaragall\/wp-content\/uploads\/usu115\/2017\/12\/IMG-7913.jpg\" alt=\"\" width=\"448\" height=\"336\" \/> <img loading=\"lazy\" decoding=\"async\" class=\"alignnone size-large wp-image-7056\" src=\"http:\/\/agora.xtec.cat\/escjoanmaragall\/wp-content\/uploads\/usu115\/2017\/12\/IMG-7914.jpg\" alt=\"\" width=\"448\" height=\"336\" \/> <img loading=\"lazy\" decoding=\"async\" class=\"alignnone size-large wp-image-7057\" src=\"http:\/\/agora.xtec.cat\/escjoanmaragall\/wp-content\/uploads\/usu115\/2017\/12\/IMG-7915.jpg\" alt=\"\" width=\"448\" height=\"336\" \/> <img loading=\"lazy\" decoding=\"async\" class=\"alignnone size-large wp-image-7058\" src=\"http:\/\/agora.xtec.cat\/escjoanmaragall\/wp-content\/uploads\/usu115\/2017\/12\/IMG-7917.jpg\" alt=\"\" width=\"448\" height=\"336\" \/> <img loading=\"lazy\" decoding=\"async\" class=\"alignnone size-large wp-image-7059\" src=\"http:\/\/agora.xtec.cat\/escjoanmaragall\/wp-content\/uploads\/usu115\/2017\/12\/IMG-7918.jpg\" alt=\"\" width=\"448\" height=\"336\" \/> <img loading=\"lazy\" decoding=\"async\" class=\"alignnone size-large wp-image-7060\" src=\"http:\/\/agora.xtec.cat\/escjoanmaragall\/wp-content\/uploads\/usu115\/2017\/12\/IMG-7919.jpg\" alt=\"\" width=\"448\" height=\"336\" \/><\/p>\n<p>Manipulem, montem, creem &#8230;<\/p>\n<p><img loading=\"lazy\" decoding=\"async\" class=\"alignnone size-full wp-image-7210\" src=\"http:\/\/agora.xtec.cat\/escjoanmaragall\/wp-content\/uploads\/usu115\/2017\/12\/IMG-8362.jpg\" alt=\"\" width=\"448\" height=\"336\" \/> <img loading=\"lazy\" decoding=\"async\" class=\"alignnone size-large wp-image-7211\" src=\"http:\/\/agora.xtec.cat\/escjoanmaragall\/wp-content\/uploads\/usu115\/2017\/12\/IMG-8364.jpg\" alt=\"\" width=\"448\" height=\"336\" \/><\/p>\n<p>Per concloure el txt hem citat als pares i els hem exposat tot el qu\u00e8 hem apr\u00e9s.<\/p>\n<p>Ha estat molt emocionant!<\/p>\n<p><img loading=\"lazy\" decoding=\"async\" class=\"size-large wp-image-7613\" src=\"http:\/\/agora.xtec.cat\/escjoanmaragall\/wp-content\/uploads\/usu115\/2017\/12\/P3210009.jpg\" alt=\"\" width=\"448\" height=\"336\" \/><\/p>\n<p><img loading=\"lazy\" decoding=\"async\" class=\"size-large wp-image-7614\" src=\"http:\/\/agora.xtec.cat\/escjoanmaragall\/wp-content\/uploads\/usu115\/2017\/12\/P3210015.jpg\" alt=\"\" width=\"448\" height=\"336\" \/><\/p>\n<p><img loading=\"lazy\" decoding=\"async\" class=\"size-large wp-image-7615\" src=\"http:\/\/agora.xtec.cat\/escjoanmaragall\/wp-content\/uploads\/usu115\/2017\/12\/P3210022.jpg\" alt=\"\" width=\"448\" height=\"336\" \/><\/p>\n<p><img loading=\"lazy\" decoding=\"async\" class=\"size-large wp-image-7616\" src=\"http:\/\/agora.xtec.cat\/escjoanmaragall\/wp-content\/uploads\/usu115\/2017\/12\/P3210025.jpg\" alt=\"\" width=\"448\" height=\"336\" \/><\/p>\n<p><img loading=\"lazy\" decoding=\"async\" class=\"size-large wp-image-7617\" src=\"http:\/\/agora.xtec.cat\/escjoanmaragall\/wp-content\/uploads\/usu115\/2017\/12\/P3210027.jpg\" alt=\"\" width=\"336\" height=\"410\" \/><\/p>\n<p><img loading=\"lazy\" decoding=\"async\" class=\"size-large wp-image-7619\" src=\"http:\/\/agora.xtec.cat\/escjoanmaragall\/wp-content\/uploads\/usu115\/2017\/12\/P3210030.jpg\" alt=\"\" width=\"448\" height=\"336\" \/><\/p>\n<p><img loading=\"lazy\" decoding=\"async\" class=\"size-large wp-image-7620\" src=\"http:\/\/agora.xtec.cat\/escjoanmaragall\/wp-content\/uploads\/usu115\/2017\/12\/P3210035.jpg\" alt=\"\" width=\"448\" height=\"279\" \/><\/p>\n<p><img loading=\"lazy\" decoding=\"async\" class=\"size-large wp-image-7621\" src=\"http:\/\/agora.xtec.cat\/escjoanmaragall\/wp-content\/uploads\/usu115\/2017\/12\/P3210037.jpg\" alt=\"\" width=\"448\" height=\"336\" \/><\/p>\n<p><img loading=\"lazy\" decoding=\"async\" class=\"size-full wp-image-7623\" src=\"http:\/\/agora.xtec.cat\/escjoanmaragall\/wp-content\/uploads\/usu115\/2017\/12\/P3210044-1.jpg\" alt=\"\" width=\"336\" height=\"338\" \/><\/p>\n<p>&nbsp;<\/p>\n<p>&nbsp;<\/p>\n<p>&nbsp;<\/p>\n","protected":false},"excerpt":{"rendered":"<p>Senyo, per qu\u00e8 cauen les dents? aquesta ha estat la pregunta que m\u00e9s han fet els alumnes veient que \u00e9s un fet quotidi\u00e0. A partir d&#8217;aqu\u00ed han sorgit noves curiositats.<\/p>\n<p>LES NOSTRES DENTS<\/p>\n<p>Veient que tots i totes tenim la mateixa boca, junts treballarem aquesta pregunta.<\/p>\n<p>&nbsp;<br \/>\nPer comen\u00e7ar&hellip;  <a href=\"https:\/\/agora.xtec.cat\/escjoanmaragall\/senyo-per-que-ens-cauen-les-dents-i-altres-curiositats\/\" title=\"Read SENYO, PER QU\u00c8 ENS CAUEN LES DENTS? I ALTRES CURIOSITATS&#8230;\">Llegeix m\u00e9s\u00bb<\/a><\/p>\n","protected":false},"author":1,"featured_media":0,"parent":0,"menu_order":0,"comment_status":"closed","ping_status":"closed","template":"","meta":{"_bbp_topic_count":0,"_bbp_reply_count":0,"_bbp_total_topic_count":0,"_bbp_total_reply_count":0,"_bbp_voice_count":0,"_bbp_anonymous_reply_count":0,"_bbp_topic_count_hidden":0,"_bbp_reply_count_hidden":0,"_bbp_forum_subforum_count":0,"footnotes":""},"class_list":["post-6685","page","type-page","status-publish","hentry"],"post_mailing_queue_ids":[],"_links":{"self":[{"href":"https:\/\/agora.xtec.cat\/escjoanmaragall\/wp-json\/wp\/v2\/pages\/6685","targetHints":{"allow":["GET"]}}],"collection":[{"href":"https:\/\/agora.xtec.cat\/escjoanmaragall\/wp-json\/wp\/v2\/pages"}],"about":[{"href":"https:\/\/agora.xtec.cat\/escjoanmaragall\/wp-json\/wp\/v2\/types\/page"}],"author":[{"embeddable":true,"href":"https:\/\/agora.xtec.cat\/escjoanmaragall\/wp-json\/wp\/v2\/users\/1"}],"replies":[{"embeddable":true,"href":"https:\/\/agora.xtec.cat\/escjoanmaragall\/wp-json\/wp\/v2\/comments?post=6685"}],"version-history":[{"count":4,"href":"https:\/\/agora.xtec.cat\/escjoanmaragall\/wp-json\/wp\/v2\/pages\/6685\/revisions"}],"predecessor-version":[{"id":7624,"href":"https:\/\/agora.xtec.cat\/escjoanmaragall\/wp-json\/wp\/v2\/pages\/6685\/revisions\/7624"}],"wp:attachment":[{"href":"https:\/\/agora.xtec.cat\/escjoanmaragall\/wp-json\/wp\/v2\/media?parent=6685"}],"curies":[{"name":"wp","href":"https:\/\/api.w.org\/{rel}","templated":true}]}}