{"id":6351,"date":"2017-10-23T17:55:31","date_gmt":"2017-10-23T15:55:31","guid":{"rendered":"http:\/\/agora.xtec.cat\/escjoanmaragall\/?page_id=6351"},"modified":"2018-02-05T18:33:02","modified_gmt":"2018-02-05T17:33:02","slug":"tallers-cicle-superior","status":"publish","type":"page","link":"https:\/\/agora.xtec.cat\/escjoanmaragall\/tallers-cicle-superior\/","title":{"rendered":"TALLERS: CICLE SUPERIOR"},"content":{"rendered":"<p>Aquest trimestre hem dedicat el nostre taller a estudiar la llum. Per taules i amb el material adequat hem treballat la reflexi\u00f3, refracci\u00f3, descomposici\u00f3 de la llum i la seva direcci\u00f3. Ten\u00edem a l&#8217;abast prismes, miralls, botella amb aigua, lupes, calidoscopis, llanternes, ciris, una taula de llum&#8230;<\/p>\n<p>Hem observat que la llum blanca es descomposa en els set colors de l&#8217;arc iris, que la rateta es pot fer amb superf\u00edcies molt polides, que una botella plena d&#8217;aigua ens pot servir de lupa, que hi ha diferents tipus de calidoscopis, com funciona el nostre ull amb les imatges a l&#8217;inrev\u00e9s,&#8230;<\/p>\n<p><img loading=\"lazy\" decoding=\"async\" class=\"size-full wp-image-7162\" src=\"http:\/\/agora.xtec.cat\/escjoanmaragall\/wp-content\/uploads\/usu115\/2017\/10\/foto1.jpg\" alt=\"\" width=\"480\" height=\"634\" \/><\/p>\n<p><img loading=\"lazy\" decoding=\"async\" class=\"size-large wp-image-7163\" src=\"http:\/\/agora.xtec.cat\/escjoanmaragall\/wp-content\/uploads\/usu115\/2017\/10\/foto2.jpg\" alt=\"\" width=\"480\" height=\"622\" \/><\/p>\n<p><img loading=\"lazy\" decoding=\"async\" class=\"size-large wp-image-7164\" src=\"http:\/\/agora.xtec.cat\/escjoanmaragall\/wp-content\/uploads\/usu115\/2017\/10\/foto3.jpg\" alt=\"\" width=\"428\" height=\"157\" \/><\/p>\n<p><img loading=\"lazy\" decoding=\"async\" class=\"size-large wp-image-7165\" src=\"http:\/\/agora.xtec.cat\/escjoanmaragall\/wp-content\/uploads\/usu115\/2017\/10\/foto4.jpg\" alt=\"\" width=\"640\" height=\"290\" \/><\/p>\n<p>&nbsp;<\/p>\n<p>&nbsp;<\/p>\n<p>&nbsp;<\/p>\n<p>Aquest taller va de fongs!<\/p>\n<figure class=\"figure wp-caption alignnone\"><img loading=\"lazy\" decoding=\"async\" class=\"size-large wp-image-6472\" src=\"http:\/\/agora.xtec.cat\/escjoanmaragall\/wp-content\/uploads\/usu115\/2017\/10\/mural-taller-1-dia-1-2-fet.jpg\" alt=\"\" width=\"640\" height=\"426\" \/><figcaption class=\"wp-caption-text\">L&#8217;objectiu \u00e9s con\u00e8ixer aquest regne d&#8217; \u00e9ssers vius tan importants en el cicle de la mat\u00e8ria i la vida al nostre planeta. Hi veurem llevats, floridures i bolets! A m\u00e9s utilitzarem la lupa binocular i la lupa digital!<\/figcaption><\/figure>\n<figure class=\"figure wp-caption alignnone\"><img loading=\"lazy\" decoding=\"async\" class=\"size-large wp-image-6473\" src=\"http:\/\/agora.xtec.cat\/escjoanmaragall\/wp-content\/uploads\/usu115\/2017\/10\/taller-1-dia-1-12-fet-879x1024.jpg\" alt=\"\" width=\"879\" height=\"1024\" \/><figcaption class=\"wp-caption-text\">Ara entenem perqu\u00e8 a la tardor hi ha tants bolets al bosc! Perqu\u00e8 no s\u00f3n de color verd! Perqu\u00e8 es posa llevats al pa! Perqu\u00e8 les floridures creixen sobre fruites en descomposici\u00f3! i Perqu\u00e8 hi ha m\u00e9s fongs que plantes i animals!<\/figcaption><\/figure>\n","protected":false},"excerpt":{"rendered":"<p>Aquest trimestre hem dedicat el nostre taller a estudiar la llum. Per taules i amb el material adequat hem treballat la reflexi\u00f3, refracci\u00f3, descomposici\u00f3 de la llum i la seva direcci\u00f3. Ten\u00edem a l&#8217;abast prismes, miralls, botella amb aigua, lupes, calidoscopis, llanternes, ciris, una taula&hellip;  <a href=\"https:\/\/agora.xtec.cat\/escjoanmaragall\/tallers-cicle-superior\/\" title=\"Read TALLERS: CICLE SUPERIOR\">Llegeix m\u00e9s\u00bb<\/a><\/p>\n","protected":false},"author":1,"featured_media":0,"parent":0,"menu_order":0,"comment_status":"closed","ping_status":"closed","template":"","meta":{"_bbp_topic_count":0,"_bbp_reply_count":0,"_bbp_total_topic_count":0,"_bbp_total_reply_count":0,"_bbp_voice_count":0,"_bbp_anonymous_reply_count":0,"_bbp_topic_count_hidden":0,"_bbp_reply_count_hidden":0,"_bbp_forum_subforum_count":0,"footnotes":""},"class_list":["post-6351","page","type-page","status-publish","hentry"],"post_mailing_queue_ids":[],"_links":{"self":[{"href":"https:\/\/agora.xtec.cat\/escjoanmaragall\/wp-json\/wp\/v2\/pages\/6351","targetHints":{"allow":["GET"]}}],"collection":[{"href":"https:\/\/agora.xtec.cat\/escjoanmaragall\/wp-json\/wp\/v2\/pages"}],"about":[{"href":"https:\/\/agora.xtec.cat\/escjoanmaragall\/wp-json\/wp\/v2\/types\/page"}],"author":[{"embeddable":true,"href":"https:\/\/agora.xtec.cat\/escjoanmaragall\/wp-json\/wp\/v2\/users\/1"}],"replies":[{"embeddable":true,"href":"https:\/\/agora.xtec.cat\/escjoanmaragall\/wp-json\/wp\/v2\/comments?post=6351"}],"version-history":[{"count":3,"href":"https:\/\/agora.xtec.cat\/escjoanmaragall\/wp-json\/wp\/v2\/pages\/6351\/revisions"}],"predecessor-version":[{"id":7166,"href":"https:\/\/agora.xtec.cat\/escjoanmaragall\/wp-json\/wp\/v2\/pages\/6351\/revisions\/7166"}],"wp:attachment":[{"href":"https:\/\/agora.xtec.cat\/escjoanmaragall\/wp-json\/wp\/v2\/media?parent=6351"}],"curies":[{"name":"wp","href":"https:\/\/api.w.org\/{rel}","templated":true}]}}