{"id":4782,"date":"2017-01-13T09:24:59","date_gmt":"2017-01-13T08:24:59","guid":{"rendered":"http:\/\/agora.xtec.cat\/escjoanmaragall\/?page_id=4782"},"modified":"2017-03-20T18:11:00","modified_gmt":"2017-03-20T17:11:00","slug":"fem-barri-3","status":"publish","type":"page","link":"https:\/\/agora.xtec.cat\/escjoanmaragall\/fem-barri-3\/","title":{"rendered":"FEM BARRI"},"content":{"rendered":"<p>A l&#8217;escola ens ha arribat un correu electr\u00f2nic d&#8217;una fam\u00edlia que necessita informaci\u00f3 de les escoles i del barri de la Bordeta. Tenen un nen de tres anys i l&#8217;any que ve comen\u00e7ar\u00e0 l&#8217;escola.<\/p>\n<p><img loading=\"lazy\" decoding=\"async\" class=\"wp-image-4903 aligncenter\" src=\"http:\/\/agora.xtec.cat\/escjoanmaragall\/wp-content\/uploads\/usu115\/2017\/01\/DSC04340-576x1024.jpg\" alt=\"dsc04340\" width=\"513\" height=\"912\" \/><\/p>\n<p><img loading=\"lazy\" decoding=\"async\" class=\"alignnone size-large wp-image-4905\" src=\"http:\/\/agora.xtec.cat\/escjoanmaragall\/wp-content\/uploads\/usu115\/2017\/01\/DSC04342-1024x576.jpg\" alt=\"dsc04342\" width=\"1024\" height=\"576\" \/><\/p>\n<p>Per aquest motiu els nens i nenes de primer, aquest trimestre visitarem diferents establiments del barri.<\/p>\n<p>Dimarts passat vam visitar la Verduleria on vam aprendre moltes coses.<\/p>\n<p><img loading=\"lazy\" decoding=\"async\" class=\"alignnone size-large wp-image-4879\" src=\"http:\/\/agora.xtec.cat\/escjoanmaragall\/wp-content\/uploads\/usu115\/2017\/01\/DSC04213-1024x576.jpg\" alt=\"dsc04213\" width=\"1024\" height=\"576\" \/><\/p>\n<p><img loading=\"lazy\" decoding=\"async\" class=\"alignnone size-large wp-image-4880\" src=\"http:\/\/agora.xtec.cat\/escjoanmaragall\/wp-content\/uploads\/usu115\/2017\/01\/DSC04240-1024x576.jpg\" alt=\"dsc04240\" width=\"1024\" height=\"576\" \/><\/p>\n<p>Un cop a la classe hem fet mem\u00f2ria del qu\u00e8 hem vist. Hem fet fitxes de vocabulari on hem escrit fruites i verdures i les hem pintat del seu color corresponent.<\/p>\n<p><img loading=\"lazy\" decoding=\"async\" class=\"alignnone wp-image-4951\" src=\"http:\/\/agora.xtec.cat\/escjoanmaragall\/wp-content\/uploads\/usu115\/2017\/01\/DSC04451_opt2.jpg\" alt=\"dsc04451_opt2\" width=\"324\" height=\"182\" \/>\u00a0\u00a0\u00a0 <img loading=\"lazy\" decoding=\"async\" class=\"alignnone wp-image-4953\" src=\"http:\/\/agora.xtec.cat\/escjoanmaragall\/wp-content\/uploads\/usu115\/2017\/01\/DSC04452_opt.jpg\" alt=\"dsc04452_opt\" width=\"322\" height=\"181\" \/><\/p>\n<p><img loading=\"lazy\" decoding=\"async\" class=\"alignnone wp-image-4955\" src=\"http:\/\/agora.xtec.cat\/escjoanmaragall\/wp-content\/uploads\/usu115\/2017\/01\/DSC04454_opt1.jpg\" alt=\"dsc04454_opt1\" width=\"322\" height=\"181\" \/>\u00a0 \u00a0\u00a0 <img loading=\"lazy\" decoding=\"async\" class=\"alignnone wp-image-4957\" src=\"http:\/\/agora.xtec.cat\/escjoanmaragall\/wp-content\/uploads\/usu115\/2017\/01\/DSC04455_opt.jpg\" alt=\"dsc04455_opt\" width=\"323\" height=\"182\" \/><\/p>\n<p>La setmana vinent anirem a visitar la carnisseria i la peixateria del plus. A la classe hem pensat qu\u00e8 \u00e9s el que ens interessaria saber i en quines coses en hi fixarem. A la pissarra hem escrit algunes d&#8217;aquestes preguntes.<\/p>\n<p><img loading=\"lazy\" decoding=\"async\" class=\"wp-image-5212 aligncenter\" src=\"http:\/\/agora.xtec.cat\/escjoanmaragall\/wp-content\/uploads\/usu115\/2017\/01\/DSC04663_opt.jpg\" alt=\"dsc04663_opt\" width=\"716\" height=\"537\" \/><\/p>\n<p><img loading=\"lazy\" decoding=\"async\" class=\"wp-image-5213 aligncenter\" src=\"http:\/\/agora.xtec.cat\/escjoanmaragall\/wp-content\/uploads\/usu115\/2017\/01\/DSC04664_opt.jpg\" alt=\"dsc04664_opt\" width=\"398\" height=\"531\" \/><\/p>\n<p>&nbsp;<\/p>\n<p>Avui els nens i les nenes de primer hem visitat la carnisseria i la peixateria del Plus.<\/p>\n<p>Hem pogut observar com trobem preparats els peixos i la carn al mostrador a punt de vendre.<\/p>\n<p>Hem viscut en directe\u00a0 com les peixateres i les carnisseres netejaven, pesaven, cobraven i entregaven el producte a les clientes abans de portar-ho a casa.<\/p>\n<p>Ha estat una sortida mooooooolt interessant!!!!<\/p>\n<p>Ens ho hem passat molt b\u00e9!!!!<\/p>\n<p><img loading=\"lazy\" decoding=\"async\" class=\"wp-image-5214 aligncenter\" src=\"http:\/\/agora.xtec.cat\/escjoanmaragall\/wp-content\/uploads\/usu115\/2017\/01\/DSC_0038_opt.jpg\" alt=\"dsc_0038_opt\" width=\"738\" height=\"493\" \/>\u00a0\u00a0 <img loading=\"lazy\" decoding=\"async\" class=\"wp-image-5215 aligncenter\" src=\"http:\/\/agora.xtec.cat\/escjoanmaragall\/wp-content\/uploads\/usu115\/2017\/01\/DSC_0048_opt.jpg\" alt=\"dsc_0048_opt\" width=\"770\" height=\"514\" \/><\/p>\n<p><img loading=\"lazy\" decoding=\"async\" class=\"wp-image-5216 aligncenter\" src=\"http:\/\/agora.xtec.cat\/escjoanmaragall\/wp-content\/uploads\/usu115\/2017\/01\/DSC_0052_opt.jpg\" alt=\"dsc_0052_opt\" width=\"771\" height=\"515\" \/><\/p>\n<p><img loading=\"lazy\" decoding=\"async\" class=\"wp-image-5223 aligncenter\" src=\"http:\/\/agora.xtec.cat\/escjoanmaragall\/wp-content\/uploads\/usu115\/2017\/01\/DSC_0049_opt.jpg\" alt=\"dsc_0049_opt\" width=\"735\" height=\"491\" \/><\/p>\n<p><img loading=\"lazy\" decoding=\"async\" class=\" wp-image-5217 aligncenter\" src=\"http:\/\/agora.xtec.cat\/escjoanmaragall\/wp-content\/uploads\/usu115\/2017\/01\/DSC_0024_opt.jpg\" alt=\"dsc_0024_opt\" width=\"792\" height=\"529\" \/><\/p>\n<p>&nbsp;<\/p>\n<p>&nbsp;<\/p>\n<p>Al arribar a l&#8217;escola hem fet una fitxa on hav\u00edem de relacionar quins productes obtenim de cada animal.<\/p>\n<p>L&#8217;hem fet amb molt bona lletra i ens ha quedat molt xula.<\/p>\n<p><img loading=\"lazy\" decoding=\"async\" class=\"alignnone wp-image-5218\" src=\"http:\/\/agora.xtec.cat\/escjoanmaragall\/wp-content\/uploads\/usu115\/2017\/01\/DSC04780_opt.jpg\" alt=\"dsc04780_opt\" width=\"364\" height=\"273\" \/>\u00a0 <img loading=\"lazy\" decoding=\"async\" class=\"alignnone wp-image-5220\" src=\"http:\/\/agora.xtec.cat\/escjoanmaragall\/wp-content\/uploads\/usu115\/2017\/01\/DSC04783_opt.jpg\" alt=\"dsc04783_opt\" width=\"366\" height=\"275\" \/><\/p>\n<p>Avui hem completat la fitxa d&#8217;un peix amb les seves parts del cos.<\/p>\n<p>Hem descobert que cada aleta del peix\u00a0 t\u00e9 un nom diferent segons en quin lloc est\u00e0 situada.<\/p>\n<p>Tamb\u00e9 hem fet una feina sobre tot el cam\u00ed que segueix un peix des del moment\u00a0 que el pesquen fins que el tenim al nostre plat a punt per menjar.<\/p>\n<p><img loading=\"lazy\" decoding=\"async\" class=\" wp-image-5279 aligncenter\" src=\"http:\/\/agora.xtec.cat\/escjoanmaragall\/wp-content\/uploads\/usu115\/2017\/01\/IMG_2442_opt-1-e1488971257382.jpg\" alt=\"img_2442_opt\" width=\"457\" height=\"608\" \/><\/p>\n<p>Hem apr\u00e8s moltes coses.<\/p>\n<p><img loading=\"lazy\" decoding=\"async\" class=\"wp-image-5262 aligncenter\" src=\"http:\/\/agora.xtec.cat\/escjoanmaragall\/wp-content\/uploads\/usu115\/2017\/01\/2017-03-08-PHOTO-00000740-1024x614.jpg\" alt=\"2017-03-08-photo-00000740\" width=\"513\" height=\"308\" \/><\/p>\n<p><img loading=\"lazy\" decoding=\"async\" class=\"alignnone wp-image-5264\" src=\"http:\/\/agora.xtec.cat\/escjoanmaragall\/wp-content\/uploads\/usu115\/2017\/01\/IMG_2421-1024x614.jpg\" alt=\"img_2421\" width=\"399\" height=\"239\" \/>\u00a0\u00a0 <img loading=\"lazy\" decoding=\"async\" class=\"alignnone wp-image-5265\" src=\"http:\/\/agora.xtec.cat\/escjoanmaragall\/wp-content\/uploads\/usu115\/2017\/01\/IMG_2422-1024x614.jpg\" alt=\"img_2422\" width=\"400\" height=\"240\" \/><\/p>\n<p>&nbsp;<\/p>\n<p>Ahir pel mat\u00ed vam anar a la floristeria i botiga de mascotes &#8220;L&#8217;oceller&#8221;, que est\u00e0 al nostre barri.<\/p>\n<p>La M.Mar ens va explicar moltes coses sobre les plantes, les flors i els animals de companyia.<\/p>\n<p>Ens va ensenyar una habitaci\u00f3 on tenen molt ben cuidats ens les seves g\u00e0bies, diferents tipus d&#8217;animals com r\u00e8ptils, ocells, peixos i petits mam\u00edfers.<\/p>\n<p>Vam poder tocar una serp i olorar unes flors.<\/p>\n<p><img loading=\"lazy\" decoding=\"async\" class=\"size-full wp-image-5267 aligncenter\" src=\"http:\/\/agora.xtec.cat\/escjoanmaragall\/wp-content\/uploads\/usu115\/2017\/01\/DSC_0049-2_opt.jpg\" alt=\"dsc_0049-2_opt\" width=\"400\" height=\"267\" \/> <img loading=\"lazy\" decoding=\"async\" class=\"size-full wp-image-5268 aligncenter\" src=\"http:\/\/agora.xtec.cat\/escjoanmaragall\/wp-content\/uploads\/usu115\/2017\/01\/DSC_0053_opt.jpg\" alt=\"dsc_0053_opt\" width=\"400\" height=\"267\" \/><\/p>\n<p><img loading=\"lazy\" decoding=\"async\" class=\"size-full wp-image-5269 aligncenter\" src=\"http:\/\/agora.xtec.cat\/escjoanmaragall\/wp-content\/uploads\/usu115\/2017\/01\/DSC04890_opt.jpg\" alt=\"dsc04890_opt\" width=\"400\" height=\"300\" \/><\/p>\n<p><img loading=\"lazy\" decoding=\"async\" class=\"wp-image-5270 aligncenter\" src=\"http:\/\/agora.xtec.cat\/escjoanmaragall\/wp-content\/uploads\/usu115\/2017\/01\/DSC_0025_opt.jpg\" alt=\"dsc_0025_opt\" width=\"449\" height=\"300\" \/><\/p>\n<p>Tamb\u00e9 vam veure com un r\u00e8ptil es menjava uns cucs per esmorzar.<\/p>\n<p><img loading=\"lazy\" decoding=\"async\" class=\" wp-image-5271 aligncenter\" src=\"http:\/\/agora.xtec.cat\/escjoanmaragall\/wp-content\/uploads\/usu115\/2017\/01\/DSC04932_opt.jpg\" alt=\"dsc04932_opt\" width=\"487\" height=\"365\" \/><\/p>\n<p>&nbsp;<\/p>\n<p>Abans de marxar ens van donar dos detalls. Un conte sobre mascotes en angl\u00e8s i un dibuix per pintar i participar en un concurs. Moltes gr\u00e0cies!!!!<\/p>\n<p>&nbsp;<\/p>\n<p><img loading=\"lazy\" decoding=\"async\" class=\"size-full wp-image-5273 aligncenter\" src=\"http:\/\/agora.xtec.cat\/escjoanmaragall\/wp-content\/uploads\/usu115\/2017\/01\/DSC04948_opt.jpg\" alt=\"dsc04948_opt\" width=\"400\" height=\"300\" \/><\/p>\n<p>&nbsp;<\/p>\n<p>Va ser una visita molt profitosa i divertida.<\/p>\n<p>Vam gaudir molt!!!!<\/p>\n<p><img loading=\"lazy\" decoding=\"async\" class=\"wp-image-5274 aligncenter\" src=\"http:\/\/agora.xtec.cat\/escjoanmaragall\/wp-content\/uploads\/usu115\/2017\/01\/DSC_0038-2_opt.jpg\" alt=\"dsc_0038-2_opt\" width=\"587\" height=\"392\" \/><\/p>\n<p>&nbsp;<\/p>\n<p><img loading=\"lazy\" decoding=\"async\" class=\"wp-image-5275 aligncenter\" src=\"http:\/\/agora.xtec.cat\/escjoanmaragall\/wp-content\/uploads\/usu115\/2017\/01\/DSC04952_opt.jpg\" alt=\"dsc04952_opt\" width=\"590\" height=\"442\" \/><\/p>\n<p>&nbsp;<\/p>\n<p>Vam decidir posar-nos en contacte amb alg\u00fa que fos expert en comer\u00e7os de la Bordeta i vam localitzar a la Ica Garc\u00eda Carmona.<\/p>\n<p>La Ica va ser presidenta de associaci\u00f3 de comerciants de la Bordeta durant 7 anys i secretaria durant 15 anys, des de 2002 que es va crear l\u2019associaci\u00f3.<\/p>\n<p>Va venir a visitar-nos a l\u2019escola i ens va explicar un munt de coses sobre els comer\u00e7os i sobretot va respondre a les nostres preguntes.<\/p>\n<p>Tamb\u00e9 vam visualitzar un v\u00eddeo molt interessant.<\/p>\n<p>La visita va ser molt profitosa ja que ens vam fer una petita idea de com ha canviat el comer\u00e7 en el nostre barri.<\/p>\n<p>Ens ho vam passar molt b\u00e9!!<\/p>\n<p><img loading=\"lazy\" decoding=\"async\" class=\"wp-image-5303 aligncenter\" src=\"http:\/\/agora.xtec.cat\/escjoanmaragall\/wp-content\/uploads\/usu115\/2017\/01\/IMG_2457_opt1.jpg\" alt=\"img_2457_opt1\" width=\"540\" height=\"324\" \/><\/p>\n<p>&nbsp;<\/p>\n<p>Per finalitzar el nostre TXT hem donat resposta a la carta que hav\u00edem rebut del Miquel i la Maria.<\/p>\n<p>L&#8217;hem pensat entre tots!!<\/p>\n<p><img loading=\"lazy\" decoding=\"async\" class=\"wp-image-5362 aligncenter\" src=\"http:\/\/agora.xtec.cat\/escjoanmaragall\/wp-content\/uploads\/usu115\/2017\/01\/IMG_2552_opt.jpg\" alt=\"img_2552_opt\" width=\"562\" height=\"749\" \/><\/p>\n<p><img loading=\"lazy\" decoding=\"async\" class=\"alignnone wp-image-5383 aligncenter\" src=\"http:\/\/agora.xtec.cat\/escjoanmaragall\/wp-content\/uploads\/usu115\/2017\/01\/carta_opt.jpg\" alt=\"carta_opt\" width=\"550\" height=\"917\" \/><\/p>\n","protected":false},"excerpt":{"rendered":"<p>A l&#8217;escola ens ha arribat un correu electr\u00f2nic d&#8217;una fam\u00edlia que necessita informaci\u00f3 de les escoles i del barri de la Bordeta. Tenen un nen de tres anys i l&#8217;any que ve comen\u00e7ar\u00e0 l&#8217;escola.<\/p>\n<p>Per aquest motiu els nens i nenes de primer, aquest trimestre visitarem&hellip;  <a href=\"https:\/\/agora.xtec.cat\/escjoanmaragall\/fem-barri-3\/\" title=\"Read FEM BARRI\">Llegeix m\u00e9s\u00bb<\/a><\/p>\n","protected":false},"author":1,"featured_media":0,"parent":0,"menu_order":0,"comment_status":"closed","ping_status":"closed","template":"","meta":{"_bbp_topic_count":0,"_bbp_reply_count":0,"_bbp_total_topic_count":0,"_bbp_total_reply_count":0,"_bbp_voice_count":0,"_bbp_anonymous_reply_count":0,"_bbp_topic_count_hidden":0,"_bbp_reply_count_hidden":0,"_bbp_forum_subforum_count":0,"footnotes":""},"class_list":["post-4782","page","type-page","status-publish","hentry"],"post_mailing_queue_ids":[],"_links":{"self":[{"href":"https:\/\/agora.xtec.cat\/escjoanmaragall\/wp-json\/wp\/v2\/pages\/4782","targetHints":{"allow":["GET"]}}],"collection":[{"href":"https:\/\/agora.xtec.cat\/escjoanmaragall\/wp-json\/wp\/v2\/pages"}],"about":[{"href":"https:\/\/agora.xtec.cat\/escjoanmaragall\/wp-json\/wp\/v2\/types\/page"}],"author":[{"embeddable":true,"href":"https:\/\/agora.xtec.cat\/escjoanmaragall\/wp-json\/wp\/v2\/users\/1"}],"replies":[{"embeddable":true,"href":"https:\/\/agora.xtec.cat\/escjoanmaragall\/wp-json\/wp\/v2\/comments?post=4782"}],"version-history":[{"count":5,"href":"https:\/\/agora.xtec.cat\/escjoanmaragall\/wp-json\/wp\/v2\/pages\/4782\/revisions"}],"predecessor-version":[{"id":5386,"href":"https:\/\/agora.xtec.cat\/escjoanmaragall\/wp-json\/wp\/v2\/pages\/4782\/revisions\/5386"}],"wp:attachment":[{"href":"https:\/\/agora.xtec.cat\/escjoanmaragall\/wp-json\/wp\/v2\/media?parent=4782"}],"curies":[{"name":"wp","href":"https:\/\/api.w.org\/{rel}","templated":true}]}}