{"id":4071,"date":"2016-10-26T11:57:45","date_gmt":"2016-10-26T09:57:45","guid":{"rendered":"http:\/\/agora.xtec.cat\/escjoanmaragall\/?page_id=4071"},"modified":"2017-02-20T13:56:29","modified_gmt":"2017-02-20T12:56:29","slug":"joan-maragall-3","status":"publish","type":"page","link":"https:\/\/agora.xtec.cat\/escjoanmaragall\/joan-maragall-3\/","title":{"rendered":"JOAN MARAGALL"},"content":{"rendered":"<p>A 5\u00e8 ens toca treballar l&#8217;escola com a projecte inicial.<img loading=\"lazy\" decoding=\"async\" class=\"wp-image-4167 alignright\" src=\"http:\/\/agora.xtec.cat\/escjoanmaragall\/wp-content\/uploads\/usu115\/2016\/10\/joan-maragall.jpg\" alt=\"joan-maragall\" width=\"267\" height=\"159\" \/><\/p>\n<p>La motivaci\u00f3 aquest curs va ser doble: primer la sortida de conviv\u00e8ncia feta a Barcelona en qu\u00e8 v\u00e0rem visitar a m\u00e9s de CosmoCaixa, l&#8217;Arxiu casa museu on va viure Joan Margall i segon, un dia de pluja a Lleida \u00a0i l&#8217;est<img loading=\"lazy\" decoding=\"async\" class=\"size-large wp-image-4168 alignleft\" src=\"http:\/\/agora.xtec.cat\/escjoanmaragall\/wp-content\/uploads\/usu115\/2016\/10\/L-Arxiu-Joan-Maragall-com-a-eina-de-coneixement-de-la-historia-de-Catalunya_large.jpg\" alt=\"l-arxiu-joan-maragall-com-a-eina-de-coneixement-de-la-historia-de-catalunya_large\" width=\"300\" height=\"200\" \/>at en qu\u00e8 va quedar el pati de P\u00e0rvuls.<\/p>\n<p>Un grup de 5\u00e8 va escriure una carta al Sr alcalde \u00c0ngel Ros per demanar-li millores i la sorpresa fou la seva resposta personal. L&#8217;altre grup de 5\u00e8 tamb\u00e9 li far\u00e0 una carta en finalitzar el projecte. Aprenem a ser agra\u00efts!<\/p>\n<p><img loading=\"lazy\" decoding=\"async\" class=\"wp-image-4120 alignright\" src=\"http:\/\/agora.xtec.cat\/escjoanmaragall\/wp-content\/uploads\/usu115\/2016\/11\/DSCN2064-282x376.jpg\" alt=\"dscn2064\" width=\"265\" height=\"353\" \/><\/p>\n<p>Els altres temes que treballem al projecte parteixen dels interessos dels alumnes i tamb\u00e9 de la programaci\u00f3 de les mestres. Aix\u00ed que s\u00f3n aquests:<\/p>\n<ul style=\"list-style-type: circle;\">\n<li>Pl\u00e0nols i mapes. Localitzaci\u00f3 de l&#8217;escola amb el google maps.<\/li>\n<li>Mesures de l&#8217;escola.<\/li>\n<li>Poblaci\u00f3 de l&#8217;escola.<\/li>\n<li>Joan Maragall. Biografia. Obres<\/li>\n<li>Canvis al llarg del temps<\/li>\n<li>Racons d&#8217;escola<\/li>\n<li>Els gegants de l&#8217;escola<\/li>\n<\/ul>\n<p>Com que tamb\u00e9 fem geometria hem fet fotografies i amb el programa Dpaint les hem modificat marcant tipus de rectes.<\/p>\n<p><img loading=\"lazy\" decoding=\"async\" class=\"alignnone wp-image-4218\" src=\"http:\/\/agora.xtec.cat\/escjoanmaragall\/wp-content\/uploads\/usu115\/2016\/10\/alicia-1.jpg\" alt=\"alicia-1\" width=\"390\" height=\"293\" \/><img loading=\"lazy\" decoding=\"async\" class=\"alignnone wp-image-4219\" src=\"http:\/\/agora.xtec.cat\/escjoanmaragall\/wp-content\/uploads\/usu115\/2016\/10\/jade-1.jpg\" alt=\"jade-1\" width=\"269\" height=\"359\" \/><\/p>\n<div id=\"wpwrap\">\n<div id=\"wpcontent\">\n<div id=\"wpbody\">\n<div id=\"wpbody-content\" tabindex=\"0\">\n<div class=\"wrap\">\n<form id=\"post\" action=\"https:\/\/agora.xtec.cat\/escjoanmaragall\/wp-admin\/post.php\" autocomplete=\"off\" method=\"post\" name=\"post\">\n<div id=\"poststuff\">\u00a0<img loading=\"lazy\" decoding=\"async\" class=\"wp-image-4221 alignright\" src=\"http:\/\/agora.xtec.cat\/escjoanmaragall\/wp-content\/uploads\/usu115\/2016\/10\/Mohamed-1.jpg\" alt=\"mohamed-1\" width=\"434\" height=\"326\" \/><img loading=\"lazy\" decoding=\"async\" class=\"wp-image-4222 alignnone\" src=\"http:\/\/agora.xtec.cat\/escjoanmaragall\/wp-content\/uploads\/usu115\/2016\/10\/dan-1.jpg\" alt=\"dan-1\" width=\"427\" height=\"319\" \/><\/div>\n<p>&nbsp;<\/p>\n<p>A Inform\u00e0tica busquem la biografia de Joan Maragall i tamb\u00e9 poemes per aprendre i recitar. Alguns alumnes van anar a gravar-lo a Magical juntament amb els alumnes de 3r.<\/p>\n<p>Vam treballar diferents maneres de representar l&#8217;escola des del logo, passant per les fotografies fetes per alumnes i les vistes des de l&#8217;aire. Aix\u00ed vam passar a dibuixar els pl\u00e0nols i per a iniciar-nos, represent\u00e0rem el pl\u00e0nol de la nostra classe. <img loading=\"lazy\" decoding=\"async\" class=\"alignnone wp-image-4764\" src=\"http:\/\/agora.xtec.cat\/escjoanmaragall\/wp-content\/uploads\/usu115\/2016\/10\/pl\u00e0nol.jpg\" alt=\"planol\" width=\"359\" height=\"243\" \/><\/p>\n<p>&nbsp;<\/p>\n<p>Amb el google maps hem localitzat b\u00e9 l&#8217;escola i hem pres les mesures dels edificis.<\/p>\n<p>A la classe de Matem\u00e0tiques calcularem per\u00edmetres i superf\u00edcies i tamb\u00e9 els representarem a l&#8217;escala. \u00a0<a href=\"http:\/\/agora.xtec.cat\/escjoanmaragall\/wp-content\/uploads\/usu115\/2016\/10\/pl\u00e0nol-escola.pdf\">planol-escola<\/a><\/p>\n<p>Vam mesurar les dimensions dels quatre edificis de l&#8217;escola: Infantil, Principal, Annex i Menjador.<\/p>\n<p>A continuaci\u00f3 vam passar els metres a cent\u00edmetres per treballar a l&#8217;escala 1:100 i en petits grups vam representar i \u00a0retallar l&#8217;edifici que ens tocava.<\/p>\n<p>Properament,\u00a0 muntarem un mural a la classe i a m\u00e9s cadasc\u00fa va dibuixar-ne un per desar al folder del projecte.<\/p>\n<div><img loading=\"lazy\" decoding=\"async\" class=\"alignnone wp-image-4321\" src=\"http:\/\/agora.xtec.cat\/escjoanmaragall\/wp-content\/uploads\/usu115\/2016\/10\/dibuixant.jpg\" alt=\"dibuixant\" width=\"328\" height=\"230\" \/><\/div>\n<div><\/div>\n<div><img loading=\"lazy\" decoding=\"async\" class=\"alignnone wp-image-4322\" src=\"http:\/\/agora.xtec.cat\/escjoanmaragall\/wp-content\/uploads\/usu115\/2016\/10\/infantil-100.jpg\" alt=\"infantil-100\" width=\"362\" height=\"271\" \/><\/div>\n<div><\/div>\n<p>Una altra activitat va ser treballar la poblaci\u00f3 de l&#8217;escola. Quants alumnes hi ha?<\/p>\n<p>Es va demanar\u00a0 a la Rosa la llista dels alumnes de classe i vam fer un recompte de nens, nenes i tamb\u00e9 de les diferents nacionalitats.<\/p>\n<div><img loading=\"lazy\" decoding=\"async\" class=\"alignnone wp-image-4762\" src=\"http:\/\/agora.xtec.cat\/escjoanmaragall\/wp-content\/uploads\/usu115\/2016\/10\/dades.jpg\" alt=\"dades\" width=\"200\" height=\"242\" \/><img loading=\"lazy\" decoding=\"async\" class=\"wp-image-4763 alignright\" src=\"http:\/\/agora.xtec.cat\/escjoanmaragall\/wp-content\/uploads\/usu115\/2016\/10\/piramide.jpg\" alt=\"piramide\" width=\"208\" height=\"236\" \/><\/div>\n<p>Es va recollir en una taula i despr\u00e9s es va representar en una pir\u00e0mide de poblaci\u00f3.Tamb\u00e9 es va pintar en una mapa mundi els pa\u00efsos on sortien les\u00a0 diferents nacionalitats del nostre alumnat.<\/p>\n<p>A Pl\u00e0stica vam treballar el Logo de l&#8217;escola i el vam dibuixar. Ser\u00e0 la contraportada del projecte. Tamb\u00e9 v\u00e0rem dibuixar el gegant Antoni i li vam arreglar les mans.<\/p>\n<p><img loading=\"lazy\" decoding=\"async\" class=\"alignnone wp-image-5073\" src=\"http:\/\/agora.xtec.cat\/escjoanmaragall\/wp-content\/uploads\/usu115\/2016\/10\/gegant-dimoni.jpg\" alt=\"gegant-dimoni\" width=\"191\" height=\"254\" \/>\u00a0 <img loading=\"lazy\" decoding=\"async\" class=\"alignnone wp-image-5074\" src=\"http:\/\/agora.xtec.cat\/escjoanmaragall\/wp-content\/uploads\/usu115\/2016\/10\/gegant1.jpg\" alt=\"gegant1\" width=\"229\" height=\"172\" \/> <img loading=\"lazy\" decoding=\"async\" class=\"alignnone size-large wp-image-5075\" src=\"http:\/\/agora.xtec.cat\/escjoanmaragall\/wp-content\/uploads\/usu115\/2016\/10\/gegant2.jpg\" alt=\"gegant2\" width=\"640\" height=\"480\" \/><\/p>\n<p>Despr\u00e9s v\u00e0rem entrevistar a les mestres Francesca i Rosa, per recordar com l&#8217;hav\u00edem fet ja que foren les nostres mestres durant tota l&#8217;educaci\u00f3 infantil. Vam recordar el perqu\u00e8 el vam fer i alguna an\u00e8cdota del proc\u00e8s.<\/p>\n<p>Per acabar el projecte, amb l&#8217;ajut de la Srta. \u00a0Pili estem preparant una obra de teatre relacionada amb la nostra escola. Tots \u00a0som actors i actrius!<\/p>\n<p>Preparant l&#8217;obra de teatre!<\/p>\n<div><\/div>\n<div><img loading=\"lazy\" decoding=\"async\" class=\"alignnone wp-image-5077\" src=\"http:\/\/agora.xtec.cat\/escjoanmaragall\/wp-content\/uploads\/usu115\/2016\/10\/teatreB.jpg\" alt=\"teatreb\" width=\"436\" height=\"251\" \/><\/div>\n<div>\u00a0<img loading=\"lazy\" decoding=\"async\" class=\"alignnone size-full wp-image-5078\" src=\"http:\/\/agora.xtec.cat\/escjoanmaragall\/wp-content\/uploads\/usu115\/2016\/10\/taetreA.jpg\" alt=\"taetrea\" width=\"640\" height=\"480\" \/><\/div>\n<div><\/div>\n<p>El dia 20 de febrer hem rebut la visita de la Sra. regidora, Montse Parra, \u00a05\u00e8 i 6\u00e8 li hem pogut explicar \u00a0els nostres projectes i fer-li alguna petici\u00f3 que ens sembla important per a la millora de la nostra escola i del barri.<\/p>\n<p>&nbsp;<\/p>\n<p>Agra\u00efm la seva pres\u00e8ncia i tanquem aix\u00ed el nostre projecte.<\/p>\n<p>Fins aviat.<\/p>\n<\/form>\n<\/div>\n<\/div>\n<\/div>\n<\/div>\n<\/div>\n","protected":false},"excerpt":{"rendered":"<p>A 5\u00e8 ens toca treballar l&#8217;escola com a projecte inicial.<br \/>\nLa motivaci\u00f3 aquest curs va ser doble: primer la sortida de conviv\u00e8ncia feta a Barcelona en qu\u00e8 v\u00e0rem visitar a m\u00e9s de CosmoCaixa, l&#8217;Arxiu casa museu on va viure Joan Margall i segon, un dia de&hellip;  <a href=\"https:\/\/agora.xtec.cat\/escjoanmaragall\/joan-maragall-3\/\" title=\"Read JOAN MARAGALL\">Llegeix m\u00e9s\u00bb<\/a><\/p>\n","protected":false},"author":1,"featured_media":0,"parent":0,"menu_order":0,"comment_status":"closed","ping_status":"closed","template":"","meta":{"_bbp_topic_count":0,"_bbp_reply_count":0,"_bbp_total_topic_count":0,"_bbp_total_reply_count":0,"_bbp_voice_count":0,"_bbp_anonymous_reply_count":0,"_bbp_topic_count_hidden":0,"_bbp_reply_count_hidden":0,"_bbp_forum_subforum_count":0,"footnotes":""},"class_list":["post-4071","page","type-page","status-publish","hentry"],"post_mailing_queue_ids":[],"_links":{"self":[{"href":"https:\/\/agora.xtec.cat\/escjoanmaragall\/wp-json\/wp\/v2\/pages\/4071","targetHints":{"allow":["GET"]}}],"collection":[{"href":"https:\/\/agora.xtec.cat\/escjoanmaragall\/wp-json\/wp\/v2\/pages"}],"about":[{"href":"https:\/\/agora.xtec.cat\/escjoanmaragall\/wp-json\/wp\/v2\/types\/page"}],"author":[{"embeddable":true,"href":"https:\/\/agora.xtec.cat\/escjoanmaragall\/wp-json\/wp\/v2\/users\/1"}],"replies":[{"embeddable":true,"href":"https:\/\/agora.xtec.cat\/escjoanmaragall\/wp-json\/wp\/v2\/comments?post=4071"}],"version-history":[{"count":3,"href":"https:\/\/agora.xtec.cat\/escjoanmaragall\/wp-json\/wp\/v2\/pages\/4071\/revisions"}],"predecessor-version":[{"id":5080,"href":"https:\/\/agora.xtec.cat\/escjoanmaragall\/wp-json\/wp\/v2\/pages\/4071\/revisions\/5080"}],"wp:attachment":[{"href":"https:\/\/agora.xtec.cat\/escjoanmaragall\/wp-json\/wp\/v2\/media?parent=4071"}],"curies":[{"name":"wp","href":"https:\/\/api.w.org\/{rel}","templated":true}]}}