{"id":1867,"date":"2015-09-09T09:38:21","date_gmt":"2015-09-09T08:38:21","guid":{"rendered":"http:\/\/agora.xtec.cat\/escjoanmaragall\/?page_id=1867"},"modified":"2025-07-09T11:48:12","modified_gmt":"2025-07-09T09:48:12","slug":"atencio-a-les-families","status":"publish","type":"page","link":"https:\/\/agora.xtec.cat\/escjoanmaragall\/lescola\/atencio-a-les-families\/","title":{"rendered":"Atenci\u00f3 a les fam\u00edlies"},"content":{"rendered":"<p><span style=\"text-decoration: underline;\"><strong><span style=\"color: #800000; text-decoration: underline;\">HORARIS DE VISITA\u00a0<\/span><\/strong><\/span><strong><span style=\"color: #000000;\">(cal demanar cita pr\u00e8via)<\/span><\/strong><\/p>\n<p><strong>SECRETARIA<\/strong><br \/>\nMatins de dilluns a divendres de 9:15h a 12:30h<\/p>\n<p><strong>DIRECCI\u00d3<\/strong><br \/>\nMatins de dilluns a divendres de 9:15h a 10:00h<\/p>\n<p>Atenci\u00f3 telef\u00f2nica i cita pr\u00e8via: 973 200 647<\/p>\n<p>Correu electr\u00f2nic: c5005673@xtec.cat<\/p>\n<p><a href=\"https:\/\/agora.xtec.cat\/escjoanmaragall\/wp-content\/uploads\/usu115\/2023\/07\/Publicacio-web-del-centre.pdf\" target=\"_blank\" rel=\"noopener\">Programa de T\u00e8cnics\/ques d\u2019Integraci\u00f3 Social i els\/les Educadors\/es Socials cofinan\u00e7at per la Uni\u00f3 Europea<\/a><\/p>\n","protected":false},"excerpt":{"rendered":"<p>HORARIS DE VISITA\u00a0(cal demanar cita pr\u00e8via)<br \/>\nSECRETARIA<br \/>\nMatins de dilluns a divendres de 9:15h a 12:30h<br \/>\nDIRECCI\u00d3<br \/>\nMatins de dilluns a divendres de 9:15h a 10:00h<br \/>\nAtenci\u00f3 telef\u00f2nica i cita pr\u00e8via: 973 200 647<br \/>\nCorreu electr\u00f2nic: c5005673@xtec.cat<br \/>\n<a href=\"https:\/\/agora.xtec.cat\/escjoanmaragall\/wp-content\/uploads\/usu115\/2023\/07\/Publicacio-web-del-centre.pdf\" target=\"_blank\" rel=\"noopener\">Programa de T\u00e8cnics\/ques d\u2019Integraci\u00f3 Social i els\/les Educadors\/es Socials cofinan\u00e7at per la&hellip;  <a href=\"https:\/\/agora.xtec.cat\/escjoanmaragall\/lescola\/atencio-a-les-families\/\" title=\"Read Atenci\u00f3 a les fam\u00edlies\">Llegeix m\u00e9s\u00bb<\/a><\/p>\n","protected":false},"author":1,"featured_media":0,"parent":22,"menu_order":0,"comment_status":"closed","ping_status":"closed","template":"page-templates\/side-menu.php","meta":{"_bbp_topic_count":0,"_bbp_reply_count":0,"_bbp_total_topic_count":0,"_bbp_total_reply_count":0,"_bbp_voice_count":0,"_bbp_anonymous_reply_count":0,"_bbp_topic_count_hidden":0,"_bbp_reply_count_hidden":0,"_bbp_forum_subforum_count":0,"footnotes":""},"class_list":["post-1867","page","type-page","status-publish","hentry"],"post_mailing_queue_ids":[],"_links":{"self":[{"href":"https:\/\/agora.xtec.cat\/escjoanmaragall\/wp-json\/wp\/v2\/pages\/1867","targetHints":{"allow":["GET"]}}],"collection":[{"href":"https:\/\/agora.xtec.cat\/escjoanmaragall\/wp-json\/wp\/v2\/pages"}],"about":[{"href":"https:\/\/agora.xtec.cat\/escjoanmaragall\/wp-json\/wp\/v2\/types\/page"}],"author":[{"embeddable":true,"href":"https:\/\/agora.xtec.cat\/escjoanmaragall\/wp-json\/wp\/v2\/users\/1"}],"replies":[{"embeddable":true,"href":"https:\/\/agora.xtec.cat\/escjoanmaragall\/wp-json\/wp\/v2\/comments?post=1867"}],"version-history":[{"count":4,"href":"https:\/\/agora.xtec.cat\/escjoanmaragall\/wp-json\/wp\/v2\/pages\/1867\/revisions"}],"predecessor-version":[{"id":18334,"href":"https:\/\/agora.xtec.cat\/escjoanmaragall\/wp-json\/wp\/v2\/pages\/1867\/revisions\/18334"}],"up":[{"embeddable":true,"href":"https:\/\/agora.xtec.cat\/escjoanmaragall\/wp-json\/wp\/v2\/pages\/22"}],"wp:attachment":[{"href":"https:\/\/agora.xtec.cat\/escjoanmaragall\/wp-json\/wp\/v2\/media?parent=1867"}],"curies":[{"name":"wp","href":"https:\/\/api.w.org\/{rel}","templated":true}]}}

Atenció a les famílies

<p><span style="text-decoration: underline;"><strong><span style="color: #800000; text-decoration: underline;">HORARIS DE VISITA </span></strong></span><strong><span style="color: #000000;">(cal demanar cita prèvia)</span></strong></p>
<p><strong>SECRETARIA</strong><br />
Matins de dilluns a divendres de 9:15h a 12:30h</p>
<p><strong>DIRECCIÓ</strong><br />
Matins de dilluns a divendres de 9:15h a 10:00h</p>
<p>Atenció telefònica i cita prèvia: 973 200 647</p>
<p>Correu electrònic: c5005673@xtec.cat</p>
<p><a href="https://agora.xtec.cat/escjoanmaragall/wp-content/uploads/usu115/2023/07/Publicacio-web-del-centre.pdf" target="_blank" rel="noopener">Programa de Tècnics/ques d’Integració Social i els/les Educadors/es Socials cofinançat per la Unió Europea</a></p>

<p>HORARIS DE VISITA (cal demanar cita prèvia)<br />
SECRETARIA<br />
Matins de dilluns a divendres de 9:15h a 12:30h<br />
DIRECCIÓ<br />
Matins de dilluns a divendres de 9:15h a 10:00h<br />
Atenció telefònica i cita prèvia: 973 200 647<br />
Correu electrònic: c5005673@xtec.cat<br />
<a href="https://agora.xtec.cat/escjoanmaragall/wp-content/uploads/usu115/2023/07/Publicacio-web-del-centre.pdf" target="_blank" rel="noopener">Programa de Tècnics/ques d’Integració Social i els/les Educadors/es Socials cofinançat per la&hellip;  <a href="https://agora.xtec.cat/escjoanmaragall/lescola/atencio-a-les-families/" title="Read Atenció a les famílies">Llegeix més»</a></p>
