{"id":17287,"date":"2024-03-03T22:19:58","date_gmt":"2024-03-03T21:19:58","guid":{"rendered":"https:\/\/agora.xtec.cat\/escjoanmaragall\/?page_id=17287"},"modified":"2024-03-03T22:20:42","modified_gmt":"2024-03-03T21:20:42","slug":"carta-de-compromis-educatiu","status":"publish","type":"page","link":"https:\/\/agora.xtec.cat\/escjoanmaragall\/carta-de-compromis-educatiu\/","title":{"rendered":"CARTA DE COMPROM\u00cdS EDUCATIU"},"content":{"rendered":"<p>La carta de comprom\u00eds educatiu \u00e9s un document que t\u00e9 com a finalitat potenciar la comunicaci\u00f3, la participaci\u00f3, la implicaci\u00f3, el comprom\u00eds i la corresponsabilitat entre els centres i les fam\u00edlies en l&#8217;educaci\u00f3 dels infants. Per tant, ha de contribuir, entre altres, als objectius seg\u00fcents:<\/p>\n<ul>\n<li>Compartir amb les fam\u00edlies els principis i els continguts del projecte educatiu del centre i, si escau, els projectes educatius de l&#8217;entorn.<\/li>\n<li>Millorar la informaci\u00f3 i la comunicaci\u00f3 entre el centre i les fam\u00edlies.<\/li>\n<li>Facilitar a les fam\u00edlies l&#8217;exercici dels seus drets i el compliment dels deures.<\/li>\n<li>Fomentar la conviv\u00e8ncia i el bon clima escolar.<\/li>\n<li>Corresponsabilitzar el centre i la fam\u00edlia en l&#8217;\u00e8xit acad\u00e8mic, personal i social dels alumnes i tamb\u00e9 en el comprom\u00eds c\u00edvic dels infants.<\/li>\n<\/ul>\n<p>La carta de comprom\u00eds educatiu s&#8217;ha elaborat de manera participativa entre els professionals de l&#8217;educaci\u00f3 i les fam\u00edlies, segons els principis, criteris i valors del projecte educatiu del centre.<\/p>\n<p>Aquest document l&#8217;han de signar el pare, mare, tutor o tutora legal de l&#8217;alumne o alumna i la direcci\u00f3 del centre.<\/p>\n<p>La carta de comprom\u00eds educatiu s&#8217;amplia amb una <strong>addenda de continguts espec\u00edfics addicionals<\/strong> per facilitar el seguiment individualitzat de cada alumne. L&#8217;addenda recull els acords concrets i els compromisos que la fam\u00edlia i el centre s&#8217;avenen a adquirir per ajudar l&#8217;alumne a millorar el rendiment escolar i la integraci\u00f3 escolar i social. Cal revisar-la peri\u00f2dicament per fer el seguiment dels acords i valorar si s&#8217;han assolit els objectius. Els alumnes tamb\u00e9 poden signar-la i participar activament en la redacci\u00f3 dels compromisos que assumeixen a t\u00edtol personal.<\/p>\n<p><a href=\"https:\/\/agora.xtec.cat\/escjoanmaragall\/general\/preinscripcions\/\" target=\"_blank\" rel=\"noopener\">CARTA DE COMPROM\u00cdS EDUCATIU<\/a><\/p>\n","protected":false},"excerpt":{"rendered":"<p>La carta de comprom\u00eds educatiu \u00e9s un document que t\u00e9 com a finalitat potenciar la comunicaci\u00f3, la participaci\u00f3, la implicaci\u00f3, el comprom\u00eds i la corresponsabilitat entre els centres i les fam\u00edlies en l&#8217;educaci\u00f3 dels infants. Per tant, ha de contribuir, entre altres, als objectius seg\u00fcents:<\/p>\n<ul>\n<li>Compartir&hellip;  <a href=\"https:\/\/agora.xtec.cat\/escjoanmaragall\/carta-de-compromis-educatiu\/\" title=\"Read CARTA DE COMPROM\u00cdS EDUCATIU\">Llegeix m\u00e9s\u00bb<\/a><br \/>\n","protected":false},"author":1,"featured_media":0,"parent":0,"menu_order":0,"comment_status":"closed","ping_status":"closed","template":"","meta":{"_bbp_topic_count":0,"_bbp_reply_count":0,"_bbp_total_topic_count":0,"_bbp_total_reply_count":0,"_bbp_voice_count":0,"_bbp_anonymous_reply_count":0,"_bbp_topic_count_hidden":0,"_bbp_reply_count_hidden":0,"_bbp_forum_subforum_count":0,"footnotes":""},"class_list":["post-17287","page","type-page","status-publish","hentry"],"post_mailing_queue_ids":[],"_links":{"self":[{"href":"https:\/\/agora.xtec.cat\/escjoanmaragall\/wp-json\/wp\/v2\/pages\/17287","targetHints":{"allow":["GET"]}}],"collection":[{"href":"https:\/\/agora.xtec.cat\/escjoanmaragall\/wp-json\/wp\/v2\/pages"}],"about":[{"href":"https:\/\/agora.xtec.cat\/escjoanmaragall\/wp-json\/wp\/v2\/types\/page"}],"author":[{"embeddable":true,"href":"https:\/\/agora.xtec.cat\/escjoanmaragall\/wp-json\/wp\/v2\/users\/1"}],"replies":[{"embeddable":true,"href":"https:\/\/agora.xtec.cat\/escjoanmaragall\/wp-json\/wp\/v2\/comments?post=17287"}],"version-history":[{"count":2,"href":"https:\/\/agora.xtec.cat\/escjoanmaragall\/wp-json\/wp\/v2\/pages\/17287\/revisions"}],"predecessor-version":[{"id":17290,"href":"https:\/\/agora.xtec.cat\/escjoanmaragall\/wp-json\/wp\/v2\/pages\/17287\/revisions\/17290"}],"wp:attachment":[{"href":"https:\/\/agora.xtec.cat\/escjoanmaragall\/wp-json\/wp\/v2\/media?parent=17287"}],"curies":[{"name":"wp","href":"https:\/\/api.w.org\/{rel}","templated":true}]}}