{"id":15136,"date":"2022-05-03T11:06:02","date_gmt":"2022-05-03T09:06:02","guid":{"rendered":"https:\/\/agora.xtec.cat\/escjoanmaragall\/?page_id=15136"},"modified":"2022-12-16T08:29:40","modified_gmt":"2022-12-16T07:29:40","slug":"estrategia-digital-de-centre","status":"publish","type":"page","link":"https:\/\/agora.xtec.cat\/escjoanmaragall\/estrategia-digital-de-centre\/","title":{"rendered":"ESTRAT\u00c8GIA DIGITAL DE CENTRE"},"content":{"rendered":"<p>L\u2019estrat\u00e8gia digital de centre (EDC) definir\u00e0 i concretar\u00e0 les l\u00ednies d\u2019actuaci\u00f3 de l\u2019escola que faran possible que docents, alumnat i centre assoleixin la compet\u00e8ncia digital.<\/p>\n<p>Des de l\u2019escola Joan Maragall de Lleida els darrers anys s\u2019ha estat treballant per la digitalitzaci\u00f3 dels processos d\u2019ensenyament-aprenentatge, a fi de millorar la compet\u00e8ncia digital de l\u2019alumnat. Amb aquesta finalitat, la Programaci\u00f3 General Anual (PGA) cada any recull objectius relacionats amb la millora de la compet\u00e8ncia digital de l\u2019alumnat. En aquesta l\u00ednia, l\u2019escola est\u00e0 intervertint en millorar l\u2019equipament digital del centre, ampliar-lo, actualitzar-lo i reempla\u00e7ar el material obsolet.<\/p>\n<p>Per tal de con\u00e8ixer l\u2019estrat\u00e8gia digital del centre podeu consultar els apartats: l\u2019estrat\u00e8gia digital i la cultura digital del centre<\/p>\n<table style=\"border-collapse: collapse; width: 100%;\">\n<tbody>\n<tr>\n<td style=\"width: 50%; text-align: center;\"><a href=\"https:\/\/agora.xtec.cat\/escjoanmaragall\/estrategia-digital\/\" rel=\"attachment wp-att-15167\"><img loading=\"lazy\" decoding=\"async\" class=\"alignnone wp-image-15167\" src=\"https:\/\/agora.xtec.cat\/escjoanmaragall\/wp-content\/uploads\/usu115\/2022\/05\/PARTESTRAT1.jpg\" alt=\"\" width=\"350\" height=\"76\" srcset=\"https:\/\/agora.xtec.cat\/escjoanmaragall\/wp-content\/uploads\/usu115\/2022\/05\/PARTESTRAT1.jpg 668w, https:\/\/agora.xtec.cat\/escjoanmaragall\/wp-content\/uploads\/usu115\/2022\/05\/PARTESTRAT1-564x122.jpg 564w\" sizes=\"auto, (max-width: 350px) 100vw, 350px\" \/><\/a><\/td>\n<td style=\"width: 50%;\"><a href=\"https:\/\/agora.xtec.cat\/escjoanmaragall\/cultura-digital\/\" rel=\"attachment wp-att-15166\"><img loading=\"lazy\" decoding=\"async\" class=\"wp-image-15166 aligncenter\" src=\"https:\/\/agora.xtec.cat\/escjoanmaragall\/wp-content\/uploads\/usu115\/2022\/05\/CULTURA1.jpg\" alt=\"\" width=\"344\" height=\"78\" srcset=\"https:\/\/agora.xtec.cat\/escjoanmaragall\/wp-content\/uploads\/usu115\/2022\/05\/CULTURA1.jpg 662w, https:\/\/agora.xtec.cat\/escjoanmaragall\/wp-content\/uploads\/usu115\/2022\/05\/CULTURA1-564x128.jpg 564w\" sizes=\"auto, (max-width: 344px) 100vw, 344px\" \/><\/a><\/td>\n<\/tr>\n<\/tbody>\n<\/table>\n","protected":false},"excerpt":{"rendered":"<p>L\u2019estrat\u00e8gia digital de centre (EDC) definir\u00e0 i concretar\u00e0 les l\u00ednies d\u2019actuaci\u00f3 de l\u2019escola que faran possible que docents, alumnat i centre assoleixin la compet\u00e8ncia digital.<br \/>\nDes de l\u2019escola Joan Maragall de Lleida els darrers anys s\u2019ha estat treballant per la digitalitzaci\u00f3 dels processos d\u2019ensenyament-aprenentatge, a fi&hellip;  <a href=\"https:\/\/agora.xtec.cat\/escjoanmaragall\/estrategia-digital-de-centre\/\" title=\"Read ESTRAT\u00c8GIA DIGITAL DE CENTRE\">Llegeix m\u00e9s\u00bb<\/a><\/p>\n","protected":false},"author":1,"featured_media":0,"parent":0,"menu_order":0,"comment_status":"closed","ping_status":"closed","template":"","meta":{"_bbp_topic_count":0,"_bbp_reply_count":0,"_bbp_total_topic_count":0,"_bbp_total_reply_count":0,"_bbp_voice_count":0,"_bbp_anonymous_reply_count":0,"_bbp_topic_count_hidden":0,"_bbp_reply_count_hidden":0,"_bbp_forum_subforum_count":0,"footnotes":""},"class_list":["post-15136","page","type-page","status-publish","hentry"],"post_mailing_queue_ids":[],"_links":{"self":[{"href":"https:\/\/agora.xtec.cat\/escjoanmaragall\/wp-json\/wp\/v2\/pages\/15136","targetHints":{"allow":["GET"]}}],"collection":[{"href":"https:\/\/agora.xtec.cat\/escjoanmaragall\/wp-json\/wp\/v2\/pages"}],"about":[{"href":"https:\/\/agora.xtec.cat\/escjoanmaragall\/wp-json\/wp\/v2\/types\/page"}],"author":[{"embeddable":true,"href":"https:\/\/agora.xtec.cat\/escjoanmaragall\/wp-json\/wp\/v2\/users\/1"}],"replies":[{"embeddable":true,"href":"https:\/\/agora.xtec.cat\/escjoanmaragall\/wp-json\/wp\/v2\/comments?post=15136"}],"version-history":[{"count":3,"href":"https:\/\/agora.xtec.cat\/escjoanmaragall\/wp-json\/wp\/v2\/pages\/15136\/revisions"}],"predecessor-version":[{"id":16080,"href":"https:\/\/agora.xtec.cat\/escjoanmaragall\/wp-json\/wp\/v2\/pages\/15136\/revisions\/16080"}],"wp:attachment":[{"href":"https:\/\/agora.xtec.cat\/escjoanmaragall\/wp-json\/wp\/v2\/media?parent=15136"}],"curies":[{"name":"wp","href":"https:\/\/api.w.org\/{rel}","templated":true}]}}