{"id":14561,"date":"2021-09-10T12:02:19","date_gmt":"2021-09-10T10:02:19","guid":{"rendered":"https:\/\/agora.xtec.cat\/escjoanmaragall\/?page_id=14561"},"modified":"2022-05-26T10:20:36","modified_gmt":"2022-05-26T08:20:36","slug":"jo-per-dins-i-per-fora-2","status":"publish","type":"page","link":"https:\/\/agora.xtec.cat\/escjoanmaragall\/jo-per-dins-i-per-fora-2\/","title":{"rendered":"JO, PER DINS I PER FORA"},"content":{"rendered":"<p>Hem comen\u00e7at un nou curs i tamb\u00e9 les ganes d\u2019endinsar als nostres nens i nenes en l\u2019inici d\u2019una nova Tasca. Un nou marc d\u2019aprenentatge, un nou repte que suposar\u00e0 l\u2019estudi i descobriment de l\u2019<strong>\u00e9sser hum\u00e0<\/strong>, donant a con\u00e8ixer tant la seva vessant morfol\u00f2gica com l\u2019emocional.<\/p>\n<p><strong>JO, PER DINS I PER FORA.\u00a0<\/strong>Aquest \u00e9s l\u2019eix central de la nova Tasca que anirem poc a poc desgranant per tal que els\/les nostres alumnes puguin arribar a coneixer-se millor i m\u00e9s competencialment. Convertir-los en el subjecte principal d\u2019estudi ser\u00e0 un punt de partida prou motivador.<\/p>\n<p>Temes com les parts del cos, l\u2019esquelet, els m\u00fasculs, els nostres \u00f2rgans, els sentits, les emocions, l\u2019alimentaci\u00f3 saludable\u2026 seran el llistat de nous aprenentatges que anirem compartint amb tota la comunitat educativa.<\/p>\n<p>Comen\u00e7a la nostra aventura\u2026<\/p>\n<p><iframe loading=\"lazy\" src=\"\/\/www.youtube.com\/embed\/PxuFi-iVF60\" width=\"560\" height=\"314\" allowfullscreen=\"allowfullscreen\"><\/iframe><\/p>\n<p><iframe loading=\"lazy\" src=\"\/\/www.youtube.com\/embed\/-6m4SIC8sJM\" width=\"560\" height=\"314\" allowfullscreen=\"allowfullscreen\"><\/iframe><\/p>\n<p>Hem trobat un esquelet hum\u00e0. Aquest \u00e9s el nostre punt de partida per comen\u00e7ar a aprendre coses sobre l\u2019<strong>\u00e9sser hum\u00e0.<\/strong><\/p>\n<p>Comencem parlant de <strong>la VIDA<\/strong>, dels\u00a0<strong>\u00e9ssers vius<\/strong>\u00a0i dels\u00a0<strong>\u00e9ssers inerts <\/strong>i de les caracter\u00edstiques pr\u00f2pies de cada grup. Nosaltres som \u00e9ssers vius, com els animals i les plantes. Som \u00e9ssers humans i realitzem les funcions vitals: nutrici\u00f3, relaci\u00f3 i reproducci\u00f3. Tenim un cicle vital: naixem, creixem, ens relacionem amb altres \u00e9ssers vius i amb el medi, ens reprodu\u00efm i morim. Diferenciem tamb\u00e9 les principals parts del nostre cos: <strong>cap, tronc i extremitats (cames i bra\u00e7os).<\/strong><\/p>\n<p><iframe loading=\"lazy\" src=\"\/\/www.youtube.com\/embed\/6rnC-bYDK2M\" width=\"560\" height=\"314\" allowfullscreen=\"allowfullscreen\"><\/iframe><\/p>\n<p>Hem treballat\u00a0<strong>el cap,\u00a0<\/strong>tant la part externa com la interna.<\/p>\n<p><iframe loading=\"lazy\" src=\"\/\/www.youtube.com\/embed\/dqjv8XV3yDY\" width=\"560\" height=\"314\" allowfullscreen=\"allowfullscreen\"><\/iframe><\/p>\n<p>Despr\u00e9s de con\u00e8ixer les parts del nostre cap, passem a treballar <strong>els 5 sentits<\/strong>: vista, o\u00efda, olfacte, gust i tacte.<\/p>\n<p><iframe loading=\"lazy\" src=\"\/\/www.youtube.com\/embed\/BKrq_eFA2P4\" width=\"560\" height=\"314\" allowfullscreen=\"allowfullscreen\"><\/iframe><\/p>\n<p>Hem visitat el Museu de l&#8217;Aigua i all\u00ed hem fet el taller &#8220;L&#8217;aigua i els 5 sentits&#8221; que ha completat el nostre treball d&#8217;aula.<\/p>\n<p><img loading=\"lazy\" decoding=\"async\" class=\"wp-image-14959 alignleft\" src=\"https:\/\/agora.xtec.cat\/escjoanmaragall\/wp-content\/uploads\/usu115\/2022\/03\/20220323_094925-COLLAGE-1024x1024.jpg\" alt=\"\" width=\"561\" height=\"561\" srcset=\"https:\/\/agora.xtec.cat\/escjoanmaragall\/wp-content\/uploads\/usu115\/2022\/03\/20220323_094925-COLLAGE-1024x1024.jpg 1024w, https:\/\/agora.xtec.cat\/escjoanmaragall\/wp-content\/uploads\/usu115\/2022\/03\/20220323_094925-COLLAGE-376x376.jpg 376w, https:\/\/agora.xtec.cat\/escjoanmaragall\/wp-content\/uploads\/usu115\/2022\/03\/20220323_094925-COLLAGE-150x150.jpg 150w, https:\/\/agora.xtec.cat\/escjoanmaragall\/wp-content\/uploads\/usu115\/2022\/03\/20220323_094925-COLLAGE-768x768.jpg 768w, https:\/\/agora.xtec.cat\/escjoanmaragall\/wp-content\/uploads\/usu115\/2022\/03\/20220323_094925-COLLAGE-1536x1536.jpg 1536w, https:\/\/agora.xtec.cat\/escjoanmaragall\/wp-content\/uploads\/usu115\/2022\/03\/20220323_094925-COLLAGE.jpg 2046w\" sizes=\"auto, (max-width: 561px) 100vw, 561px\" \/><\/p>\n<p>&nbsp;<\/p>\n<p>&nbsp;<\/p>\n<p>&nbsp;<\/p>\n<p>&nbsp;<\/p>\n<p>&nbsp;<\/p>\n<p>&nbsp;<\/p>\n<p>&nbsp;<\/p>\n<p>&nbsp;<\/p>\n<p>&nbsp;<\/p>\n<p>&nbsp;<\/p>\n<p>&nbsp;<\/p>\n<p>&nbsp;<\/p>\n<p>&nbsp;<\/p>\n<p><img loading=\"lazy\" decoding=\"async\" class=\"wp-image-14956 alignleft\" src=\"https:\/\/agora.xtec.cat\/escjoanmaragall\/wp-content\/uploads\/usu115\/2022\/03\/IMG_20220323_095245-COLLAGE-1024x1024.jpg\" alt=\"\" width=\"562\" height=\"562\" srcset=\"https:\/\/agora.xtec.cat\/escjoanmaragall\/wp-content\/uploads\/usu115\/2022\/03\/IMG_20220323_095245-COLLAGE-1024x1024.jpg 1024w, https:\/\/agora.xtec.cat\/escjoanmaragall\/wp-content\/uploads\/usu115\/2022\/03\/IMG_20220323_095245-COLLAGE-376x376.jpg 376w, https:\/\/agora.xtec.cat\/escjoanmaragall\/wp-content\/uploads\/usu115\/2022\/03\/IMG_20220323_095245-COLLAGE-150x150.jpg 150w, https:\/\/agora.xtec.cat\/escjoanmaragall\/wp-content\/uploads\/usu115\/2022\/03\/IMG_20220323_095245-COLLAGE-768x768.jpg 768w, https:\/\/agora.xtec.cat\/escjoanmaragall\/wp-content\/uploads\/usu115\/2022\/03\/IMG_20220323_095245-COLLAGE-1536x1536.jpg 1536w, https:\/\/agora.xtec.cat\/escjoanmaragall\/wp-content\/uploads\/usu115\/2022\/03\/IMG_20220323_095245-COLLAGE.jpg 2046w\" sizes=\"auto, (max-width: 562px) 100vw, 562px\" \/><\/p>\n<p>&nbsp;<\/p>\n<p>&nbsp;<\/p>\n<p>&nbsp;<\/p>\n<p>&nbsp;<\/p>\n<p>&nbsp;<\/p>\n<p>&nbsp;<\/p>\n<p>&nbsp;<\/p>\n<p>&nbsp;<\/p>\n<p>&nbsp;<\/p>\n<p>&nbsp;<\/p>\n<p>&nbsp;<\/p>\n<p>&nbsp;<\/p>\n<p>&nbsp;<\/p>\n<p>Treballem ara les <strong>extremitats<\/strong>. Els bra\u00e7os i les cames ens permeten el moviment, el despla\u00e7ament del nostre cos i realitzar accions.<\/p>\n<p><iframe loading=\"lazy\" src=\"\/\/www.youtube.com\/embed\/NzFiF1nIp6Y\" width=\"560\" height=\"314\" allowfullscreen=\"allowfullscreen\"><\/iframe><\/p>\n<p>L&#8217;aparell locomotor est\u00e0 format per tots els ossos i m\u00fasculs del nostre cos.<\/p>\n<p><iframe loading=\"lazy\" src=\"\/\/www.youtube.com\/embed\/1MPTxl8zNck\" width=\"560\" height=\"314\" allowfullscreen=\"allowfullscreen\"><\/iframe><\/p>\n<p>Passem ara a treballar el<strong> tronc.\u00a0<\/strong>Dins del nostre cos hi ha diversos \u00f2rgans i sistemes que ens permeten viure. Anem a descobrir-los&#8230;<\/p>\n<p><iframe loading=\"lazy\" src=\"\/\/www.youtube.com\/embed\/PGmEbyK415A\" width=\"560\" height=\"314\" allowfullscreen=\"allowfullscreen\"><\/iframe><\/p>\n<p><iframe loading=\"lazy\" src=\"\/\/www.youtube.com\/embed\/J-aLBTdAJ0Q\" width=\"560\" height=\"314\" allowfullscreen=\"allowfullscreen\"><\/iframe><\/p>\n<p>SISTEMA URINARI:<\/p>\n<p><img loading=\"lazy\" decoding=\"async\" class=\"wp-image-15226 alignleft\" src=\"https:\/\/agora.xtec.cat\/escjoanmaragall\/wp-content\/uploads\/usu115\/2022\/05\/IMG_20220519_093038-COLLAGE-1024x768.jpg\" alt=\"\" width=\"566\" height=\"425\" srcset=\"https:\/\/agora.xtec.cat\/escjoanmaragall\/wp-content\/uploads\/usu115\/2022\/05\/IMG_20220519_093038-COLLAGE-1024x768.jpg 1024w, https:\/\/agora.xtec.cat\/escjoanmaragall\/wp-content\/uploads\/usu115\/2022\/05\/IMG_20220519_093038-COLLAGE-501x376.jpg 501w, https:\/\/agora.xtec.cat\/escjoanmaragall\/wp-content\/uploads\/usu115\/2022\/05\/IMG_20220519_093038-COLLAGE-768x576.jpg 768w, https:\/\/agora.xtec.cat\/escjoanmaragall\/wp-content\/uploads\/usu115\/2022\/05\/IMG_20220519_093038-COLLAGE-1536x1152.jpg 1536w, https:\/\/agora.xtec.cat\/escjoanmaragall\/wp-content\/uploads\/usu115\/2022\/05\/IMG_20220519_093038-COLLAGE-200x150.jpg 200w, https:\/\/agora.xtec.cat\/escjoanmaragall\/wp-content\/uploads\/usu115\/2022\/05\/IMG_20220519_093038-COLLAGE.jpg 2046w\" sizes=\"auto, (max-width: 566px) 100vw, 566px\" \/><\/p>\n<p>&nbsp;<\/p>\n<p>&nbsp;<\/p>\n<p>&nbsp;<\/p>\n<p>&nbsp;<\/p>\n<p>&nbsp;<\/p>\n<p>&nbsp;<\/p>\n<p>&nbsp;<\/p>\n<p>&nbsp;<\/p>\n<p>&nbsp;<\/p>\n<p>&nbsp;<\/p>\n<p><img loading=\"lazy\" decoding=\"async\" class=\"wp-image-15225 alignleft\" src=\"https:\/\/agora.xtec.cat\/escjoanmaragall\/wp-content\/uploads\/usu115\/2022\/05\/20220519_094149-COLLAGE-768x1024.jpg\" alt=\"\" width=\"568\" height=\"757\" srcset=\"https:\/\/agora.xtec.cat\/escjoanmaragall\/wp-content\/uploads\/usu115\/2022\/05\/20220519_094149-COLLAGE-768x1024.jpg 768w, https:\/\/agora.xtec.cat\/escjoanmaragall\/wp-content\/uploads\/usu115\/2022\/05\/20220519_094149-COLLAGE-282x376.jpg 282w, https:\/\/agora.xtec.cat\/escjoanmaragall\/wp-content\/uploads\/usu115\/2022\/05\/20220519_094149-COLLAGE-1152x1536.jpg 1152w, https:\/\/agora.xtec.cat\/escjoanmaragall\/wp-content\/uploads\/usu115\/2022\/05\/20220519_094149-COLLAGE.jpg 1535w\" sizes=\"auto, (max-width: 568px) 100vw, 568px\" \/><\/p>\n<p>&nbsp;<\/p>\n<p>&nbsp;<\/p>\n<p>&nbsp;<\/p>\n<p>&nbsp;<\/p>\n<p>&nbsp;<\/p>\n<p>&nbsp;<\/p>\n<p>&nbsp;<\/p>\n<p>&nbsp;<\/p>\n<p>&nbsp;<\/p>\n<p>&nbsp;<\/p>\n<p>&nbsp;<\/p>\n<p>&nbsp;<\/p>\n<p>&nbsp;<\/p>\n<p>&nbsp;<\/p>\n<p>&nbsp;<\/p>\n<p>&nbsp;<\/p>\n<p>&nbsp;<\/p>\n<p><iframe loading=\"lazy\" src=\"\/\/www.youtube.com\/embed\/NfaVMzvyN-g\" width=\"560\" height=\"314\" allowfullscreen=\"allowfullscreen\"><\/iframe><\/p>\n<p>SISTEMA DIGESTIU:<\/p>\n<p><img loading=\"lazy\" decoding=\"async\" class=\"aligncenter size-large wp-image-15255\" src=\"https:\/\/agora.xtec.cat\/escjoanmaragall\/wp-content\/uploads\/usu115\/2022\/05\/20220526_095423-COLLAGE-1024x1024.jpg\" alt=\"\" width=\"1024\" height=\"1024\" srcset=\"https:\/\/agora.xtec.cat\/escjoanmaragall\/wp-content\/uploads\/usu115\/2022\/05\/20220526_095423-COLLAGE-1024x1024.jpg 1024w, https:\/\/agora.xtec.cat\/escjoanmaragall\/wp-content\/uploads\/usu115\/2022\/05\/20220526_095423-COLLAGE-376x376.jpg 376w, https:\/\/agora.xtec.cat\/escjoanmaragall\/wp-content\/uploads\/usu115\/2022\/05\/20220526_095423-COLLAGE-150x150.jpg 150w, https:\/\/agora.xtec.cat\/escjoanmaragall\/wp-content\/uploads\/usu115\/2022\/05\/20220526_095423-COLLAGE-768x768.jpg 768w, https:\/\/agora.xtec.cat\/escjoanmaragall\/wp-content\/uploads\/usu115\/2022\/05\/20220526_095423-COLLAGE-1536x1536.jpg 1536w, https:\/\/agora.xtec.cat\/escjoanmaragall\/wp-content\/uploads\/usu115\/2022\/05\/20220526_095423-COLLAGE.jpg 2046w\" sizes=\"auto, (max-width: 1024px) 100vw, 1024px\" \/><\/p>\n<p>&nbsp;<\/p>\n<p>&nbsp;<\/p>\n<p>&nbsp;<\/p>\n<p>&nbsp;<\/p>\n<p>&nbsp;<\/p>\n<p>&nbsp;<\/p>\n<p>&nbsp;<\/p>\n","protected":false},"excerpt":{"rendered":"<p>Hem comen\u00e7at un nou curs i tamb\u00e9 les ganes d\u2019endinsar als nostres nens i nenes en l\u2019inici d\u2019una nova Tasca. Un nou marc d\u2019aprenentatge, un nou repte que suposar\u00e0 l\u2019estudi i descobriment de l\u2019\u00e9sser hum\u00e0, donant a con\u00e8ixer tant la seva vessant morfol\u00f2gica com l\u2019emocional.<br \/>\nJO,&hellip;  <a href=\"https:\/\/agora.xtec.cat\/escjoanmaragall\/jo-per-dins-i-per-fora-2\/\" title=\"Read JO, PER DINS I PER FORA\">Llegeix m\u00e9s\u00bb<\/a><\/p>\n","protected":false},"author":1,"featured_media":0,"parent":0,"menu_order":0,"comment_status":"closed","ping_status":"closed","template":"","meta":{"_bbp_topic_count":0,"_bbp_reply_count":0,"_bbp_total_topic_count":0,"_bbp_total_reply_count":0,"_bbp_voice_count":0,"_bbp_anonymous_reply_count":0,"_bbp_topic_count_hidden":0,"_bbp_reply_count_hidden":0,"_bbp_forum_subforum_count":0,"footnotes":""},"class_list":["post-14561","page","type-page","status-publish","hentry"],"post_mailing_queue_ids":[],"_links":{"self":[{"href":"https:\/\/agora.xtec.cat\/escjoanmaragall\/wp-json\/wp\/v2\/pages\/14561","targetHints":{"allow":["GET"]}}],"collection":[{"href":"https:\/\/agora.xtec.cat\/escjoanmaragall\/wp-json\/wp\/v2\/pages"}],"about":[{"href":"https:\/\/agora.xtec.cat\/escjoanmaragall\/wp-json\/wp\/v2\/types\/page"}],"author":[{"embeddable":true,"href":"https:\/\/agora.xtec.cat\/escjoanmaragall\/wp-json\/wp\/v2\/users\/1"}],"replies":[{"embeddable":true,"href":"https:\/\/agora.xtec.cat\/escjoanmaragall\/wp-json\/wp\/v2\/comments?post=14561"}],"version-history":[{"count":4,"href":"https:\/\/agora.xtec.cat\/escjoanmaragall\/wp-json\/wp\/v2\/pages\/14561\/revisions"}],"predecessor-version":[{"id":15256,"href":"https:\/\/agora.xtec.cat\/escjoanmaragall\/wp-json\/wp\/v2\/pages\/14561\/revisions\/15256"}],"wp:attachment":[{"href":"https:\/\/agora.xtec.cat\/escjoanmaragall\/wp-json\/wp\/v2\/media?parent=14561"}],"curies":[{"name":"wp","href":"https:\/\/api.w.org\/{rel}","templated":true}]}}