{"id":14253,"date":"2021-04-21T15:57:20","date_gmt":"2021-04-21T13:57:20","guid":{"rendered":"https:\/\/agora.xtec.cat\/escjoanmaragall\/?page_id=14253"},"modified":"2023-09-08T16:53:29","modified_gmt":"2023-09-08T14:53:29","slug":"pla-pedagogic-anual","status":"publish","type":"page","link":"https:\/\/agora.xtec.cat\/escjoanmaragall\/pla-pedagogic-anual\/","title":{"rendered":"PLA PEDAG\u00d2GIC ANUAL"},"content":{"rendered":"<p dir=\"ltr\" style=\"line-height: 1.295; margin-top: 0pt; margin-bottom: 8pt;\"><span style=\"font-size: 13pt; font-family: Arial; color: #000000; background-color: transparent; font-weight: bold; font-style: normal; font-variant: normal; text-decoration: underline; -webkit-text-decoration-skip: none; text-decoration-skip-ink: none; vertical-align: baseline; white-space: pre-wrap;\">PLA PEDAG\u00d2GIC ANUAL<\/span><b id=\"docs-internal-guid-6c988e7a-7fff-3333-354a-ebc8cd4c8c99\" style=\"font-weight: normal;\"><\/b><\/p>\n<p dir=\"ltr\" style=\"line-height: 1.295; text-align: justify; margin-top: 0pt; margin-bottom: 8pt;\"><span style=\"font-size: 13pt; font-family: Arial; color: #000000; background-color: transparent; font-weight: 400; font-style: normal; font-variant: normal; text-decoration: none; vertical-align: baseline; white-space: pre-wrap;\">El pla pedag\u00f2gic del menjador \u00e9s una proposta d\u2019intervenci\u00f3 educativa, en la que es pret\u00e9n treballar una alimentaci\u00f3 saludable, l\u2019activitat f\u00edsica, els h\u00e0bits relacionats amb el menjar de migdia i la prevenci\u00f3 de malalties aliment\u00e0ries.<\/span><b style=\"font-weight: normal;\"><\/b><\/p>\n<p dir=\"ltr\" style=\"line-height: 1.295; margin-top: 0pt; margin-bottom: 8pt;\"><span style=\"font-size: 13pt; font-family: Arial; color: #000000; background-color: transparent; font-weight: 400; font-style: italic; font-variant: normal; text-decoration: underline; -webkit-text-decoration-skip: none; text-decoration-skip-ink: none; vertical-align: baseline; white-space: pre-wrap;\">H\u00c0BITS ALIMENTARIS<\/span><\/p>\n<ul>\n<li dir=\"ltr\" style=\"line-height: 1.295; text-align: justify;\" role=\"presentation\"><span style=\"font-size: 13pt; font-family: Arial; color: #000000; background-color: transparent; font-weight: 400; font-style: normal; font-variant: normal; text-decoration: none; vertical-align: baseline; white-space: pre-wrap;\">Aprendre a seguir una dieta variada i equilibrada saludable i suficient<\/span><\/li>\n<li dir=\"ltr\" style=\"line-height: 1.295; text-align: justify;\" role=\"presentation\"><span style=\"font-size: 13pt; font-family: Arial; color: #000000; background-color: transparent; font-weight: 400; font-style: normal; font-variant: normal; text-decoration: none; vertical-align: baseline; white-space: pre-wrap;\">Menjar seguint l\u2019ordre dels plats<\/span><\/li>\n<li dir=\"ltr\" style=\"line-height: 1.295; text-align: justify;\" role=\"presentation\"><span style=\"font-size: 13pt; font-family: Arial; color: #000000; background-color: transparent; font-weight: 400; font-style: normal; font-variant: normal; text-decoration: none; vertical-align: baseline; white-space: pre-wrap;\">Actitud positiva davant de qualsevol canvi en l\u2019alimentaci\u00f3 acceptant progressivament diferents textures, temperatures i sabors<\/span><\/li>\n<\/ul>\n<p dir=\"ltr\" style=\"line-height: 1.295; text-align: center; margin-top: 0pt; margin-bottom: 8pt;\"><span style=\"font-size: 13pt; font-family: Arial; color: #000000; background-color: transparent; font-weight: 400; font-style: normal; font-variant: normal; text-decoration: none; vertical-align: baseline; white-space: pre-wrap;\"><span style=\"border: none; display: inline-block; overflow: hidden; width: 151px; height: 87px;\"><img loading=\"lazy\" decoding=\"async\" style=\"margin-left: 0px; margin-top: 0px;\" src=\"https:\/\/lh5.googleusercontent.com\/d9suVtnF2EQGvrgon4dBiOOVKICrjD9YuubNRMJv785ltdKwd3JHLX4iKPprEy-_oyAwKoGBthQ1z4-b-9XUWrDuLJN7WEGV2TA9VK8Ew1enNjv1OAMkLrx-c-gpGQ\" width=\"151\" height=\"87\" \/><\/span><\/span><\/p>\n<p><b style=\"font-weight: normal;\">\u00a0<\/b><\/p>\n<p dir=\"ltr\" style=\"line-height: 1.295; margin-top: 0pt; margin-bottom: 8pt;\"><span style=\"font-size: 13pt; font-family: Arial; color: #000000; background-color: transparent; font-weight: 400; font-style: italic; font-variant: normal; text-decoration: underline; -webkit-text-decoration-skip: none; text-decoration-skip-ink: none; vertical-align: baseline; white-space: pre-wrap;\">H\u00c0BITS SOCIALS I DE COMPORTAMENT<\/span><\/p>\n<ul>\n<li dir=\"ltr\" style=\"line-height: 1.295; text-align: justify;\" role=\"presentation\"><span style=\"font-size: 13pt; font-family: Arial; color: #000000; background-color: transparent; font-weight: 400; font-style: normal; font-variant: normal; text-decoration: none; vertical-align: baseline; white-space: pre-wrap;\">Mostrar-se respectu\u00f3s en tot moment amb els\/les monitors\/es i companys\/es i personal de cuina<\/span><\/li>\n<li dir=\"ltr\" style=\"line-height: 1.295; text-align: justify;\" role=\"presentation\"><span style=\"font-size: 13pt; font-family: Arial; color: #000000; background-color: transparent; font-weight: 400; font-style: normal; font-variant: normal; text-decoration: none; vertical-align: baseline; white-space: pre-wrap;\">Esperar-se per a ser servit<\/span><\/li>\n<li dir=\"ltr\" style=\"line-height: 1.295; text-align: justify;\" role=\"presentation\"><span style=\"font-size: 13pt; font-family: Arial; color: #000000; background-color: transparent; font-weight: 400; font-style: normal; font-variant: normal; text-decoration: none; vertical-align: baseline; white-space: pre-wrap;\">Aixecar la m\u00e0 per demanar tot all\u00f2 que es necessiti<\/span><\/li>\n<li dir=\"ltr\" style=\"line-height: 1.295; text-align: justify;\" role=\"presentation\"><span style=\"font-size: 13pt; font-family: Arial; color: #000000; background-color: transparent; font-weight: 400; font-style: normal; font-variant: normal; text-decoration: none; vertical-align: baseline; white-space: pre-wrap;\">Utilitzar adequadament els estris, cullera, forquilla i ganivet<\/span><\/li>\n<li dir=\"ltr\" style=\"line-height: 1.295; text-align: justify;\" role=\"presentation\"><span style=\"font-size: 13pt; font-family: Arial; color: #000000; background-color: transparent; font-weight: 400; font-style: normal; font-variant: normal; text-decoration: none; vertical-align: baseline; white-space: pre-wrap;\">Deixar net l\u2019espai que s\u2019ha ocupat\u00a0<\/span><\/li>\n<li dir=\"ltr\" style=\"line-height: 1.295; text-align: justify;\" role=\"presentation\"><span style=\"font-size: 13pt; font-family: Arial; color: #000000; background-color: transparent; font-weight: 400; font-style: normal; font-variant: normal; text-decoration: none; vertical-align: baseline; white-space: pre-wrap;\">Parlar amb un to de veu moderat<\/span><\/li>\n<li dir=\"ltr\" style=\"line-height: 1.295; text-align: justify;\" role=\"presentation\"><span style=\"font-size: 13pt; font-family: Arial; color: #000000; background-color: transparent; font-weight: 400; font-style: normal; font-variant: normal; text-decoration: none; vertical-align: baseline; white-space: pre-wrap;\">Parlar amb la boca buida<\/span><\/li>\n<li dir=\"ltr\" style=\"line-height: 1.295; text-align: justify;\" role=\"presentation\"><span style=\"font-size: 13pt; font-family: Arial; color: #000000; background-color: transparent; font-weight: 400; font-style: normal; font-variant: normal; text-decoration: none; vertical-align: baseline; white-space: pre-wrap;\">Entrar i sortir ordenadament del menjador<\/span><\/li>\n<li dir=\"ltr\" style=\"line-height: 1.295; text-align: justify;\" role=\"presentation\"><span style=\"font-size: 13pt; font-family: Arial; color: #000000; background-color: transparent; font-weight: 400; font-style: normal; font-variant: normal; text-decoration: none; vertical-align: baseline; white-space: pre-wrap;\">Asseure&#8217;s correctament a la cadira<\/span><\/li>\n<\/ul>\n<p dir=\"ltr\" style=\"line-height: 1.295; text-align: center; margin-top: 0pt; margin-bottom: 8pt;\"><span style=\"font-size: 13pt; font-family: Arial; color: #000000; background-color: transparent; font-weight: 400; font-style: normal; font-variant: normal; text-decoration: none; vertical-align: baseline; white-space: pre-wrap;\"><span style=\"border: none; display: inline-block; overflow: hidden; width: 112px; height: 68px;\"><img loading=\"lazy\" decoding=\"async\" style=\"margin-left: 0px; margin-top: 0px;\" src=\"https:\/\/lh4.googleusercontent.com\/aED8m6ROprrixb8X7fqONaIgPkkv9Rlc-9u4Ei1YE2wzeqc0Y_MVU6_i2o4-rStlb2AOa4NOhMBMnXHYp62_I-9nxrqgKT1fNc2d-m6xZ8wWUSHPcNs0pVU6WVxTOQ\" width=\"112\" height=\"68\" \/><\/span><\/span><span style=\"font-size: 13pt; font-family: Arial; color: #000000; background-color: transparent; font-weight: 400; font-style: normal; font-variant: normal; text-decoration: none; vertical-align: baseline; white-space: pre-wrap;\"><span style=\"border: none; display: inline-block; overflow: hidden; width: 120px; height: 82px;\"><img loading=\"lazy\" decoding=\"async\" style=\"margin-left: 0px; margin-top: 0px;\" src=\"https:\/\/lh5.googleusercontent.com\/Ilu-7X3yaFQ4k7K4tdQsSvKNXiV3JPVC-y7ohfbCP3Y-VkMWxSk7-GY6ktBz7PRrR1VtYavfAeWr56JioKETDG7zCi2fb15Ma2Q8Raf1gvbHVnDV-ajU7RsDo49L_A\" width=\"120\" height=\"82\" \/><\/span><\/span><span style=\"font-size: 13pt; font-family: Arial; color: #000000; background-color: transparent; font-weight: 400; font-style: normal; font-variant: normal; text-decoration: none; vertical-align: baseline; white-space: pre-wrap;\"><span style=\"border: none; display: inline-block; overflow: hidden; width: 104px; height: 84px;\"><img loading=\"lazy\" decoding=\"async\" style=\"margin-left: 0px; margin-top: 0px;\" src=\"https:\/\/lh5.googleusercontent.com\/M3VOSaCAZjcY47IYZxQrP0Db4XgZ21KzgVWduPJt024dLC36jqO4CXtzmNXY-HcNGTcy6Dt9QY41L_H2tdUgpKUkl3AD8woeWP5r4S6WcOBnr61EMF_hOx3dQWuJog\" width=\"104\" height=\"84\" \/><\/span><\/span><\/p>\n<p dir=\"ltr\" style=\"line-height: 1.295; margin-top: 0pt; margin-bottom: 8pt;\"><span style=\"font-size: 13pt; font-family: Arial; color: #000000; background-color: transparent; font-weight: 400; font-style: italic; font-variant: normal; text-decoration: underline; -webkit-text-decoration-skip: none; text-decoration-skip-ink: none; vertical-align: baseline; white-space: pre-wrap;\">H\u00c0BITS D\u2019HIGIENE<\/span><\/p>\n<ul>\n<li dir=\"ltr\" style=\"line-height: 1.295;\" role=\"presentation\"><span style=\"font-size: 13pt; font-family: Arial; color: #000000; background-color: transparent; font-weight: 400; font-style: normal; font-variant: normal; text-decoration: none; vertical-align: baseline; white-space: pre-wrap;\">Rentar-se les mans abans i despr\u00e9s de dinar<\/span><\/li>\n<li dir=\"ltr\" style=\"line-height: 1.295;\" role=\"presentation\"><span style=\"font-size: 13pt; font-family: Arial; color: #000000; background-color: transparent; font-weight: 400; font-style: normal; font-variant: normal; text-decoration: none; vertical-align: baseline; white-space: pre-wrap;\">Eixugar-se les mans amb tovallons de paper i llen\u00e7ar-los a la paperera<\/span><\/li>\n<li dir=\"ltr\" style=\"line-height: 1.295;\" role=\"presentation\"><span style=\"font-size: 13pt; font-family: Arial; color: #000000; background-color: transparent; font-weight: 400; font-style: normal; font-variant: normal; text-decoration: none; vertical-align: baseline; white-space: pre-wrap;\">Rentar-se les mans despr\u00e9s d\u2019anar al lavabo<\/span><\/li>\n<\/ul>\n<p dir=\"ltr\" style=\"line-height: 1.295; margin-left: 36pt; text-align: center; margin-top: 0pt; margin-bottom: 8pt;\"><span style=\"font-size: 12pt; font-family: Arial; color: #000000; background-color: transparent; font-weight: 400; font-style: normal; font-variant: normal; text-decoration: none; vertical-align: baseline; white-space: pre-wrap;\"><span style=\"border: none; display: inline-block; overflow: hidden; width: 135px; height: 114px;\"><img loading=\"lazy\" decoding=\"async\" style=\"margin-left: 0px; margin-top: 0px;\" src=\"https:\/\/lh6.googleusercontent.com\/ZwK4AG5P_AFWHmaMItUPhy4n4l68EIZ5SJ-f44Zj9E5ZbA7Dn-pn1hxNspg0J-dJ9gET0t8Ty3a4E_KDkSPp9pE7m5Ji43PjFnuZ7vLcL-rQFNcb7J-We8i0pxvkow\" width=\"135\" height=\"114\" \/><\/span><\/span><\/p>\n<p dir=\"ltr\" style=\"line-height: 1.295; margin-top: 0pt; margin-bottom: 8pt;\"><span style=\"font-size: 13pt; font-family: Arial; color: #000000; background-color: transparent; font-weight: 400; font-style: italic; font-variant: normal; text-decoration: underline; -webkit-text-decoration-skip: none; text-decoration-skip-ink: none; vertical-align: baseline; white-space: pre-wrap;\">H\u00c0BITS F\u00cdSICS<\/span><\/p>\n<ul>\n<li dir=\"ltr\" style=\"line-height: 1.295;\" role=\"presentation\"><span style=\"font-size: 13pt; font-family: Arial; color: #000000; background-color: transparent; font-weight: 400; font-style: normal; font-variant: normal; text-decoration: none; vertical-align: baseline; white-space: pre-wrap;\">Jugar en equip<\/span><\/li>\n<li dir=\"ltr\" style=\"line-height: 1.295;\" role=\"presentation\"><span style=\"font-size: 13pt; font-family: Arial; color: #000000; background-color: transparent; font-weight: 400; font-style: normal; font-variant: normal; text-decoration: none; vertical-align: baseline; white-space: pre-wrap;\">Respectar les normes del joc<\/span><\/li>\n<li dir=\"ltr\" style=\"line-height: 1.295;\" role=\"presentation\"><span style=\"font-size: 13pt; font-family: Arial; color: #000000; background-color: transparent; font-weight: 400; font-style: normal; font-variant: normal; text-decoration: none; vertical-align: baseline; white-space: pre-wrap;\">Valorar l\u2019exercici f\u00edsic<\/span><\/li>\n<\/ul>\n<p dir=\"ltr\" style=\"line-height: 1.295; margin-left: 36pt; text-align: center; margin-top: 0pt; margin-bottom: 8pt;\"><span style=\"font-size: 13pt; font-family: Arial; color: #000000; background-color: transparent; font-weight: 400; font-style: normal; font-variant: normal; text-decoration: none; vertical-align: baseline; white-space: pre-wrap;\"><span style=\"border: none; display: inline-block; overflow: hidden; width: 187px; height: 111px;\"><img loading=\"lazy\" decoding=\"async\" style=\"margin-left: 0px; margin-top: 0px;\" src=\"https:\/\/lh4.googleusercontent.com\/nPU5fjQYvPdmza7365sEnL7jAlxLgETEdcF1wZXkgKsfsMNKxzb2dLKB5VWnCYoG7gTU1AVYbd_alE0QKtAhLcHfff2YwEJbcgr0qynwc2zRzp7tSR_fz09DVpKNnQ\" width=\"187\" height=\"111\" \/><\/span><\/span><span style=\"font-size: 13pt; font-family: Arial; color: #000000; background-color: transparent; font-weight: 400; font-style: normal; font-variant: normal; text-decoration: none; vertical-align: baseline; white-space: pre-wrap;\">\u00a0<\/span><\/p>\n","protected":false},"excerpt":{"rendered":"<p>PLA PEDAG\u00d2GIC ANUAL<br \/>\nEl pla pedag\u00f2gic del menjador \u00e9s una proposta d\u2019intervenci\u00f3 educativa, en la que es pret\u00e9n treballar una alimentaci\u00f3 saludable, l\u2019activitat f\u00edsica, els h\u00e0bits relacionats amb el menjar de migdia i la prevenci\u00f3 de malalties aliment\u00e0ries.<br \/>\nH\u00c0BITS ALIMENTARIS<\/p>\n<ul>\n<li dir=\"ltr\" style=\"line-height: 1.295; text-align: justify;\" role=\"presentation\">Aprendre a&hellip;  <a href=\"https:\/\/agora.xtec.cat\/escjoanmaragall\/pla-pedagogic-anual\/\" title=\"Read PLA PEDAG\u00d2GIC ANUAL\">Llegeix m\u00e9s\u00bb<\/a><br \/>\n","protected":false},"author":74,"featured_media":0,"parent":0,"menu_order":0,"comment_status":"closed","ping_status":"closed","template":"","meta":{"_bbp_topic_count":0,"_bbp_reply_count":0,"_bbp_total_topic_count":0,"_bbp_total_reply_count":0,"_bbp_voice_count":0,"_bbp_anonymous_reply_count":0,"_bbp_topic_count_hidden":0,"_bbp_reply_count_hidden":0,"_bbp_forum_subforum_count":0,"footnotes":""},"class_list":["post-14253","page","type-page","status-publish","hentry"],"post_mailing_queue_ids":[],"_links":{"self":[{"href":"https:\/\/agora.xtec.cat\/escjoanmaragall\/wp-json\/wp\/v2\/pages\/14253","targetHints":{"allow":["GET"]}}],"collection":[{"href":"https:\/\/agora.xtec.cat\/escjoanmaragall\/wp-json\/wp\/v2\/pages"}],"about":[{"href":"https:\/\/agora.xtec.cat\/escjoanmaragall\/wp-json\/wp\/v2\/types\/page"}],"author":[{"embeddable":true,"href":"https:\/\/agora.xtec.cat\/escjoanmaragall\/wp-json\/wp\/v2\/users\/74"}],"replies":[{"embeddable":true,"href":"https:\/\/agora.xtec.cat\/escjoanmaragall\/wp-json\/wp\/v2\/comments?post=14253"}],"version-history":[{"count":3,"href":"https:\/\/agora.xtec.cat\/escjoanmaragall\/wp-json\/wp\/v2\/pages\/14253\/revisions"}],"predecessor-version":[{"id":16776,"href":"https:\/\/agora.xtec.cat\/escjoanmaragall\/wp-json\/wp\/v2\/pages\/14253\/revisions\/16776"}],"wp:attachment":[{"href":"https:\/\/agora.xtec.cat\/escjoanmaragall\/wp-json\/wp\/v2\/media?parent=14253"}],"curies":[{"name":"wp","href":"https:\/\/api.w.org\/{rel}","templated":true}]}}