{"id":14159,"date":"2021-04-15T16:26:20","date_gmt":"2021-04-15T14:26:20","guid":{"rendered":"https:\/\/agora.xtec.cat\/escjoanmaragall\/?page_id=14159"},"modified":"2023-09-06T10:47:31","modified_gmt":"2023-09-06T08:47:31","slug":"qui-som","status":"publish","type":"page","link":"https:\/\/agora.xtec.cat\/escjoanmaragall\/qui-som\/","title":{"rendered":"QUI SOM?"},"content":{"rendered":"<p style=\"text-align: justify;\">L&#8217;AFA \u00e9s una entitat sense afany de lucre formada per totes les fam\u00edlies de l&#8217;escola.\u00a0 La Junta directiva s&#8217;escull democr\u00e0ticament a l&#8217;Assemblea general i fa una tasca volunt\u00e0ria i desinteressada de la qual tota la comunitat educativa treu profit.<\/p>\n<p style=\"text-align: justify;\"><strong>OBJECTIUS I PROP\u00d2SITS<\/strong><\/p>\n<p style=\"text-align: justify;\">L&#8217;AFA (Associaci\u00f3 de Fam\u00edlies d&#8217;Alumnes) agrupa les fam\u00edlies de l&#8217;escola. L&#8217;objectiu final \u00e9s l&#8217;acompanyament a les fam\u00edlies i a l&#8217;escola per aconseguir una millor qualitat educativa en la formaci\u00f3 dels nostres fills i filles.<\/p>\n<p style=\"text-align: justify;\">Participa en la presa de decisions de l&#8217;escola amb un\/a representant al Consell escolar del centre.<\/p>\n<p style=\"text-align: justify;\">Informa els associats, organitza activitats extra-escolars i acollida, col\u00b7labora en festes que se celebren al centre, proposa i participa en millores al centre, etc.\u00a0 Totes aquestes activitats i serveis es poden dur a terme gr\u00e0cies a la quota anual que aporten les fam\u00edlies de l&#8217;AFA, a les subvencions i a aportacions diverses.<\/p>\n<p style=\"text-align: justify;\">Formar part de l&#8217;AFA ens permet con\u00e8ixer i compartir diferents inquietuds sobre l&#8217;educaci\u00f3 dels nostres fills i filles.\u00a0 Per aquest motiu us demanem tota la implicaci\u00f3 i participaci\u00f3 en les activitats que us proposem.<\/p>\n<p style=\"text-align: justify;\">Si tots i totes fem Comunitat tamb\u00e9 farem Escola.<\/p>\n<p style=\"text-align: justify;\"><strong>L&#8217;horari d&#8217;atenci\u00f3 al p\u00fablic<\/strong> a l&#8217;oficina de l&#8217;AFA \u00e9s: dilluns, dimecres i divendres de 9.00h a 10.00h.<\/p>\n<p style=\"text-align: justify;\">Recordeu que la quota de soci es paga juntament amb la quota de material.<\/p>\n<p style=\"text-align: justify;\">Per poder utilitzar qualsevol servei ofert per l&#8217;AFA s&#8217;han de tenir tots els pagaments al dia.<\/p>\n<p style=\"text-align: justify;\"><strong>BENEFICIS SOCIS<\/strong><\/p>\n<ul>\n<li>Obsequi especial (per tots els alumnes que paguin material+AFA abans del 15 de setembre)<\/li>\n<li style=\"text-align: justify;\">Compra de llibres amb descomptes del 9-12% (Excepte aquest curs 23-24 degut al xec escolar)<\/li>\n<li style=\"text-align: justify;\">Servei d&#8217;acollida matinal i extraescolars<\/li>\n<li style=\"text-align: justify;\">Coca i xocolata abans de nadal<\/li>\n<li style=\"text-align: justify;\">Festa de fi de curs<\/li>\n<li style=\"text-align: justify;\">Aportaci\u00f3 per la festa de les Orles de 6\u00e8<\/li>\n<li style=\"text-align: justify;\">Aportacions per a fotoc\u00f2pies, compra de maquin\u00e0ria o materials, millores a l&#8217;escola&#8230; aportaci\u00f3 segons pressupost i demanda de l&#8217;escola<\/li>\n<li style=\"text-align: justify;\">Aportaci\u00f3 Nadal 20\u20ac\/classe<\/li>\n<\/ul>\n","protected":false},"excerpt":{"rendered":"<p>L&#8217;AFA \u00e9s una entitat sense afany de lucre formada per totes les fam\u00edlies de l&#8217;escola.\u00a0 La Junta directiva s&#8217;escull democr\u00e0ticament a l&#8217;Assemblea general i fa una tasca volunt\u00e0ria i desinteressada de la qual tota la comunitat educativa treu profit.<br \/>\nOBJECTIUS I PROP\u00d2SITS<br \/>\nL&#8217;AFA (Associaci\u00f3 de Fam\u00edlies d&#8217;Alumnes)&hellip;  <a href=\"https:\/\/agora.xtec.cat\/escjoanmaragall\/qui-som\/\" title=\"Read QUI SOM?\">Llegeix m\u00e9s\u00bb<\/a><\/p>\n","protected":false},"author":1,"featured_media":0,"parent":0,"menu_order":0,"comment_status":"closed","ping_status":"closed","template":"","meta":{"_bbp_topic_count":0,"_bbp_reply_count":0,"_bbp_total_topic_count":0,"_bbp_total_reply_count":0,"_bbp_voice_count":0,"_bbp_anonymous_reply_count":0,"_bbp_topic_count_hidden":0,"_bbp_reply_count_hidden":0,"_bbp_forum_subforum_count":0,"footnotes":""},"class_list":["post-14159","page","type-page","status-publish","hentry"],"post_mailing_queue_ids":[],"_links":{"self":[{"href":"https:\/\/agora.xtec.cat\/escjoanmaragall\/wp-json\/wp\/v2\/pages\/14159","targetHints":{"allow":["GET"]}}],"collection":[{"href":"https:\/\/agora.xtec.cat\/escjoanmaragall\/wp-json\/wp\/v2\/pages"}],"about":[{"href":"https:\/\/agora.xtec.cat\/escjoanmaragall\/wp-json\/wp\/v2\/types\/page"}],"author":[{"embeddable":true,"href":"https:\/\/agora.xtec.cat\/escjoanmaragall\/wp-json\/wp\/v2\/users\/1"}],"replies":[{"embeddable":true,"href":"https:\/\/agora.xtec.cat\/escjoanmaragall\/wp-json\/wp\/v2\/comments?post=14159"}],"version-history":[{"count":4,"href":"https:\/\/agora.xtec.cat\/escjoanmaragall\/wp-json\/wp\/v2\/pages\/14159\/revisions"}],"predecessor-version":[{"id":16772,"href":"https:\/\/agora.xtec.cat\/escjoanmaragall\/wp-json\/wp\/v2\/pages\/14159\/revisions\/16772"}],"wp:attachment":[{"href":"https:\/\/agora.xtec.cat\/escjoanmaragall\/wp-json\/wp\/v2\/media?parent=14159"}],"curies":[{"name":"wp","href":"https:\/\/api.w.org\/{rel}","templated":true}]}}