{"id":13665,"date":"2020-10-23T13:50:08","date_gmt":"2020-10-23T11:50:08","guid":{"rendered":"https:\/\/agora.xtec.cat\/escjoanmaragall\/?page_id=13665"},"modified":"2021-05-17T15:16:34","modified_gmt":"2021-05-17T13:16:34","slug":"el-monstre-de-colors-p3","status":"publish","type":"page","link":"https:\/\/agora.xtec.cat\/escjoanmaragall\/el-monstre-de-colors-p3\/","title":{"rendered":"EL MONSTRE DE COLORS (P3)"},"content":{"rendered":"<p>&nbsp;<\/p>\n<p>&nbsp;<\/p>\n<p>Les emocions s\u00f3n importants i cal que les treballem a l\u2019escola. L\u2019educaci\u00f3 emocional afecta al desenvolupament dels\/les alumnes, ja que incentiva la seva motivaci\u00f3, predisposa a actituds m\u00e9s positives, millora les seves relacions i obt\u00e9 millors resultats acad\u00e8mics.<\/p>\n<p>Per aconseguir que un nen o nena creixi, en tota la dimensi\u00f3 de la paraula, no n\u2019hi ha prou amb l\u2019adquisici\u00f3 de coneixements. Generar un\u00a0clima emocional positiu\u00a0tamb\u00e9 influir\u00e0 de forma decisiva en el seu desenvolupament. Si l\u2019educaci\u00f3 ha de ser un proc\u00e9s d\u2019aprenentatge per a la vida,\u00a0les emocions\u00a0s\u00f3n molt importants\u00a0i les hem de tenir en compte.<\/p>\n<p>\u00c9s important que els\/les alumnes siguin conscients de les seves pr\u00f2pies emocions i aprenguin a\u00a0gestionar-les. S\u2019han d\u2019anar\u00a0forjant poc a poc una intel\u00b7lig\u00e8ncia emocional. Per aquest motiu comencem a treballar les emocions des de P3 i ho fem a partir d\u2019un conte: \u201cEl monstre de colors\u201d.<\/p>\n<p><img loading=\"lazy\" decoding=\"async\" class=\"aligncenter wp-image-13687\" src=\"https:\/\/agora.xtec.cat\/escjoanmaragall\/wp-content\/uploads\/usu115\/2020\/10\/monstre-de-colors-5.jpg\" alt=\"\" width=\"365\" height=\"366\" srcset=\"https:\/\/agora.xtec.cat\/escjoanmaragall\/wp-content\/uploads\/usu115\/2020\/10\/monstre-de-colors-5.jpg 768w, https:\/\/agora.xtec.cat\/escjoanmaragall\/wp-content\/uploads\/usu115\/2020\/10\/monstre-de-colors-5-150x150.jpg 150w, https:\/\/agora.xtec.cat\/escjoanmaragall\/wp-content\/uploads\/usu115\/2020\/10\/monstre-de-colors-5-376x376.jpg 376w\" sizes=\"auto, (max-width: 365px) 100vw, 365px\" \/><\/p>\n<p>Al llarg del conte, el monstre de colors va passant per totes les emocions. Nosaltres les anirem treballant tamb\u00e9 seguint el proc\u00e9s que fa el monstre.<\/p>\n<p>Comencem treballant l&#8217;emoci\u00f3 de l&#8217;ALEGRIA. Ens hem adonat que aquesta emoci\u00f3 ens proporciona una sensaci\u00f3 molt agradable, ens fa estar contents, de bon humor i amb moltes ganes de somriure.<\/p>\n<p><iframe loading=\"lazy\" title=\"P3: L&#039;ALEGRIA\" width=\"500\" height=\"281\" src=\"https:\/\/www.youtube.com\/embed\/JUWksEx7rqg?feature=oembed\" frameborder=\"0\" allow=\"accelerometer; autoplay; clipboard-write; encrypted-media; gyroscope; picture-in-picture; web-share\" referrerpolicy=\"strict-origin-when-cross-origin\" allowfullscreen><\/iframe><\/p>\n<p>Seguim amb l&#8217;emoci\u00f3 oposada a l&#8217;alegria, la TRISTESA. Tots estem trists alguna vegada i hem d&#8217;entendre que no passa res. Quan estem trists per algun motiu, hem de demanar ajuda i buscar consol en els altres. El fet d&#8217;estar trists, ens fa valorar i gaudir millor l&#8217;emoci\u00f3 de l&#8217;alegria.<\/p>\n<p><iframe loading=\"lazy\" title=\"P3: LA TRISTESA\" width=\"500\" height=\"281\" src=\"https:\/\/www.youtube.com\/embed\/KWRzTV-c33M?feature=oembed\" frameborder=\"0\" allow=\"accelerometer; autoplay; clipboard-write; encrypted-media; gyroscope; picture-in-picture; web-share\" referrerpolicy=\"strict-origin-when-cross-origin\" allowfullscreen><\/iframe><\/p>\n<p>La seg\u00fcent emoci\u00f3 que hem treballat \u00e9s la R\u00c0BIA. Quan estem rabiosos o ens enfadem molt, notem com ens posem vermells, apretem els punys i les dents&#8230; A vegades, donem cops, cridem o trenquem coses! \u00c9s una emoci\u00f3 que no ens agrada gens sentir-la.<\/p>\n<p><iframe loading=\"lazy\" title=\"P3: LA R\u00c0BIA\" width=\"500\" height=\"281\" src=\"https:\/\/www.youtube.com\/embed\/a103l3ZgclU?feature=oembed\" frameborder=\"0\" allow=\"accelerometer; autoplay; clipboard-write; encrypted-media; gyroscope; picture-in-picture; web-share\" referrerpolicy=\"strict-origin-when-cross-origin\" allowfullscreen><\/iframe><\/p>\n<p>La CAMA \u00e9s un estat que transmet tranquil\u00b7litat, quietud, serenitat i control emocional. Les emociones no s&#8217;han de reprimir, simplement hem de saber tornar a la tranquil\u00b7litat.<\/p>\n<div data-hveid=\"CAMQAA\" data-ved=\"2ahUKEwji1KrzqdbuAhXB2-AKHS1vC8IQFSgAMAN6BAgDEAA\"><iframe loading=\"lazy\" src=\"\/\/www.youtube.com\/embed\/v2tdxWSPYoc?feature=youtu\" width=\"560\" height=\"314\"><\/iframe><\/div>\n<div data-hveid=\"CAMQAA\" data-ved=\"2ahUKEwji1KrzqdbuAhXB2-AKHS1vC8IQFSgAMAN6BAgDEAA\"><\/div>\n<div data-hveid=\"CAMQAA\" data-ved=\"2ahUKEwji1KrzqdbuAhXB2-AKHS1vC8IQFSgAMAN6BAgDEAA\"><\/div>\n<div data-hveid=\"CAMQAA\" data-ved=\"2ahUKEwji1KrzqdbuAhXB2-AKHS1vC8IQFSgAMAN6BAgDEAA\"><\/div>\n<div data-hveid=\"CAMQAA\" data-ved=\"2ahUKEwji1KrzqdbuAhXB2-AKHS1vC8IQFSgAMAN6BAgDEAA\">La POR \u00e9s una emoci\u00f3 caracteritzada per una intensa sensaci\u00f3 desagradable provocada per una percepci\u00f3 de perill real o imaginari.<\/div>\n<div data-hveid=\"CAMQAA\" data-ved=\"2ahUKEwji1KrzqdbuAhXB2-AKHS1vC8IQFSgAMAN6BAgDEAA\"><\/div>\n<div data-hveid=\"CAMQAA\" data-ved=\"2ahUKEwji1KrzqdbuAhXB2-AKHS1vC8IQFSgAMAN6BAgDEAA\"><\/div>\n<div data-hveid=\"CAMQAA\" data-ved=\"2ahUKEwji1KrzqdbuAhXB2-AKHS1vC8IQFSgAMAN6BAgDEAA\"><\/div>\n<div data-hveid=\"CAMQAA\" data-ved=\"2ahUKEwji1KrzqdbuAhXB2-AKHS1vC8IQFSgAMAN6BAgDEAA\"><\/div>\n<div data-hveid=\"CAMQAA\" data-ved=\"2ahUKEwji1KrzqdbuAhXB2-AKHS1vC8IQFSgAMAN6BAgDEAA\"><iframe loading=\"lazy\" src=\"\/\/www.youtube.com\/embed\/uN7oW7rHS54\" width=\"560\" height=\"314\"><\/iframe><\/div>\n<div data-hveid=\"CAMQAA\" data-ved=\"2ahUKEwji1KrzqdbuAhXB2-AKHS1vC8IQFSgAMAN6BAgDEAA\"><\/div>\n<div data-hveid=\"CAMQAA\" data-ved=\"2ahUKEwji1KrzqdbuAhXB2-AKHS1vC8IQFSgAMAN6BAgDEAA\"><\/div>\n<div data-hveid=\"CAMQAA\" data-ved=\"2ahUKEwji1KrzqdbuAhXB2-AKHS1vC8IQFSgAMAN6BAgDEAA\"><\/div>\n<div data-hveid=\"CAMQAA\" data-ved=\"2ahUKEwji1KrzqdbuAhXB2-AKHS1vC8IQFSgAMAN6BAgDEAA\">L&#8217;AMOR \u00e9s considerada l&#8217;emoci\u00f3 m\u00e9s completa que existeix. L&#8217;amor t\u00e9 el poder d&#8217;unir a les persones. Tots volem estimar i ser estimats. L&#8217;amor ens provoca un fort sentiment de felicitat.<\/div>\n<div data-hveid=\"CAMQAA\" data-ved=\"2ahUKEwji1KrzqdbuAhXB2-AKHS1vC8IQFSgAMAN6BAgDEAA\"><\/div>\n<div data-hveid=\"CAMQAA\" data-ved=\"2ahUKEwji1KrzqdbuAhXB2-AKHS1vC8IQFSgAMAN6BAgDEAA\"><\/div>\n<div data-hveid=\"CAMQAA\" data-ved=\"2ahUKEwji1KrzqdbuAhXB2-AKHS1vC8IQFSgAMAN6BAgDEAA\"><\/div>\n<div data-hveid=\"CAMQAA\" data-ved=\"2ahUKEwji1KrzqdbuAhXB2-AKHS1vC8IQFSgAMAN6BAgDEAA\"><iframe loading=\"lazy\" src=\"\/\/www.youtube.com\/embed\/Y5K_ue34r7E\" width=\"560\" height=\"314\"><\/iframe><\/div>\n<div data-hveid=\"CAMQAA\" data-ved=\"2ahUKEwji1KrzqdbuAhXB2-AKHS1vC8IQFSgAMAN6BAgDEAA\"><\/div>\n<div data-hveid=\"CAMQAA\" data-ved=\"2ahUKEwji1KrzqdbuAhXB2-AKHS1vC8IQFSgAMAN6BAgDEAA\"><\/div>\n<div data-hveid=\"CAMQAA\" data-ved=\"2ahUKEwji1KrzqdbuAhXB2-AKHS1vC8IQFSgAMAN6BAgDEAA\">Per acabar aquesta tasca treballarem una \u00faltima emoci\u00f3: LA SORPRESA. La sorpresa \u00e9s una reacci\u00f3 breu, intensa i inesperada, provocada per quelcom imprevist o estrany. Desencadenats de la sorpresa poden ser esdeveniments inesperats, canvis bruscs, est\u00edmuls nous etc. La sorpresa pot ser una emoci\u00f3 positiva o negativa depenent de l&#8217;est\u00edmul que la desencadena.<\/div>\n<div data-hveid=\"CAMQAA\" data-ved=\"2ahUKEwji1KrzqdbuAhXB2-AKHS1vC8IQFSgAMAN6BAgDEAA\"><\/div>\n<div data-hveid=\"CAMQAA\" data-ved=\"2ahUKEwji1KrzqdbuAhXB2-AKHS1vC8IQFSgAMAN6BAgDEAA\"><iframe loading=\"lazy\" src=\"\/\/www.youtube.com\/embed\/x5Eq3TSYENA\" width=\"560\" height=\"314\"><\/iframe><\/div>\n","protected":false},"excerpt":{"rendered":"<p>&nbsp;<br \/>\n&nbsp;<br \/>\nLes emocions s\u00f3n importants i cal que les treballem a l\u2019escola. L\u2019educaci\u00f3 emocional afecta al desenvolupament dels\/les alumnes, ja que incentiva la seva motivaci\u00f3, predisposa a actituds m\u00e9s positives, millora les seves relacions i obt\u00e9 millors resultats acad\u00e8mics.<br \/>\nPer aconseguir que un nen o nena creixi,&hellip;  <a href=\"https:\/\/agora.xtec.cat\/escjoanmaragall\/el-monstre-de-colors-p3\/\" title=\"Read EL MONSTRE DE COLORS (P3)\">Llegeix m\u00e9s\u00bb<\/a><\/p>\n","protected":false},"author":1,"featured_media":0,"parent":0,"menu_order":0,"comment_status":"closed","ping_status":"closed","template":"","meta":{"_bbp_topic_count":0,"_bbp_reply_count":0,"_bbp_total_topic_count":0,"_bbp_total_reply_count":0,"_bbp_voice_count":0,"_bbp_anonymous_reply_count":0,"_bbp_topic_count_hidden":0,"_bbp_reply_count_hidden":0,"_bbp_forum_subforum_count":0,"footnotes":""},"class_list":["post-13665","page","type-page","status-publish","hentry"],"post_mailing_queue_ids":[],"_links":{"self":[{"href":"https:\/\/agora.xtec.cat\/escjoanmaragall\/wp-json\/wp\/v2\/pages\/13665","targetHints":{"allow":["GET"]}}],"collection":[{"href":"https:\/\/agora.xtec.cat\/escjoanmaragall\/wp-json\/wp\/v2\/pages"}],"about":[{"href":"https:\/\/agora.xtec.cat\/escjoanmaragall\/wp-json\/wp\/v2\/types\/page"}],"author":[{"embeddable":true,"href":"https:\/\/agora.xtec.cat\/escjoanmaragall\/wp-json\/wp\/v2\/users\/1"}],"replies":[{"embeddable":true,"href":"https:\/\/agora.xtec.cat\/escjoanmaragall\/wp-json\/wp\/v2\/comments?post=13665"}],"version-history":[{"count":5,"href":"https:\/\/agora.xtec.cat\/escjoanmaragall\/wp-json\/wp\/v2\/pages\/13665\/revisions"}],"predecessor-version":[{"id":14465,"href":"https:\/\/agora.xtec.cat\/escjoanmaragall\/wp-json\/wp\/v2\/pages\/13665\/revisions\/14465"}],"wp:attachment":[{"href":"https:\/\/agora.xtec.cat\/escjoanmaragall\/wp-json\/wp\/v2\/media?parent=13665"}],"curies":[{"name":"wp","href":"https:\/\/api.w.org\/{rel}","templated":true}]}}