{"id":11781,"date":"2020-04-24T16:06:33","date_gmt":"2020-04-24T14:06:33","guid":{"rendered":"https:\/\/agora.xtec.cat\/escjoanmaragall\/?page_id=11781"},"modified":"2020-05-23T19:54:11","modified_gmt":"2020-05-23T17:54:11","slug":"5e-ara-escric","status":"publish","type":"page","link":"https:\/\/agora.xtec.cat\/escjoanmaragall\/ara-escric\/5e-ara-escric\/","title":{"rendered":"5\u00e8 &#8211; Ara Escric"},"content":{"rendered":"<p style=\"text-align: center;\"><strong>ALUMNES DE 5\u00e8!<\/strong><\/p>\n<p><em><strong>(01\/05\/2020)<\/strong><\/em><\/p>\n<p>Hola a tots i a totes!<\/p>\n<p>Avui us porto un nou repte per posar a prova la vostra imaginaci\u00f3. Voleu saber quin \u00e9s? Doncs aquesta vegada per saber quina feina hi ha, heu de veure un v\u00eddeo. Esteu preparats i preparades? <a href=\"https:\/\/youtu.be\/vnWxdxa1Lc4\">Endavant!<\/a><\/p>\n<p>La infografia de la qual us parlo en el v\u00eddeo \u00e9s <a href=\"https:\/\/view.genial.ly\/5eaad5d1431a190d94bd8996\/vertical-infographic-escriptura-crativa-historia-fantastica\">aquesta<\/a>. Recordeu que el conte ha de tenir una llargada com a m\u00ednim una cara d&#8217;un full i la podeu fer a m\u00e0 o a ordinador, com m\u00e9s us agradi. Aquesta tasca \u00e9s en <strong>CATAL\u00c0 <\/strong>i a mi nom\u00e9s cal que em passeu el resultat final, per\u00f2 feu els passos que us diu la infografia. Recordeu posar-hi el nom, si us plau.<\/p>\n<p>Perqu\u00e8 pugueu fer una bona autoavaluaci\u00f3, us deixo aquest document que jo faig servir per corregir els vostres contes. No cal que me l&#8217;envieu, \u00e9s per vosaltres. Cliqueu <a href=\"https:\/\/agora.xtec.cat\/escjoanmaragall\/wp-content\/uploads\/usu115\/2020\/05\/Autoavaluaci\u00f3.pdf\">aqu\u00ed<\/a>!<\/p>\n<p>Espero amb moltes ganes els vostres contes!<\/p>\n<p style=\"text-align: center;\"><strong><em>Deixeu volar la vostra imaginaci\u00f3!<\/em><\/strong><\/p>\n<p>Anir\u00e9 penjant aqu\u00ed sota totes aquestes hist\u00f2ries que vaig rebent. Enhorabona a tots i a totes les participants.<\/p>\n<p><img loading=\"lazy\" decoding=\"async\" class=\"alignnone  wp-image-12838\" src=\"https:\/\/agora.xtec.cat\/escjoanmaragall\/wp-content\/uploads\/usu115\/2020\/05\/Hist\u00f2ria-Zoe-1.jpg\" alt=\"\" width=\"425\" height=\"563\" srcset=\"https:\/\/agora.xtec.cat\/escjoanmaragall\/wp-content\/uploads\/usu115\/2020\/05\/Hist\u00f2ria-Zoe-1.jpg 513w, https:\/\/agora.xtec.cat\/escjoanmaragall\/wp-content\/uploads\/usu115\/2020\/05\/Hist\u00f2ria-Zoe-1-284x376.jpg 284w\" sizes=\"auto, (max-width: 425px) 100vw, 425px\" \/><img loading=\"lazy\" decoding=\"async\" class=\"alignnone  wp-image-12840\" src=\"https:\/\/agora.xtec.cat\/escjoanmaragall\/wp-content\/uploads\/usu115\/2020\/05\/Hist\u00f2ria-Zoe-2-1.jpg\" alt=\"\" width=\"413\" height=\"560\" srcset=\"https:\/\/agora.xtec.cat\/escjoanmaragall\/wp-content\/uploads\/usu115\/2020\/05\/Hist\u00f2ria-Zoe-2-1.jpg 437w, https:\/\/agora.xtec.cat\/escjoanmaragall\/wp-content\/uploads\/usu115\/2020\/05\/Hist\u00f2ria-Zoe-2-1-277x376.jpg 277w\" sizes=\"auto, (max-width: 413px) 100vw, 413px\" \/><\/p>\n<p>&nbsp;<\/p>\n<p><em><strong>(15\/04\/2020)<\/strong><\/em><\/p>\n<p>Hola alumnos de 5\u00ba<\/p>\n<p>\u00bfC\u00f3mo est\u00e1is? Espero que est\u00e9is bien. Recordad que est\u00e1is siendo muy fuertes quedandoos en casa. \u00a1Todo ir\u00e1 bien!<\/p>\n<p>\u00bfRecord\u00e1is que en los talleres de catal\u00e1n hicisteis el texto instructivo escribiendo las normas de un juego?<\/p>\n<p>Pues hoy os traigo una actividad muy rica. Os propongo recordar todas las caracter\u00edsticas que tiene un\u00a0<strong>texto instructivo escribiendo una receta en CASTELLANO<\/strong>. Esta puede ser dulce o salada, con mayor dificultad o muy sencilla, \u2026<\/p>\n<p>Pensad muy bien en la estructura que hay que utilizar:<\/p>\n<ul>\n<li>La forma que suele tener.<\/li>\n<li>El tiempo verbal.<\/li>\n<li>Las partes que tiene que tener.<\/li>\n<li>\u00bfIm\u00e1genes, dibujos o solo letra?<\/li>\n<\/ul>\n<p>Recordad muy bien los pasos que hay que tener en cuenta antes de presentar cualquier texto:<\/p>\n<ul>\n<li>Saber sobre qu\u00e9 escribir\u00e1s y el formato que tiene que tener.<\/li>\n<li>Hacer un esbozo.<\/li>\n<li>Mirar si tiene coherencia.<\/li>\n<li>Mirar si todo tiene una concordancia.<\/li>\n<li>Fijarse en las posibles faltas ortogr\u00e1ficas.<\/li>\n<li>Pasar a limpio la receta y enviarla por correo.<\/li>\n<\/ul>\n<p>Os dejo una\u00a0<a href=\"https:\/\/agora.xtec.cat\/escjoanmaragall\/wp-content\/uploads\/usu115\/2020\/04\/Receta-de-modelo.pdf\">receta modelo<\/a>\u00a0que he hecho yo, la pod\u00e9is hacer en ordenador o a mano.<\/p>\n<p>Enviad la faena a los correos que os han facilitado.\u00a0\u00a1No olvid\u00e9is poner el nombre o no sabre quien la ha hecho!<\/p>\n<p><em><b>Espero vuestras recetas para poderlas hacer.<\/b><\/em><\/p>\n<p>Clara<\/p>\n","protected":false},"excerpt":{"rendered":"<p>ALUMNES DE 5\u00e8!<br \/>\n(01\/05\/2020)<br \/>\nHola a tots i a totes!<br \/>\nAvui us porto un nou repte per posar a prova la vostra imaginaci\u00f3. Voleu saber quin \u00e9s? Doncs aquesta vegada per saber quina feina hi ha, heu de veure un v\u00eddeo. Esteu preparats i preparades? <a href=\"https:\/\/youtu.be\/vnWxdxa1Lc4\">Endavant!<\/a><br \/>\nLa infografia&hellip;  <a href=\"https:\/\/agora.xtec.cat\/escjoanmaragall\/ara-escric\/5e-ara-escric\/\" title=\"Read 5\u00e8 &#8211; Ara Escric\">Llegeix m\u00e9s\u00bb<\/a><\/p>\n","protected":false},"author":1,"featured_media":0,"parent":11458,"menu_order":0,"comment_status":"closed","ping_status":"closed","template":"page-templates\/side-menu.php","meta":{"_bbp_topic_count":0,"_bbp_reply_count":0,"_bbp_total_topic_count":0,"_bbp_total_reply_count":0,"_bbp_voice_count":0,"_bbp_anonymous_reply_count":0,"_bbp_topic_count_hidden":0,"_bbp_reply_count_hidden":0,"_bbp_forum_subforum_count":0,"footnotes":""},"class_list":["post-11781","page","type-page","status-publish","hentry"],"post_mailing_queue_ids":[],"_links":{"self":[{"href":"https:\/\/agora.xtec.cat\/escjoanmaragall\/wp-json\/wp\/v2\/pages\/11781","targetHints":{"allow":["GET"]}}],"collection":[{"href":"https:\/\/agora.xtec.cat\/escjoanmaragall\/wp-json\/wp\/v2\/pages"}],"about":[{"href":"https:\/\/agora.xtec.cat\/escjoanmaragall\/wp-json\/wp\/v2\/types\/page"}],"author":[{"embeddable":true,"href":"https:\/\/agora.xtec.cat\/escjoanmaragall\/wp-json\/wp\/v2\/users\/1"}],"replies":[{"embeddable":true,"href":"https:\/\/agora.xtec.cat\/escjoanmaragall\/wp-json\/wp\/v2\/comments?post=11781"}],"version-history":[{"count":3,"href":"https:\/\/agora.xtec.cat\/escjoanmaragall\/wp-json\/wp\/v2\/pages\/11781\/revisions"}],"predecessor-version":[{"id":12841,"href":"https:\/\/agora.xtec.cat\/escjoanmaragall\/wp-json\/wp\/v2\/pages\/11781\/revisions\/12841"}],"up":[{"embeddable":true,"href":"https:\/\/agora.xtec.cat\/escjoanmaragall\/wp-json\/wp\/v2\/pages\/11458"}],"wp:attachment":[{"href":"https:\/\/agora.xtec.cat\/escjoanmaragall\/wp-json\/wp\/v2\/media?parent=11781"}],"curies":[{"name":"wp","href":"https:\/\/api.w.org\/{rel}","templated":true}]}}