{"id":10662,"date":"2020-03-24T12:06:24","date_gmt":"2020-03-24T11:06:24","guid":{"rendered":"https:\/\/agora.xtec.cat\/escjoanmaragall\/?page_id=10662"},"modified":"2022-02-28T21:07:01","modified_gmt":"2022-02-28T20:07:01","slug":"educacio-musical","status":"publish","type":"page","link":"https:\/\/agora.xtec.cat\/escjoanmaragall\/educacio-musical\/","title":{"rendered":"EDUCACI\u00d3 MUSICAL"},"content":{"rendered":"<p style=\"text-align: center;\">Hola nens i nenes.<\/p>\n<p style=\"text-align: center;\">S\u00f3c l&#8217;Alexandra, la vostra senyo de m\u00fasica. Aqu\u00ed trobareu algunes tasques per a fer des de casa.<\/p>\n<p style=\"text-align: center;\">Nom\u00e9s cal que cliqueu al vostre curs i seguiu les instruccions.<\/p>\n<p>&nbsp;<\/p>\n<h4><a href=\"https:\/\/agora.xtec.cat\/escjoanmaragall\/cicle-inicial-3\/\"><img loading=\"lazy\" decoding=\"async\" class=\"alignnone wp-image-11258 \" src=\"https:\/\/agora.xtec.cat\/escjoanmaragall\/wp-content\/uploads\/usu115\/2020\/04\/Blog-C.I.-376x376.jpg\" alt=\"\" width=\"200\" height=\"200\" srcset=\"https:\/\/agora.xtec.cat\/escjoanmaragall\/wp-content\/uploads\/usu115\/2020\/04\/Blog-C.I.-376x376.jpg 376w, https:\/\/agora.xtec.cat\/escjoanmaragall\/wp-content\/uploads\/usu115\/2020\/04\/Blog-C.I.-150x150.jpg 150w, https:\/\/agora.xtec.cat\/escjoanmaragall\/wp-content\/uploads\/usu115\/2020\/04\/Blog-C.I..jpg 470w\" sizes=\"auto, (max-width: 200px) 100vw, 200px\" \/> \u00a0 \u00a0 \u00a0 \u00a0 \u00a0 <\/a><a href=\"https:\/\/agora.xtec.cat\/escjoanmaragall\/musica-cicle-mitja\/\"><img loading=\"lazy\" decoding=\"async\" class=\"alignnone wp-image-14726 \" src=\"https:\/\/agora.xtec.cat\/escjoanmaragall\/wp-content\/uploads\/usu115\/2021\/11\/4t.png\" alt=\"\" width=\"200\" height=\"213\" \/> \u00a0 \u00a0 \u00a0 \u00a0 \u00a0 \u00a0 <\/a><a href=\"https:\/\/agora.xtec.cat\/escjoanmaragall\/musica-cicle-superior\/\"><img loading=\"lazy\" decoding=\"async\" class=\"alignnone wp-image-14731\" src=\"https:\/\/agora.xtec.cat\/escjoanmaragall\/wp-content\/uploads\/usu115\/2021\/11\/5e.png\" alt=\"\" width=\"200\" height=\"212\" \/><\/a><\/h4>\n<p><a href=\"https:\/\/agora.xtec.cat\/escjoanmaragall\/musica-6e\/\"><img loading=\"lazy\" decoding=\"async\" class=\"alignnone wp-image-14923\" src=\"https:\/\/agora.xtec.cat\/escjoanmaragall\/wp-content\/uploads\/usu115\/2022\/02\/6e.png\" alt=\"\" width=\"200\" height=\"214\" \/><\/a><\/p>\n","protected":false},"excerpt":{"rendered":"<p>Hola nens i nenes.<br \/>\nS\u00f3c l&#8217;Alexandra, la vostra senyo de m\u00fasica. Aqu\u00ed trobareu algunes tasques per a fer des de casa.<br \/>\nNom\u00e9s cal que cliqueu al vostre curs i seguiu les instruccions.<br \/>\n&nbsp;<br \/>\n<a href=\"https:\/\/agora.xtec.cat\/escjoanmaragall\/cicle-inicial-3\/\"> \u00a0 \u00a0 \u00a0 \u00a0 \u00a0 <\/a><a href=\"https:\/\/agora.xtec.cat\/escjoanmaragall\/musica-cicle-mitja\/\"> \u00a0 \u00a0 \u00a0 \u00a0 \u00a0 \u00a0 <\/a><a&hellip;  <a href=\"https:\/\/agora.xtec.cat\/escjoanmaragall\/educacio-musical\/\" title=\"Read EDUCACI\u00d3 MUSICAL\">Llegeix m\u00e9s\u00bb<\/a><\/p>\n","protected":false},"author":1,"featured_media":0,"parent":0,"menu_order":0,"comment_status":"closed","ping_status":"closed","template":"","meta":{"_bbp_topic_count":0,"_bbp_reply_count":0,"_bbp_total_topic_count":0,"_bbp_total_reply_count":0,"_bbp_voice_count":0,"_bbp_anonymous_reply_count":0,"_bbp_topic_count_hidden":0,"_bbp_reply_count_hidden":0,"_bbp_forum_subforum_count":0,"footnotes":""},"class_list":["post-10662","page","type-page","status-publish","hentry"],"post_mailing_queue_ids":[],"_links":{"self":[{"href":"https:\/\/agora.xtec.cat\/escjoanmaragall\/wp-json\/wp\/v2\/pages\/10662","targetHints":{"allow":["GET"]}}],"collection":[{"href":"https:\/\/agora.xtec.cat\/escjoanmaragall\/wp-json\/wp\/v2\/pages"}],"about":[{"href":"https:\/\/agora.xtec.cat\/escjoanmaragall\/wp-json\/wp\/v2\/types\/page"}],"author":[{"embeddable":true,"href":"https:\/\/agora.xtec.cat\/escjoanmaragall\/wp-json\/wp\/v2\/users\/1"}],"replies":[{"embeddable":true,"href":"https:\/\/agora.xtec.cat\/escjoanmaragall\/wp-json\/wp\/v2\/comments?post=10662"}],"version-history":[{"count":4,"href":"https:\/\/agora.xtec.cat\/escjoanmaragall\/wp-json\/wp\/v2\/pages\/10662\/revisions"}],"predecessor-version":[{"id":14928,"href":"https:\/\/agora.xtec.cat\/escjoanmaragall\/wp-json\/wp\/v2\/pages\/10662\/revisions\/14928"}],"wp:attachment":[{"href":"https:\/\/agora.xtec.cat\/escjoanmaragall\/wp-json\/wp\/v2\/media?parent=10662"}],"curies":[{"name":"wp","href":"https:\/\/api.w.org\/{rel}","templated":true}]}}