{"id":854,"date":"2022-10-14T13:54:28","date_gmt":"2022-10-14T11:54:28","guid":{"rendered":"https:\/\/agora.xtec.cat\/escjoanmaragall-santcugat\/?page_id=854"},"modified":"2022-10-14T14:08:57","modified_gmt":"2022-10-14T12:08:57","slug":"virtual-tour-360o","status":"publish","type":"page","link":"https:\/\/agora.xtec.cat\/escjoanmaragall-santcugat\/lescola\/virtual-tour-360o\/","title":{"rendered":"Virtual tour 360\u00ba"},"content":{"rendered":"<p>Si voleu donar una passeig per la nostra escola, <strong>podeu clicar a sobre de la foto<\/strong> i se us obrir\u00e0 la possibilitat de visitar, des del nostre vest\u00edbul passant per infantil, prim\u00e0ria, sortim al gimn\u00e0s, passegem per el pat\u00ed i ens podr\u00edem acostar al menjador. <a href=\"https:\/\/kuula.co\/explore\/collection\/7Yln5\" target=\"_blank\" rel=\"noopener\"><img loading=\"lazy\" decoding=\"async\" class=\"aligncenter wp-image-856 size-full\" src=\"https:\/\/agora.xtec.cat\/escjoanmaragall-santcugat\/wp-content\/uploads\/usu2648\/2022\/10\/maragalldenit.jpg\" alt=\"\" width=\"600\" height=\"200\" srcset=\"https:\/\/agora.xtec.cat\/escjoanmaragall-santcugat\/wp-content\/uploads\/usu2648\/2022\/10\/maragalldenit.jpg 600w, https:\/\/agora.xtec.cat\/escjoanmaragall-santcugat\/wp-content\/uploads\/usu2648\/2022\/10\/maragalldenit-300x100.jpg 300w\" sizes=\"auto, (max-width: 600px) 100vw, 600px\" \/><\/a><\/p>\n","protected":false},"excerpt":{"rendered":"<p>Si voleu donar una passeig per la nostra escola, podeu clicar a sobre de la foto i se us obrir\u00e0 la possibilitat de visitar, des del nostre vest\u00edbul passant per infantil, prim\u00e0ria, sortim al gimn\u00e0s, passegem per el pat\u00ed i ens podr\u00edem acostar al menjador.&hellip;  <a href=\"https:\/\/agora.xtec.cat\/escjoanmaragall-santcugat\/lescola\/virtual-tour-360o\/\" title=\"Read Virtual tour 360\u00ba\">Llegeix m\u00e9s\u00bb<\/a><\/p>\n","protected":false},"author":1,"featured_media":0,"parent":22,"menu_order":0,"comment_status":"closed","ping_status":"closed","template":"","meta":{"_bbp_topic_count":0,"_bbp_reply_count":0,"_bbp_total_topic_count":0,"_bbp_total_reply_count":0,"_bbp_voice_count":0,"_bbp_anonymous_reply_count":0,"_bbp_topic_count_hidden":0,"_bbp_reply_count_hidden":0,"_bbp_forum_subforum_count":0,"footnotes":""},"class_list":["post-854","page","type-page","status-publish","hentry"],"post_mailing_queue_ids":[],"_links":{"self":[{"href":"https:\/\/agora.xtec.cat\/escjoanmaragall-santcugat\/wp-json\/wp\/v2\/pages\/854","targetHints":{"allow":["GET"]}}],"collection":[{"href":"https:\/\/agora.xtec.cat\/escjoanmaragall-santcugat\/wp-json\/wp\/v2\/pages"}],"about":[{"href":"https:\/\/agora.xtec.cat\/escjoanmaragall-santcugat\/wp-json\/wp\/v2\/types\/page"}],"author":[{"embeddable":true,"href":"https:\/\/agora.xtec.cat\/escjoanmaragall-santcugat\/wp-json\/wp\/v2\/users\/1"}],"replies":[{"embeddable":true,"href":"https:\/\/agora.xtec.cat\/escjoanmaragall-santcugat\/wp-json\/wp\/v2\/comments?post=854"}],"version-history":[{"count":4,"href":"https:\/\/agora.xtec.cat\/escjoanmaragall-santcugat\/wp-json\/wp\/v2\/pages\/854\/revisions"}],"predecessor-version":[{"id":861,"href":"https:\/\/agora.xtec.cat\/escjoanmaragall-santcugat\/wp-json\/wp\/v2\/pages\/854\/revisions\/861"}],"up":[{"embeddable":true,"href":"https:\/\/agora.xtec.cat\/escjoanmaragall-santcugat\/wp-json\/wp\/v2\/pages\/22"}],"wp:attachment":[{"href":"https:\/\/agora.xtec.cat\/escjoanmaragall-santcugat\/wp-json\/wp\/v2\/media?parent=854"}],"curies":[{"name":"wp","href":"https:\/\/api.w.org\/{rel}","templated":true}]}}