{"id":1387,"date":"2026-01-23T12:27:42","date_gmt":"2026-01-23T11:27:42","guid":{"rendered":"https:\/\/agora.xtec.cat\/escjoanmaragall-santcugat\/?page_id=1387"},"modified":"2026-02-05T16:30:41","modified_gmt":"2026-02-05T15:30:41","slug":"autoritzacions","status":"publish","type":"page","link":"https:\/\/agora.xtec.cat\/escjoanmaragall-santcugat\/lescola\/salut\/autoritzacions\/","title":{"rendered":"Autoritzacions"},"content":{"rendered":"<p>Us deixem l&#8217;autoritzaci\u00f3 perqu\u00e8 l&#8217;alumnat, que ho necessiti, pugui\u00a0 sortir sol en <strong>horari NO LECTIU<\/strong> a partir de<strong> 4t de PRIM\u00c0RIA. <\/strong><\/p>\n<p>Recordeu que en <strong>horari LECTIU <\/strong>sempre han de marxar acompanyats d&#8217;un adult <strong>autoritzat<\/strong> (incl\u00f2s 6\u00e8 PRIM\u00c0RIA). Us adjuntem l&#8217;autoritzaci\u00f3 corresponent.<\/p>\n<p>Per poder descarregar el document cliqueu les imatges.<\/p>\n<table style=\"border-collapse: collapse; width: 100%;\">\n<tbody>\n<tr>\n<td style=\"width: 50%;\"><span style=\"color: #2795b6;\"><span style=\"font-size: 16px;\"><a style=\"color: #2795b6; font-size: 16px;\" href=\"https:\/\/drive.google.com\/file\/d\/1lXGBBNe5Opn5r_KETQHDslwifuMYj86L\/view?usp=drive_link\" target=\"_blank\" rel=\"noopener\"><img loading=\"lazy\" decoding=\"async\" class=\"wp-image-1388 aligncenter\" src=\"https:\/\/agora.xtec.cat\/escjoanmaragall-santcugat\/wp-content\/uploads\/usu2648\/2026\/01\/recollida-sols.png\" alt=\"\" width=\"263\" height=\"346\" srcset=\"https:\/\/agora.xtec.cat\/escjoanmaragall-santcugat\/wp-content\/uploads\/usu2648\/2026\/01\/recollida-sols.png 499w, https:\/\/agora.xtec.cat\/escjoanmaragall-santcugat\/wp-content\/uploads\/usu2648\/2026\/01\/recollida-sols-228x300.png 228w\" sizes=\"auto, (max-width: 263px) 100vw, 263px\" \/><\/a><\/p>\n<p><\/span><\/span><\/td>\n<td style=\"width: 50%;\"><a href=\"https:\/\/drive.google.com\/file\/d\/1ZS0BnC6N99oLFTEr8ew0T3cloJwrgNvC\/view?usp=drive_link\" target=\"_blank\" rel=\"noopener\"><img loading=\"lazy\" decoding=\"async\" class=\"wp-image-1389  aligncenter\" src=\"https:\/\/agora.xtec.cat\/escjoanmaragall-santcugat\/wp-content\/uploads\/usu2648\/2026\/01\/autoritzacio-recollida.png\" alt=\"\" width=\"307\" height=\"382\" srcset=\"https:\/\/agora.xtec.cat\/escjoanmaragall-santcugat\/wp-content\/uploads\/usu2648\/2026\/01\/autoritzacio-recollida.png 559w, https:\/\/agora.xtec.cat\/escjoanmaragall-santcugat\/wp-content\/uploads\/usu2648\/2026\/01\/autoritzacio-recollida-242x300.png 242w\" sizes=\"auto, (max-width: 307px) 100vw, 307px\" \/><\/a><\/td>\n<\/tr>\n<\/tbody>\n<\/table>\n<p>&nbsp;<\/p>\n","protected":false},"excerpt":{"rendered":"<p>Us deixem l&#8217;autoritzaci\u00f3 perqu\u00e8 l&#8217;alumnat, que ho necessiti, pugui\u00a0 sortir sol en horari NO LECTIU a partir de 4t de PRIM\u00c0RIA.<br \/>\nRecordeu que en horari LECTIU sempre han de marxar acompanyats d&#8217;un adult autoritzat (incl\u00f2s 6\u00e8 PRIM\u00c0RIA). Us adjuntem l&#8217;autoritzaci\u00f3 corresponent.<br \/>\nPer poder descarregar el document&hellip;  <a href=\"https:\/\/agora.xtec.cat\/escjoanmaragall-santcugat\/lescola\/salut\/autoritzacions\/\" title=\"Read Autoritzacions\">Llegeix m\u00e9s\u00bb<\/a><\/p>\n","protected":false},"author":1,"featured_media":0,"parent":38,"menu_order":0,"comment_status":"closed","ping_status":"closed","template":"","meta":{"_bbp_topic_count":0,"_bbp_reply_count":0,"_bbp_total_topic_count":0,"_bbp_total_reply_count":0,"_bbp_voice_count":0,"_bbp_anonymous_reply_count":0,"_bbp_topic_count_hidden":0,"_bbp_reply_count_hidden":0,"_bbp_forum_subforum_count":0,"footnotes":""},"class_list":["post-1387","page","type-page","status-publish","hentry"],"post_mailing_queue_ids":[],"_links":{"self":[{"href":"https:\/\/agora.xtec.cat\/escjoanmaragall-santcugat\/wp-json\/wp\/v2\/pages\/1387","targetHints":{"allow":["GET"]}}],"collection":[{"href":"https:\/\/agora.xtec.cat\/escjoanmaragall-santcugat\/wp-json\/wp\/v2\/pages"}],"about":[{"href":"https:\/\/agora.xtec.cat\/escjoanmaragall-santcugat\/wp-json\/wp\/v2\/types\/page"}],"author":[{"embeddable":true,"href":"https:\/\/agora.xtec.cat\/escjoanmaragall-santcugat\/wp-json\/wp\/v2\/users\/1"}],"replies":[{"embeddable":true,"href":"https:\/\/agora.xtec.cat\/escjoanmaragall-santcugat\/wp-json\/wp\/v2\/comments?post=1387"}],"version-history":[{"count":6,"href":"https:\/\/agora.xtec.cat\/escjoanmaragall-santcugat\/wp-json\/wp\/v2\/pages\/1387\/revisions"}],"predecessor-version":[{"id":1458,"href":"https:\/\/agora.xtec.cat\/escjoanmaragall-santcugat\/wp-json\/wp\/v2\/pages\/1387\/revisions\/1458"}],"up":[{"embeddable":true,"href":"https:\/\/agora.xtec.cat\/escjoanmaragall-santcugat\/wp-json\/wp\/v2\/pages\/38"}],"wp:attachment":[{"href":"https:\/\/agora.xtec.cat\/escjoanmaragall-santcugat\/wp-json\/wp\/v2\/media?parent=1387"}],"curies":[{"name":"wp","href":"https:\/\/api.w.org\/{rel}","templated":true}]}}