{"id":918,"date":"2024-10-08T10:48:30","date_gmt":"2024-10-08T08:48:30","guid":{"rendered":"https:\/\/agora.xtec.cat\/escjoandomenechimoner\/?page_id=918"},"modified":"2024-10-09T23:09:29","modified_gmt":"2024-10-09T21:09:29","slug":"projecte-creaart","status":"publish","type":"page","link":"https:\/\/agora.xtec.cat\/escjoandomenechimoner\/projecte-creaart\/","title":{"rendered":"Projecte CreaArt"},"content":{"rendered":"<p style=\"text-align: left;\">El projecte d&#8217;escola <strong>CreaArt <\/strong>est\u00e0 enfocat a treballar l&#8217;expressi\u00f3 art\u00edstica a trav\u00e9s de diferents artistes (pintors\/es, escultors\/es, m\u00fasics\/ques, ballarins\/es&#8230;)\u00a0A partir d&#8217;aquests artistes ens endinsem a\u00a0 con\u00e8ixer i utilitzar diferents t\u00e8cniques pl\u00e0stiques, aix\u00ed com expressar-se a trav\u00e9s dels diferents llenguatges: corporal, musical, pl\u00e0stic.<\/p>\n<div class=\"row\" style=\"margin-bottom: 1em !important;\">\n<div class=\"small-12 large-4 text-center columns\">\n<p>&nbsp;<\/p>\n<\/div>\n<\/div>\n<div class=\"row\" style=\"margin-bottom: 1em !important;\">\n<div class=\"small-12 large-4 text-center columns\">\n<p><a href=\"https:\/\/agora.xtec.cat\/escjoandomenechimoner\/wp-content\/uploads\/usu3029\/2024\/10\/18.jpg\"><img loading=\"lazy\" decoding=\"async\" class=\"alignnone wp-image-934 size-medium\" src=\"https:\/\/agora.xtec.cat\/escjoandomenechimoner\/wp-content\/uploads\/usu3029\/2024\/10\/18-226x300.jpg\" alt=\"\" width=\"226\" height=\"300\" srcset=\"https:\/\/agora.xtec.cat\/escjoandomenechimoner\/wp-content\/uploads\/usu3029\/2024\/10\/18-226x300.jpg 226w, https:\/\/agora.xtec.cat\/escjoandomenechimoner\/wp-content\/uploads\/usu3029\/2024\/10\/18-771x1024.jpg 771w, https:\/\/agora.xtec.cat\/escjoandomenechimoner\/wp-content\/uploads\/usu3029\/2024\/10\/18-768x1020.jpg 768w, https:\/\/agora.xtec.cat\/escjoandomenechimoner\/wp-content\/uploads\/usu3029\/2024\/10\/18.jpg 799w\" sizes=\"auto, (max-width: 226px) 100vw, 226px\" \/><\/a><\/p>\n<h5><\/h5>\n<p>&nbsp;<\/p>\n<\/div>\n<div class=\"small-12 large-4 text-center columns\">\n<p><a href=\"https:\/\/agora.xtec.cat\/escjoandomenechimoner\/wp-content\/uploads\/usu3029\/2024\/10\/IMATGES-ESCOLA-vertical.jpg\"><img loading=\"lazy\" decoding=\"async\" class=\"alignnone wp-image-924 size-medium\" src=\"https:\/\/agora.xtec.cat\/escjoandomenechimoner\/wp-content\/uploads\/usu3029\/2024\/10\/IMATGES-ESCOLA-vertical-226x300.jpg\" alt=\"\" width=\"226\" height=\"300\" srcset=\"https:\/\/agora.xtec.cat\/escjoandomenechimoner\/wp-content\/uploads\/usu3029\/2024\/10\/IMATGES-ESCOLA-vertical-226x300.jpg 226w, https:\/\/agora.xtec.cat\/escjoandomenechimoner\/wp-content\/uploads\/usu3029\/2024\/10\/IMATGES-ESCOLA-vertical-771x1024.jpg 771w, https:\/\/agora.xtec.cat\/escjoandomenechimoner\/wp-content\/uploads\/usu3029\/2024\/10\/IMATGES-ESCOLA-vertical-768x1020.jpg 768w, https:\/\/agora.xtec.cat\/escjoandomenechimoner\/wp-content\/uploads\/usu3029\/2024\/10\/IMATGES-ESCOLA-vertical.jpg 799w\" sizes=\"auto, (max-width: 226px) 100vw, 226px\" \/><\/a><\/p>\n<h5><\/h5>\n<p>&nbsp;<\/p>\n<\/div>\n<div class=\"small-12 large-4 text-center columns\">\n<p><a href=\"https:\/\/agora.xtec.cat\/escjoandomenechimoner\/wp-content\/uploads\/usu3029\/2024\/10\/17.jpg\"><img loading=\"lazy\" decoding=\"async\" class=\"alignnone wp-image-933 size-medium\" src=\"https:\/\/agora.xtec.cat\/escjoandomenechimoner\/wp-content\/uploads\/usu3029\/2024\/10\/17-226x300.jpg\" alt=\"\" width=\"226\" height=\"300\" srcset=\"https:\/\/agora.xtec.cat\/escjoandomenechimoner\/wp-content\/uploads\/usu3029\/2024\/10\/17-226x300.jpg 226w, https:\/\/agora.xtec.cat\/escjoandomenechimoner\/wp-content\/uploads\/usu3029\/2024\/10\/17-771x1024.jpg 771w, https:\/\/agora.xtec.cat\/escjoandomenechimoner\/wp-content\/uploads\/usu3029\/2024\/10\/17-768x1020.jpg 768w, https:\/\/agora.xtec.cat\/escjoandomenechimoner\/wp-content\/uploads\/usu3029\/2024\/10\/17.jpg 799w\" sizes=\"auto, (max-width: 226px) 100vw, 226px\" \/><\/a><\/p>\n<h5><\/h5>\n<p>&nbsp;<\/p>\n<\/div>\n<\/div>\n<div class=\"row\" style=\"margin-bottom: 1em !important;\">\n<div class=\"small-12 large-4 text-center columns\">\n<p><a href=\"https:\/\/agora.xtec.cat\/escjoandomenechimoner\/wp-content\/uploads\/usu3029\/2024\/10\/12.jpg\"><img loading=\"lazy\" decoding=\"async\" class=\"alignnone wp-image-931 size-medium\" src=\"https:\/\/agora.xtec.cat\/escjoandomenechimoner\/wp-content\/uploads\/usu3029\/2024\/10\/12-300x226.jpg\" alt=\"\" width=\"300\" height=\"226\" srcset=\"https:\/\/agora.xtec.cat\/escjoandomenechimoner\/wp-content\/uploads\/usu3029\/2024\/10\/12-300x226.jpg 300w, https:\/\/agora.xtec.cat\/escjoandomenechimoner\/wp-content\/uploads\/usu3029\/2024\/10\/12-1024x770.jpg 1024w, https:\/\/agora.xtec.cat\/escjoandomenechimoner\/wp-content\/uploads\/usu3029\/2024\/10\/12-768x578.jpg 768w, https:\/\/agora.xtec.cat\/escjoandomenechimoner\/wp-content\/uploads\/usu3029\/2024\/10\/12-200x150.jpg 200w, https:\/\/agora.xtec.cat\/escjoandomenechimoner\/wp-content\/uploads\/usu3029\/2024\/10\/12.jpg 1061w\" sizes=\"auto, (max-width: 300px) 100vw, 300px\" \/><\/a><\/p>\n<h5><\/h5>\n<p>&nbsp;<\/p>\n<\/div>\n<div class=\"small-12 large-4 text-center columns\">\n<p><a href=\"https:\/\/agora.xtec.cat\/escjoandomenechimoner\/wp-content\/uploads\/usu3029\/2024\/10\/IMATGES-ESCOLA-horitzontal-1.jpg\"><img loading=\"lazy\" decoding=\"async\" class=\"alignnone size-medium wp-image-923\" src=\"https:\/\/agora.xtec.cat\/escjoandomenechimoner\/wp-content\/uploads\/usu3029\/2024\/10\/IMATGES-ESCOLA-horitzontal-1-300x226.jpg\" alt=\"\" width=\"300\" height=\"226\" srcset=\"https:\/\/agora.xtec.cat\/escjoandomenechimoner\/wp-content\/uploads\/usu3029\/2024\/10\/IMATGES-ESCOLA-horitzontal-1-300x226.jpg 300w, https:\/\/agora.xtec.cat\/escjoandomenechimoner\/wp-content\/uploads\/usu3029\/2024\/10\/IMATGES-ESCOLA-horitzontal-1-1024x770.jpg 1024w, https:\/\/agora.xtec.cat\/escjoandomenechimoner\/wp-content\/uploads\/usu3029\/2024\/10\/IMATGES-ESCOLA-horitzontal-1-768x578.jpg 768w, https:\/\/agora.xtec.cat\/escjoandomenechimoner\/wp-content\/uploads\/usu3029\/2024\/10\/IMATGES-ESCOLA-horitzontal-1-200x150.jpg 200w, https:\/\/agora.xtec.cat\/escjoandomenechimoner\/wp-content\/uploads\/usu3029\/2024\/10\/IMATGES-ESCOLA-horitzontal-1.jpg 1061w\" sizes=\"auto, (max-width: 300px) 100vw, 300px\" \/><\/a><\/p>\n<h5><\/h5>\n<p>&nbsp;<\/p>\n<\/div>\n<div class=\"small-12 large-4 text-center columns\">\n<p><a href=\"https:\/\/agora.xtec.cat\/escjoandomenechimoner\/wp-content\/uploads\/usu3029\/2024\/10\/13.jpg\"><img loading=\"lazy\" decoding=\"async\" class=\"alignnone wp-image-932 size-medium\" src=\"https:\/\/agora.xtec.cat\/escjoandomenechimoner\/wp-content\/uploads\/usu3029\/2024\/10\/13-300x226.jpg\" alt=\"\" width=\"300\" height=\"226\" srcset=\"https:\/\/agora.xtec.cat\/escjoandomenechimoner\/wp-content\/uploads\/usu3029\/2024\/10\/13-300x226.jpg 300w, https:\/\/agora.xtec.cat\/escjoandomenechimoner\/wp-content\/uploads\/usu3029\/2024\/10\/13-1024x770.jpg 1024w, https:\/\/agora.xtec.cat\/escjoandomenechimoner\/wp-content\/uploads\/usu3029\/2024\/10\/13-768x578.jpg 768w, https:\/\/agora.xtec.cat\/escjoandomenechimoner\/wp-content\/uploads\/usu3029\/2024\/10\/13-200x150.jpg 200w, https:\/\/agora.xtec.cat\/escjoandomenechimoner\/wp-content\/uploads\/usu3029\/2024\/10\/13.jpg 1061w\" sizes=\"auto, (max-width: 300px) 100vw, 300px\" \/><\/a><\/p>\n<h5><\/h5>\n<p>&nbsp;<\/p>\n<\/div>\n<\/div>\n","protected":false},"excerpt":{"rendered":"<p>El projecte d&#8217;escola CreaArt est\u00e0 enfocat a treballar l&#8217;expressi\u00f3 art\u00edstica a trav\u00e9s de diferents artistes (pintors\/es, escultors\/es, m\u00fasics\/ques, ballarins\/es&#8230;)\u00a0A partir d&#8217;aquests artistes ens endinsem a\u00a0 con\u00e8ixer i utilitzar diferents t\u00e8cniques pl\u00e0stiques, aix\u00ed com expressar-se a trav\u00e9s dels diferents llenguatges: corporal, musical, pl\u00e0stic.<\/p>\n<p>&nbsp;<\/p>\n<p><a href=\"https:\/\/agora.xtec.cat\/escjoandomenechimoner\/wp-content\/uploads\/usu3029\/2024\/10\/18.jpg\"><\/a><\/p>\n<p>&nbsp;<\/p>\n<p><a href=\"https:\/\/agora.xtec.cat\/escjoandomenechimoner\/wp-content\/uploads\/usu3029\/2024\/10\/IMATGES-ESCOLA-vertical.jpg\"><\/a><\/p>\n<p>&nbsp;<\/p>\n<p><a href=\"https:\/\/agora.xtec.cat\/escjoandomenechimoner\/wp-content\/uploads\/usu3029\/2024\/10\/17.jpg\"><\/a><\/p>\n<p>&nbsp;<\/p>\n<p><a&hellip;  <a href=\"https:\/\/agora.xtec.cat\/escjoandomenechimoner\/projecte-creaart\/\" title=\"Read Projecte CreaArt\">Llegeix m\u00e9s\u00bb<\/a><\/p>\n","protected":false},"author":1,"featured_media":0,"parent":0,"menu_order":0,"comment_status":"closed","ping_status":"closed","template":"","meta":{"_bbp_topic_count":0,"_bbp_reply_count":0,"_bbp_total_topic_count":0,"_bbp_total_reply_count":0,"_bbp_voice_count":0,"_bbp_anonymous_reply_count":0,"_bbp_topic_count_hidden":0,"_bbp_reply_count_hidden":0,"_bbp_forum_subforum_count":0,"footnotes":""},"class_list":["post-918","page","type-page","status-publish","hentry"],"post_mailing_queue_ids":[],"_links":{"self":[{"href":"https:\/\/agora.xtec.cat\/escjoandomenechimoner\/wp-json\/wp\/v2\/pages\/918","targetHints":{"allow":["GET"]}}],"collection":[{"href":"https:\/\/agora.xtec.cat\/escjoandomenechimoner\/wp-json\/wp\/v2\/pages"}],"about":[{"href":"https:\/\/agora.xtec.cat\/escjoandomenechimoner\/wp-json\/wp\/v2\/types\/page"}],"author":[{"embeddable":true,"href":"https:\/\/agora.xtec.cat\/escjoandomenechimoner\/wp-json\/wp\/v2\/users\/1"}],"replies":[{"embeddable":true,"href":"https:\/\/agora.xtec.cat\/escjoandomenechimoner\/wp-json\/wp\/v2\/comments?post=918"}],"version-history":[{"count":6,"href":"https:\/\/agora.xtec.cat\/escjoandomenechimoner\/wp-json\/wp\/v2\/pages\/918\/revisions"}],"predecessor-version":[{"id":945,"href":"https:\/\/agora.xtec.cat\/escjoandomenechimoner\/wp-json\/wp\/v2\/pages\/918\/revisions\/945"}],"wp:attachment":[{"href":"https:\/\/agora.xtec.cat\/escjoandomenechimoner\/wp-json\/wp\/v2\/media?parent=918"}],"curies":[{"name":"wp","href":"https:\/\/api.w.org\/{rel}","templated":true}]}}

<p style="text-align: left;">El projecte d&#8217;escola <strong>CreaArt </strong>està enfocat a treballar l&#8217;expressió artística a través de diferents artistes (pintors/es, escultors/es, músics/ques, ballarins/es&#8230;) A partir d&#8217;aquests artistes ens endinsem a  conèixer i utilitzar diferents tècniques plàstiques, així com expressar-se a través dels diferents llenguatges: corporal, musical, plàstic.</p>
<div class="row" style="margin-bottom: 1em !important;">
<div class="small-12 large-4 text-center columns">
<p>&nbsp;</p>
</div>
</div>
<div class="row" style="margin-bottom: 1em !important;">
<div class="small-12 large-4 text-center columns">
<p><a href="https://agora.xtec.cat/escjoandomenechimoner/wp-content/uploads/usu3029/2024/10/18.jpg"><img loading="lazy" decoding="async" class="alignnone wp-image-934 size-medium" src="https://agora.xtec.cat/escjoandomenechimoner/wp-content/uploads/usu3029/2024/10/18-226x300.jpg" alt="" width="226" height="300" srcset="https://agora.xtec.cat/escjoandomenechimoner/wp-content/uploads/usu3029/2024/10/18-226x300.jpg 226w, https://agora.xtec.cat/escjoandomenechimoner/wp-content/uploads/usu3029/2024/10/18-771x1024.jpg 771w, https://agora.xtec.cat/escjoandomenechimoner/wp-content/uploads/usu3029/2024/10/18-768x1020.jpg 768w, https://agora.xtec.cat/escjoandomenechimoner/wp-content/uploads/usu3029/2024/10/18.jpg 799w" sizes="auto, (max-width: 226px) 100vw, 226px" /></a></p>
<h5></h5>
<p>&nbsp;</p>
</div>
<div class="small-12 large-4 text-center columns">
<p><a href="https://agora.xtec.cat/escjoandomenechimoner/wp-content/uploads/usu3029/2024/10/IMATGES-ESCOLA-vertical.jpg"><img loading="lazy" decoding="async" class="alignnone wp-image-924 size-medium" src="https://agora.xtec.cat/escjoandomenechimoner/wp-content/uploads/usu3029/2024/10/IMATGES-ESCOLA-vertical-226x300.jpg" alt="" width="226" height="300" srcset="https://agora.xtec.cat/escjoandomenechimoner/wp-content/uploads/usu3029/2024/10/IMATGES-ESCOLA-vertical-226x300.jpg 226w, https://agora.xtec.cat/escjoandomenechimoner/wp-content/uploads/usu3029/2024/10/IMATGES-ESCOLA-vertical-771x1024.jpg 771w, https://agora.xtec.cat/escjoandomenechimoner/wp-content/uploads/usu3029/2024/10/IMATGES-ESCOLA-vertical-768x1020.jpg 768w, https://agora.xtec.cat/escjoandomenechimoner/wp-content/uploads/usu3029/2024/10/IMATGES-ESCOLA-vertical.jpg 799w" sizes="auto, (max-width: 226px) 100vw, 226px" /></a></p>
<h5></h5>
<p>&nbsp;</p>
</div>
<div class="small-12 large-4 text-center columns">
<p><a href="https://agora.xtec.cat/escjoandomenechimoner/wp-content/uploads/usu3029/2024/10/17.jpg"><img loading="lazy" decoding="async" class="alignnone wp-image-933 size-medium" src="https://agora.xtec.cat/escjoandomenechimoner/wp-content/uploads/usu3029/2024/10/17-226x300.jpg" alt="" width="226" height="300" srcset="https://agora.xtec.cat/escjoandomenechimoner/wp-content/uploads/usu3029/2024/10/17-226x300.jpg 226w, https://agora.xtec.cat/escjoandomenechimoner/wp-content/uploads/usu3029/2024/10/17-771x1024.jpg 771w, https://agora.xtec.cat/escjoandomenechimoner/wp-content/uploads/usu3029/2024/10/17-768x1020.jpg 768w, https://agora.xtec.cat/escjoandomenechimoner/wp-content/uploads/usu3029/2024/10/17.jpg 799w" sizes="auto, (max-width: 226px) 100vw, 226px" /></a></p>
<h5></h5>
<p>&nbsp;</p>
</div>
</div>
<div class="row" style="margin-bottom: 1em !important;">
<div class="small-12 large-4 text-center columns">
<p><a href="https://agora.xtec.cat/escjoandomenechimoner/wp-content/uploads/usu3029/2024/10/12.jpg"><img loading="lazy" decoding="async" class="alignnone wp-image-931 size-medium" src="https://agora.xtec.cat/escjoandomenechimoner/wp-content/uploads/usu3029/2024/10/12-300x226.jpg" alt="" width="300" height="226" srcset="https://agora.xtec.cat/escjoandomenechimoner/wp-content/uploads/usu3029/2024/10/12-300x226.jpg 300w, https://agora.xtec.cat/escjoandomenechimoner/wp-content/uploads/usu3029/2024/10/12-1024x770.jpg 1024w, https://agora.xtec.cat/escjoandomenechimoner/wp-content/uploads/usu3029/2024/10/12-768x578.jpg 768w, https://agora.xtec.cat/escjoandomenechimoner/wp-content/uploads/usu3029/2024/10/12-200x150.jpg 200w, https://agora.xtec.cat/escjoandomenechimoner/wp-content/uploads/usu3029/2024/10/12.jpg 1061w" sizes="auto, (max-width: 300px) 100vw, 300px" /></a></p>
<h5></h5>
<p>&nbsp;</p>
</div>
<div class="small-12 large-4 text-center columns">
<p><a href="https://agora.xtec.cat/escjoandomenechimoner/wp-content/uploads/usu3029/2024/10/IMATGES-ESCOLA-horitzontal-1.jpg"><img loading="lazy" decoding="async" class="alignnone size-medium wp-image-923" src="https://agora.xtec.cat/escjoandomenechimoner/wp-content/uploads/usu3029/2024/10/IMATGES-ESCOLA-horitzontal-1-300x226.jpg" alt="" width="300" height="226" srcset="https://agora.xtec.cat/escjoandomenechimoner/wp-content/uploads/usu3029/2024/10/IMATGES-ESCOLA-horitzontal-1-300x226.jpg 300w, https://agora.xtec.cat/escjoandomenechimoner/wp-content/uploads/usu3029/2024/10/IMATGES-ESCOLA-horitzontal-1-1024x770.jpg 1024w, https://agora.xtec.cat/escjoandomenechimoner/wp-content/uploads/usu3029/2024/10/IMATGES-ESCOLA-horitzontal-1-768x578.jpg 768w, https://agora.xtec.cat/escjoandomenechimoner/wp-content/uploads/usu3029/2024/10/IMATGES-ESCOLA-horitzontal-1-200x150.jpg 200w, https://agora.xtec.cat/escjoandomenechimoner/wp-content/uploads/usu3029/2024/10/IMATGES-ESCOLA-horitzontal-1.jpg 1061w" sizes="auto, (max-width: 300px) 100vw, 300px" /></a></p>
<h5></h5>
<p>&nbsp;</p>
</div>
<div class="small-12 large-4 text-center columns">
<p><a href="https://agora.xtec.cat/escjoandomenechimoner/wp-content/uploads/usu3029/2024/10/13.jpg"><img loading="lazy" decoding="async" class="alignnone wp-image-932 size-medium" src="https://agora.xtec.cat/escjoandomenechimoner/wp-content/uploads/usu3029/2024/10/13-300x226.jpg" alt="" width="300" height="226" srcset="https://agora.xtec.cat/escjoandomenechimoner/wp-content/uploads/usu3029/2024/10/13-300x226.jpg 300w, https://agora.xtec.cat/escjoandomenechimoner/wp-content/uploads/usu3029/2024/10/13-1024x770.jpg 1024w, https://agora.xtec.cat/escjoandomenechimoner/wp-content/uploads/usu3029/2024/10/13-768x578.jpg 768w, https://agora.xtec.cat/escjoandomenechimoner/wp-content/uploads/usu3029/2024/10/13-200x150.jpg 200w, https://agora.xtec.cat/escjoandomenechimoner/wp-content/uploads/usu3029/2024/10/13.jpg 1061w" sizes="auto, (max-width: 300px) 100vw, 300px" /></a></p>
<h5></h5>
<p>&nbsp;</p>
</div>
</div>

<p>El projecte d&#8217;escola CreaArt està enfocat a treballar l&#8217;expressió artística a través de diferents artistes (pintors/es, escultors/es, músics/ques, ballarins/es&#8230;) A partir d&#8217;aquests artistes ens endinsem a  conèixer i utilitzar diferents tècniques plàstiques, així com expressar-se a través dels diferents llenguatges: corporal, musical, plàstic.</p>
<p>&nbsp;</p>
<p><a href="https://agora.xtec.cat/escjoandomenechimoner/wp-content/uploads/usu3029/2024/10/18.jpg"></a></p>
<p>&nbsp;</p>
<p><a href="https://agora.xtec.cat/escjoandomenechimoner/wp-content/uploads/usu3029/2024/10/IMATGES-ESCOLA-vertical.jpg"></a></p>
<p>&nbsp;</p>
<p><a href="https://agora.xtec.cat/escjoandomenechimoner/wp-content/uploads/usu3029/2024/10/17.jpg"></a></p>
<p>&nbsp;</p>
<p><a&hellip;  <a href="https://agora.xtec.cat/escjoandomenechimoner/projecte-creaart/" title="Read Projecte CreaArt">Llegeix més»</a></p>
