{"id":84,"date":"2014-09-18T14:11:31","date_gmt":"2014-09-18T13:11:31","guid":{"rendered":"http:\/\/agora.xtec.cat\/escjoanblanquer\/?page_id=84"},"modified":"2025-10-17T12:57:32","modified_gmt":"2025-10-17T10:57:32","slug":"activitats-extraescolars","status":"publish","type":"page","link":"https:\/\/agora.xtec.cat\/escjoanblanquer\/afa\/activitats-extraescolars\/","title":{"rendered":"Activitats extraescolars"},"content":{"rendered":"<p>Per aquest curs es faran activitats extraescolars de tarda, a partir de les 16:30 h. Les activitats comen\u00e7aran el dia 1 d\u2019octubre i acabaran el 31 de maig.<\/p>\n<h2>Extraescolars<\/h2>\n<p>&nbsp;<\/p>\n<p><strong>Entrades i sortides<\/strong><br \/>\nLa tutora s\u2019encarregar\u00e0 que cada alumne\/a vagi a la seva activitat corresponent. M\u00e9s endavant us comunicarem la porta de sortida de cada activitat.<\/p>\n<p><strong>Berenar<\/strong><br \/>\nDe 16:30 h a 17:00 h. Cal que tots els alumnes portin el berenar de casa, dins de la bossa o motxilla. Recomanem que no es portin sucs, batuts de xocolata, petit-suisse, etc., tal com es<br \/>\nrecomana pels esmorzars dels matins.<\/p>\n<p><strong>Puntualitat i assist\u00e8ncia<\/strong><\/p>\n<p>Us demanem puntualitat a l&#8217;hora de recollir els nens\/es. S&#8217;espera que els alumnes participin sempre de les activitats.<\/p>\n<p>Les activitats extraescolars es desenvolupen en el marc pedag\u00f2gic del centre educatiu, i, per tant, la normativa i les pautes d&#8217;actuaci\u00f3 s\u00f3n les mateixes que en l&#8217;horari escolar.<\/p>\n<p><span style=\"font-weight: 400;\">Els preus i horaris de les extraescolars estan detallats al Dossier de l&#8217;AFA.<\/span><\/p>\n","protected":false},"excerpt":{"rendered":"<p>Per aquest curs es faran activitats extraescolars de tarda, a partir de les 16:30 h. Les activitats comen\u00e7aran el dia 1 d\u2019octubre i acabaran el 31 de maig.<br \/>\nExtraescolars<br \/>\n&nbsp;<br \/>\nEntrades i sortides<br \/>\nLa tutora s\u2019encarregar\u00e0 que cada alumne\/a vagi a la seva activitat corresponent. M\u00e9s endavant us comunicarem&hellip;  <a href=\"https:\/\/agora.xtec.cat\/escjoanblanquer\/afa\/activitats-extraescolars\/\" title=\"Read Activitats extraescolars\">Llegeix m\u00e9s\u00bb<\/a><\/p>\n","protected":false},"author":1,"featured_media":0,"parent":66,"menu_order":60,"comment_status":"closed","ping_status":"closed","template":"page-templates\/side-menu.php","meta":{"_bbp_topic_count":0,"_bbp_reply_count":0,"_bbp_total_topic_count":0,"_bbp_total_reply_count":0,"_bbp_voice_count":0,"_bbp_anonymous_reply_count":0,"_bbp_topic_count_hidden":0,"_bbp_reply_count_hidden":0,"_bbp_forum_subforum_count":0,"footnotes":""},"class_list":["post-84","page","type-page","status-publish","hentry"],"post_mailing_queue_ids":[],"_links":{"self":[{"href":"https:\/\/agora.xtec.cat\/escjoanblanquer\/wp-json\/wp\/v2\/pages\/84","targetHints":{"allow":["GET"]}}],"collection":[{"href":"https:\/\/agora.xtec.cat\/escjoanblanquer\/wp-json\/wp\/v2\/pages"}],"about":[{"href":"https:\/\/agora.xtec.cat\/escjoanblanquer\/wp-json\/wp\/v2\/types\/page"}],"author":[{"embeddable":true,"href":"https:\/\/agora.xtec.cat\/escjoanblanquer\/wp-json\/wp\/v2\/users\/1"}],"replies":[{"embeddable":true,"href":"https:\/\/agora.xtec.cat\/escjoanblanquer\/wp-json\/wp\/v2\/comments?post=84"}],"version-history":[{"count":7,"href":"https:\/\/agora.xtec.cat\/escjoanblanquer\/wp-json\/wp\/v2\/pages\/84\/revisions"}],"predecessor-version":[{"id":4056,"href":"https:\/\/agora.xtec.cat\/escjoanblanquer\/wp-json\/wp\/v2\/pages\/84\/revisions\/4056"}],"up":[{"embeddable":true,"href":"https:\/\/agora.xtec.cat\/escjoanblanquer\/wp-json\/wp\/v2\/pages\/66"}],"wp:attachment":[{"href":"https:\/\/agora.xtec.cat\/escjoanblanquer\/wp-json\/wp\/v2\/media?parent=84"}],"curies":[{"name":"wp","href":"https:\/\/api.w.org\/{rel}","templated":true}]}}

<p>Per aquest curs es faran activitats extraescolars de tarda, a partir de les 16:30 h. Les activitats començaran el dia 1 d’octubre i acabaran el 31 de maig.</p>
<h2>Extraescolars</h2>
<p>&nbsp;</p>
<p><strong>Entrades i sortides</strong><br />
La tutora s’encarregarà que cada alumne/a vagi a la seva activitat corresponent. Més endavant us comunicarem la porta de sortida de cada activitat.</p>
<p><strong>Berenar</strong><br />
De 16:30 h a 17:00 h. Cal que tots els alumnes portin el berenar de casa, dins de la bossa o motxilla. Recomanem que no es portin sucs, batuts de xocolata, petit-suisse, etc., tal com es<br />
recomana pels esmorzars dels matins.</p>
<p><strong>Puntualitat i assistència</strong></p>
<p>Us demanem puntualitat a l&#8217;hora de recollir els nens/es. S&#8217;espera que els alumnes participin sempre de les activitats.</p>
<p>Les activitats extraescolars es desenvolupen en el marc pedagògic del centre educatiu, i, per tant, la normativa i les pautes d&#8217;actuació són les mateixes que en l&#8217;horari escolar.</p>
<p><span style="font-weight: 400;">Els preus i horaris de les extraescolars estan detallats al Dossier de l&#8217;AFA.</span></p>

<p>Per aquest curs es faran activitats extraescolars de tarda, a partir de les 16:30 h. Les activitats començaran el dia 1 d’octubre i acabaran el 31 de maig.<br />
Extraescolars<br />
&nbsp;<br />
Entrades i sortides<br />
La tutora s’encarregarà que cada alumne/a vagi a la seva activitat corresponent. Més endavant us comunicarem&hellip;  <a href="https://agora.xtec.cat/escjoanblanquer/afa/activitats-extraescolars/" title="Read Activitats extraescolars">Llegeix més»</a></p>
