{"id":3953,"date":"2025-02-10T13:31:17","date_gmt":"2025-02-10T12:31:17","guid":{"rendered":"https:\/\/agora.xtec.cat\/escjoanblanquer\/?page_id=3953"},"modified":"2026-02-04T13:09:06","modified_gmt":"2026-02-04T12:09:06","slug":"acords-consell-escolar","status":"publish","type":"page","link":"https:\/\/agora.xtec.cat\/escjoanblanquer\/acords-consell-escolar\/","title":{"rendered":"Acords Consell Escolar"},"content":{"rendered":"<h3><span style=\"text-decoration: underline;\">CURS 2025-2026<\/span><\/h3>\n<ul style=\"list-style-type: circle;\">\n<li><strong>24\/11\/2025:\u00a0<\/strong>Es fa una <strong>valoraci\u00f3 positiva de l&#8217;inici del curs<\/strong>, amb la incorporaci\u00f3 de quatre mestres nous des de l&#8217;1 de setembre. La vetlladora del SUMA ha pogut comen\u00e7ar al setembre, mentre que amb la vetlladora del Departament, hem tingut m\u00e9s problemes i no ha pogut fer el total d&#8217;hores assignades fins a l&#8217;octubre. Aquest fet ha suposat una reorganitzaci\u00f3 de mestres els primers dies del curs per fer front a la complexitat de les aules.<strong> Es presenta i s&#8217;aprova la Programaci\u00f3 General Anual<\/strong>. S&#8217;informa de les <strong>formacions<\/strong> en les que participar\u00e0 el claustre aquest any,\u00a0 relacionades amb el programa de matem\u00e0tiques Florence, DUA, la maleta audiovisual (croma i r\u00e0dio), IA per docents, pedagogia de la finitud i possiblement algun assessorament relacionat amb el material que el centre adquirir\u00e0 amb la dotaci\u00f3 C\u00f3digo Escuela 4.0. Tamb\u00e9 <strong>es comuniquen les sortides programades<\/strong> fins al moment per aquest curs, aix\u00ed com el canvi que s&#8217;ha fet en el dest\u00ed de les col\u00f2nies de 6\u00e8 i es fa una valoraci\u00f3 positiva de les col\u00f2nies ja realitzades pels cursos d&#8217;I5, 2n I 4t. Per acabar, es donen algunes <strong>informacions referents al projecte de conviv\u00e8ncia i benestar<\/strong> que t\u00e9 encetat l&#8217;escola, el qual tamb\u00e9 inclou un projecte d&#8217;emocions programat per portar a terme des de les tutories dels diferents nivells.<\/li>\n<\/ul>\n<p>&nbsp;<\/p>\n<ul style=\"list-style-type: circle;\">\n<li><strong>2\/02\/2026:\u00a0<\/strong>Es <strong>presenta i s&#8217;aprova la liquidaci\u00f3 econ\u00f2mica del 2025<\/strong> amb les modificacions que s&#8217;han anat fent al llarg de l&#8217;exercici i s&#8217;informa als presents del <strong>pressupost elaborat per l&#8217;any 2026, <\/strong>en base al pressupostat i executat l&#8217;any anterior. Tamb\u00e9 es comunica com ha anat l&#8217;inici del segon trimestre i es parla sobre les millores que s&#8217;han fet en el pati de l&#8217;escola, referent a les proteccions de les columnes, aix\u00ed com una proposta d&#8217;un membre del consell escolar representant de fam\u00edlies per facilitar el desaig\u00fce del pati d&#8217;educaci\u00f3 Infantil quan plou.<\/li>\n<\/ul>\n<h3><\/h3>\n<h3><span style=\"text-decoration: underline;\"><strong>CURS 2024-2025<\/strong><\/span><\/h3>\n<ul style=\"list-style-type: circle;\">\n<li><strong>6\/11\/2024:<\/strong> Es fa una <strong>valoraci\u00f3 d&#8217;inici del curs<\/strong> amb les incorporacions noves tant d&#8217;alumnes com de mestres, la vetlladora del Suma que ja ha pogut comen\u00e7ar a fer el suport, es fa una valoraci\u00f3 positiva de les col\u00f2nies al primer trimestre i s&#8217;expliquen les formacions que estan previstes dur a terme per part dels docents. A continuaci\u00f3 <strong>es presenta i s&#8217;aprova la Programaci\u00f3 General Anual<\/strong> i es donen informacions v\u00e0ries respecte temes de conviv\u00e8ncia i benestar, modificaci\u00f3 de les NOFC sobre l&#8217;\u00fas de pantalles i m\u00f2bils a l&#8217;escola i\u00a0 la dotaci\u00f3 digital que hem rebut les escoles de rob\u00f2tica i maletes audiovisuals.<\/li>\n<\/ul>\n<h4><\/h4>\n<ul style=\"list-style-type: circle;\">\n<li><strong>30\/01\/2025: <\/strong>Es <strong>presenta i s&#8217;aprova la liquidaci\u00f3 econ\u00f2mica del 2024<\/strong> amb les modificacions que s&#8217;han anat fent al llarg de l&#8217;exercici i s&#8217;informa del <strong>pressupost del 2025.\u00a0 <\/strong>Tamb\u00e9 es comuniquen les dates de les<strong> portes obertes<\/strong> d&#8217;enguany<strong>,<\/strong> que seran <strong>els dies 5 i 6 de mar\u00e7, <\/strong>i s&#8217;informa de les <strong>sortides<\/strong> que hi ha programades fins el moment. Es parla dels 20 anys de l&#8217;escola i que l&#8217;AFA ha proposat una data per celebrar-ho.<\/li>\n<\/ul>\n","protected":false},"excerpt":{"rendered":"<p>CURS 2025-2026<\/p>\n<ul style=\"list-style-type: circle;\">\n<li>24\/11\/2025:\u00a0Es fa una valoraci\u00f3 positiva de l&#8217;inici del curs, amb la incorporaci\u00f3 de quatre mestres nous des de l&#8217;1 de setembre. La vetlladora del SUMA ha pogut comen\u00e7ar al setembre, mentre que amb la vetlladora del Departament, hem tingut m\u00e9s problemes i&hellip;  <a href=\"https:\/\/agora.xtec.cat\/escjoanblanquer\/acords-consell-escolar\/\" title=\"Read Acords Consell Escolar\">Llegeix m\u00e9s\u00bb<\/a><br \/>\n","protected":false},"author":1,"featured_media":0,"parent":0,"menu_order":0,"comment_status":"closed","ping_status":"closed","template":"","meta":{"_bbp_topic_count":0,"_bbp_reply_count":0,"_bbp_total_topic_count":0,"_bbp_total_reply_count":0,"_bbp_voice_count":0,"_bbp_anonymous_reply_count":0,"_bbp_topic_count_hidden":0,"_bbp_reply_count_hidden":0,"_bbp_forum_subforum_count":0,"footnotes":""},"class_list":["post-3953","page","type-page","status-publish","hentry"],"post_mailing_queue_ids":[],"_links":{"self":[{"href":"https:\/\/agora.xtec.cat\/escjoanblanquer\/wp-json\/wp\/v2\/pages\/3953","targetHints":{"allow":["GET"]}}],"collection":[{"href":"https:\/\/agora.xtec.cat\/escjoanblanquer\/wp-json\/wp\/v2\/pages"}],"about":[{"href":"https:\/\/agora.xtec.cat\/escjoanblanquer\/wp-json\/wp\/v2\/types\/page"}],"author":[{"embeddable":true,"href":"https:\/\/agora.xtec.cat\/escjoanblanquer\/wp-json\/wp\/v2\/users\/1"}],"replies":[{"embeddable":true,"href":"https:\/\/agora.xtec.cat\/escjoanblanquer\/wp-json\/wp\/v2\/comments?post=3953"}],"version-history":[{"count":6,"href":"https:\/\/agora.xtec.cat\/escjoanblanquer\/wp-json\/wp\/v2\/pages\/3953\/revisions"}],"predecessor-version":[{"id":4127,"href":"https:\/\/agora.xtec.cat\/escjoanblanquer\/wp-json\/wp\/v2\/pages\/3953\/revisions\/4127"}],"wp:attachment":[{"href":"https:\/\/agora.xtec.cat\/escjoanblanquer\/wp-json\/wp\/v2\/media?parent=3953"}],"curies":[{"name":"wp","href":"https:\/\/api.w.org\/{rel}","templated":true}]}}

<h3><span style="text-decoration: underline;">CURS 2025-2026</span></h3>
<ul style="list-style-type: circle;">
<li><strong>24/11/2025: </strong>Es fa una <strong>valoració positiva de l&#8217;inici del curs</strong>, amb la incorporació de quatre mestres nous des de l&#8217;1 de setembre. La vetlladora del SUMA ha pogut començar al setembre, mentre que amb la vetlladora del Departament, hem tingut més problemes i no ha pogut fer el total d&#8217;hores assignades fins a l&#8217;octubre. Aquest fet ha suposat una reorganització de mestres els primers dies del curs per fer front a la complexitat de les aules.<strong> Es presenta i s&#8217;aprova la Programació General Anual</strong>. S&#8217;informa de les <strong>formacions</strong> en les que participarà el claustre aquest any,  relacionades amb el programa de matemàtiques Florence, DUA, la maleta audiovisual (croma i ràdio), IA per docents, pedagogia de la finitud i possiblement algun assessorament relacionat amb el material que el centre adquirirà amb la dotació Código Escuela 4.0. També <strong>es comuniquen les sortides programades</strong> fins al moment per aquest curs, així com el canvi que s&#8217;ha fet en el destí de les colònies de 6è i es fa una valoració positiva de les colònies ja realitzades pels cursos d&#8217;I5, 2n I 4t. Per acabar, es donen algunes <strong>informacions referents al projecte de convivència i benestar</strong> que té encetat l&#8217;escola, el qual també inclou un projecte d&#8217;emocions programat per portar a terme des de les tutories dels diferents nivells.</li>
</ul>
<p>&nbsp;</p>
<ul style="list-style-type: circle;">
<li><strong>2/02/2026: </strong>Es <strong>presenta i s&#8217;aprova la liquidació econòmica del 2025</strong> amb les modificacions que s&#8217;han anat fent al llarg de l&#8217;exercici i s&#8217;informa als presents del <strong>pressupost elaborat per l&#8217;any 2026, </strong>en base al pressupostat i executat l&#8217;any anterior. També es comunica com ha anat l&#8217;inici del segon trimestre i es parla sobre les millores que s&#8217;han fet en el pati de l&#8217;escola, referent a les proteccions de les columnes, així com una proposta d&#8217;un membre del consell escolar representant de famílies per facilitar el desaigüe del pati d&#8217;educació Infantil quan plou.</li>
</ul>
<h3></h3>
<h3><span style="text-decoration: underline;"><strong>CURS 2024-2025</strong></span></h3>
<ul style="list-style-type: circle;">
<li><strong>6/11/2024:</strong> Es fa una <strong>valoració d&#8217;inici del curs</strong> amb les incorporacions noves tant d&#8217;alumnes com de mestres, la vetlladora del Suma que ja ha pogut començar a fer el suport, es fa una valoració positiva de les colònies al primer trimestre i s&#8217;expliquen les formacions que estan previstes dur a terme per part dels docents. A continuació <strong>es presenta i s&#8217;aprova la Programació General Anual</strong> i es donen informacions vàries respecte temes de convivència i benestar, modificació de les NOFC sobre l&#8217;ús de pantalles i mòbils a l&#8217;escola i  la dotació digital que hem rebut les escoles de robòtica i maletes audiovisuals.</li>
</ul>
<h4></h4>
<ul style="list-style-type: circle;">
<li><strong>30/01/2025: </strong>Es <strong>presenta i s&#8217;aprova la liquidació econòmica del 2024</strong> amb les modificacions que s&#8217;han anat fent al llarg de l&#8217;exercici i s&#8217;informa del <strong>pressupost del 2025.  </strong>També es comuniquen les dates de les<strong> portes obertes</strong> d&#8217;enguany<strong>,</strong> que seran <strong>els dies 5 i 6 de març, </strong>i s&#8217;informa de les <strong>sortides</strong> que hi ha programades fins el moment. Es parla dels 20 anys de l&#8217;escola i que l&#8217;AFA ha proposat una data per celebrar-ho.</li>
</ul>

<p>CURS 2025-2026</p>
<ul style="list-style-type: circle;">
<li>24/11/2025: Es fa una valoració positiva de l&#8217;inici del curs, amb la incorporació de quatre mestres nous des de l&#8217;1 de setembre. La vetlladora del SUMA ha pogut començar al setembre, mentre que amb la vetlladora del Departament, hem tingut més problemes i&hellip;  <a href="https://agora.xtec.cat/escjoanblanquer/acords-consell-escolar/" title="Read Acords Consell Escolar">Llegeix més»</a><br />
