{"id":34,"date":"2014-09-18T12:32:18","date_gmt":"2014-09-18T11:32:18","guid":{"rendered":"http:\/\/agora.xtec.cat\/escjoanblanquer\/?page_id=34"},"modified":"2019-08-13T20:31:44","modified_gmt":"2019-08-13T18:31:44","slug":"oferta-educativa","status":"publish","type":"page","link":"https:\/\/agora.xtec.cat\/escjoanblanquer\/lescola\/oferta-educativa\/","title":{"rendered":"Oferta educativa"},"content":{"rendered":"<p>L\u2019escola Joan Blanquer \u00e9s una escola d&#8217;una l\u00ednia, que forma part de la xarxa d&#8217;escoles p\u00fabliques del Departament d&#8217;Educaci\u00f3 de la Generalitat de Catalunya, de Castellar del Vall\u00e8s, dins la comarca del Vall\u00e8s Occidental.<\/p>\n<p>Actualment tenim matriculats 227<strong><em>\u00a0alumnes<\/em><\/strong> en el centre i impartim els nivells educatius des de EINF 1 (I3) fins a 6\u00e8 de Prim\u00e0ria.<\/p>\n","protected":false},"excerpt":{"rendered":"<p>L\u2019escola Joan Blanquer \u00e9s una escola d&#8217;una l\u00ednia, que forma part de la xarxa d&#8217;escoles p\u00fabliques del Departament d&#8217;Educaci\u00f3 de la Generalitat de Catalunya, de Castellar del Vall\u00e8s, dins la comarca del Vall\u00e8s Occidental.<br \/>\nActualment tenim matriculats 227\u00a0alumnes en el centre i impartim els nivells educatius&hellip;  <a href=\"https:\/\/agora.xtec.cat\/escjoanblanquer\/lescola\/oferta-educativa\/\" title=\"Read Oferta educativa\">Llegeix m\u00e9s\u00bb<\/a><\/p>\n","protected":false},"author":1,"featured_media":0,"parent":22,"menu_order":60,"comment_status":"closed","ping_status":"closed","template":"page-templates\/side-menu.php","meta":{"_bbp_topic_count":0,"_bbp_reply_count":0,"_bbp_total_topic_count":0,"_bbp_total_reply_count":0,"_bbp_voice_count":0,"_bbp_anonymous_reply_count":0,"_bbp_topic_count_hidden":0,"_bbp_reply_count_hidden":0,"_bbp_forum_subforum_count":0,"footnotes":""},"class_list":["post-34","page","type-page","status-publish","hentry"],"post_mailing_queue_ids":[],"_links":{"self":[{"href":"https:\/\/agora.xtec.cat\/escjoanblanquer\/wp-json\/wp\/v2\/pages\/34","targetHints":{"allow":["GET"]}}],"collection":[{"href":"https:\/\/agora.xtec.cat\/escjoanblanquer\/wp-json\/wp\/v2\/pages"}],"about":[{"href":"https:\/\/agora.xtec.cat\/escjoanblanquer\/wp-json\/wp\/v2\/types\/page"}],"author":[{"embeddable":true,"href":"https:\/\/agora.xtec.cat\/escjoanblanquer\/wp-json\/wp\/v2\/users\/1"}],"replies":[{"embeddable":true,"href":"https:\/\/agora.xtec.cat\/escjoanblanquer\/wp-json\/wp\/v2\/comments?post=34"}],"version-history":[{"count":3,"href":"https:\/\/agora.xtec.cat\/escjoanblanquer\/wp-json\/wp\/v2\/pages\/34\/revisions"}],"predecessor-version":[{"id":649,"href":"https:\/\/agora.xtec.cat\/escjoanblanquer\/wp-json\/wp\/v2\/pages\/34\/revisions\/649"}],"up":[{"embeddable":true,"href":"https:\/\/agora.xtec.cat\/escjoanblanquer\/wp-json\/wp\/v2\/pages\/22"}],"wp:attachment":[{"href":"https:\/\/agora.xtec.cat\/escjoanblanquer\/wp-json\/wp\/v2\/media?parent=34"}],"curies":[{"name":"wp","href":"https:\/\/api.w.org\/{rel}","templated":true}]}}

<p>L’escola Joan Blanquer és una escola d&#8217;una línia, que forma part de la xarxa d&#8217;escoles públiques del Departament d&#8217;Educació de la Generalitat de Catalunya, de Castellar del Vallès, dins la comarca del Vallès Occidental.</p>
<p>Actualment tenim matriculats 227<strong><em> alumnes</em></strong> en el centre i impartim els nivells educatius des de EINF 1 (I3) fins a 6è de Primària.</p>

<p>L’escola Joan Blanquer és una escola d&#8217;una línia, que forma part de la xarxa d&#8217;escoles públiques del Departament d&#8217;Educació de la Generalitat de Catalunya, de Castellar del Vallès, dins la comarca del Vallès Occidental.<br />
Actualment tenim matriculats 227 alumnes en el centre i impartim els nivells educatius&hellip;  <a href="https://agora.xtec.cat/escjoanblanquer/lescola/oferta-educativa/" title="Read Oferta educativa">Llegeix més»</a></p>
