{"id":3374,"date":"2021-11-26T11:04:23","date_gmt":"2021-11-26T10:04:23","guid":{"rendered":"https:\/\/agora.xtec.cat\/escjoanblanquer\/?page_id=3374"},"modified":"2022-03-15T17:33:50","modified_gmt":"2022-03-15T16:33:50","slug":"robotica","status":"publish","type":"page","link":"https:\/\/agora.xtec.cat\/escjoanblanquer\/p\/robotica\/","title":{"rendered":"Rob\u00f2tica"},"content":{"rendered":"<h4>Robot Educatiu Programable Mbot<\/h4>\n<p>mBot Bluetooth \u00e9s un kit STEAM de rob\u00f2tica basat en Arduino ideal perqu\u00e8 els nens s&#8217;inici\u00efn a la rob\u00f2tica, programaci\u00f3 i Scratch.<\/p>\n<p>L&#8217;AFA del Joan Blanquer va adquirir 3 unitats d&#8217;aquest robot per poder desenvolupar <a href=\"https:\/\/agora.xtec.cat\/escjoanblanquer\/afa\/activitats-extraescolars\/\">l&#8217;activitat extraescolar de rob\u00f2tica<\/a>.<\/p>\n<p><img loading=\"lazy\" decoding=\"async\" class=\"alignnone size-large wp-image-3446\" src=\"https:\/\/agora.xtec.cat\/escjoanblanquer\/wp-content\/uploads\/usu28\/2022\/03\/robotica-jb1-768x1024.jpg\" alt=\"\" width=\"768\" height=\"1024\" srcset=\"https:\/\/agora.xtec.cat\/escjoanblanquer\/wp-content\/uploads\/usu28\/2022\/03\/robotica-jb1-768x1024.jpg 768w, https:\/\/agora.xtec.cat\/escjoanblanquer\/wp-content\/uploads\/usu28\/2022\/03\/robotica-jb1-225x300.jpg 225w, https:\/\/agora.xtec.cat\/escjoanblanquer\/wp-content\/uploads\/usu28\/2022\/03\/robotica-jb1.jpg 900w\" sizes=\"auto, (max-width: 768px) 100vw, 768px\" \/><\/p>\n<p><img loading=\"lazy\" decoding=\"async\" class=\"alignnone size-large wp-image-3447\" src=\"https:\/\/agora.xtec.cat\/escjoanblanquer\/wp-content\/uploads\/usu28\/2022\/03\/robotica-jb2-768x1024.jpg\" alt=\"\" width=\"768\" height=\"1024\" srcset=\"https:\/\/agora.xtec.cat\/escjoanblanquer\/wp-content\/uploads\/usu28\/2022\/03\/robotica-jb2-768x1024.jpg 768w, https:\/\/agora.xtec.cat\/escjoanblanquer\/wp-content\/uploads\/usu28\/2022\/03\/robotica-jb2-225x300.jpg 225w, https:\/\/agora.xtec.cat\/escjoanblanquer\/wp-content\/uploads\/usu28\/2022\/03\/robotica-jb2.jpg 900w\" sizes=\"auto, (max-width: 768px) 100vw, 768px\" \/><\/p>\n","protected":false},"excerpt":{"rendered":"<p>Robot Educatiu Programable Mbot<br \/>\nmBot Bluetooth \u00e9s un kit STEAM de rob\u00f2tica basat en Arduino ideal perqu\u00e8 els nens s&#8217;inici\u00efn a la rob\u00f2tica, programaci\u00f3 i Scratch.<br \/>\nL&#8217;AFA del Joan Blanquer va adquirir 3 unitats d&#8217;aquest robot per poder desenvolupar <a href=\"https:\/\/agora.xtec.cat\/escjoanblanquer\/afa\/activitats-extraescolars\/\">l&#8217;activitat extraescolar de rob\u00f2tica<\/a>.<\/p>\n","protected":false},"author":1,"featured_media":0,"parent":3371,"menu_order":0,"comment_status":"closed","ping_status":"closed","template":"page-templates\/side-menu.php","meta":{"_bbp_topic_count":0,"_bbp_reply_count":0,"_bbp_total_topic_count":0,"_bbp_total_reply_count":0,"_bbp_voice_count":0,"_bbp_anonymous_reply_count":0,"_bbp_topic_count_hidden":0,"_bbp_reply_count_hidden":0,"_bbp_forum_subforum_count":0,"footnotes":""},"class_list":["post-3374","page","type-page","status-publish","hentry"],"post_mailing_queue_ids":[],"_links":{"self":[{"href":"https:\/\/agora.xtec.cat\/escjoanblanquer\/wp-json\/wp\/v2\/pages\/3374","targetHints":{"allow":["GET"]}}],"collection":[{"href":"https:\/\/agora.xtec.cat\/escjoanblanquer\/wp-json\/wp\/v2\/pages"}],"about":[{"href":"https:\/\/agora.xtec.cat\/escjoanblanquer\/wp-json\/wp\/v2\/types\/page"}],"author":[{"embeddable":true,"href":"https:\/\/agora.xtec.cat\/escjoanblanquer\/wp-json\/wp\/v2\/users\/1"}],"replies":[{"embeddable":true,"href":"https:\/\/agora.xtec.cat\/escjoanblanquer\/wp-json\/wp\/v2\/comments?post=3374"}],"version-history":[{"count":4,"href":"https:\/\/agora.xtec.cat\/escjoanblanquer\/wp-json\/wp\/v2\/pages\/3374\/revisions"}],"predecessor-version":[{"id":3448,"href":"https:\/\/agora.xtec.cat\/escjoanblanquer\/wp-json\/wp\/v2\/pages\/3374\/revisions\/3448"}],"up":[{"embeddable":true,"href":"https:\/\/agora.xtec.cat\/escjoanblanquer\/wp-json\/wp\/v2\/pages\/3371"}],"wp:attachment":[{"href":"https:\/\/agora.xtec.cat\/escjoanblanquer\/wp-json\/wp\/v2\/media?parent=3374"}],"curies":[{"name":"wp","href":"https:\/\/api.w.org\/{rel}","templated":true}]}}

Robòtica

<h4>Robot Educatiu Programable Mbot</h4>
<p>mBot Bluetooth és un kit STEAM de robòtica basat en Arduino ideal perquè els nens s&#8217;iniciïn a la robòtica, programació i Scratch.</p>
<p>L&#8217;AFA del Joan Blanquer va adquirir 3 unitats d&#8217;aquest robot per poder desenvolupar <a href="https://agora.xtec.cat/escjoanblanquer/afa/activitats-extraescolars/">l&#8217;activitat extraescolar de robòtica</a>.</p>
<p><img loading="lazy" decoding="async" class="alignnone size-large wp-image-3446" src="https://agora.xtec.cat/escjoanblanquer/wp-content/uploads/usu28/2022/03/robotica-jb1-768x1024.jpg" alt="" width="768" height="1024" srcset="https://agora.xtec.cat/escjoanblanquer/wp-content/uploads/usu28/2022/03/robotica-jb1-768x1024.jpg 768w, https://agora.xtec.cat/escjoanblanquer/wp-content/uploads/usu28/2022/03/robotica-jb1-225x300.jpg 225w, https://agora.xtec.cat/escjoanblanquer/wp-content/uploads/usu28/2022/03/robotica-jb1.jpg 900w" sizes="auto, (max-width: 768px) 100vw, 768px" /></p>
<p><img loading="lazy" decoding="async" class="alignnone size-large wp-image-3447" src="https://agora.xtec.cat/escjoanblanquer/wp-content/uploads/usu28/2022/03/robotica-jb2-768x1024.jpg" alt="" width="768" height="1024" srcset="https://agora.xtec.cat/escjoanblanquer/wp-content/uploads/usu28/2022/03/robotica-jb2-768x1024.jpg 768w, https://agora.xtec.cat/escjoanblanquer/wp-content/uploads/usu28/2022/03/robotica-jb2-225x300.jpg 225w, https://agora.xtec.cat/escjoanblanquer/wp-content/uploads/usu28/2022/03/robotica-jb2.jpg 900w" sizes="auto, (max-width: 768px) 100vw, 768px" /></p>

<p>Robot Educatiu Programable Mbot<br />
mBot Bluetooth és un kit STEAM de robòtica basat en Arduino ideal perquè els nens s&#8217;iniciïn a la robòtica, programació i Scratch.<br />
L&#8217;AFA del Joan Blanquer va adquirir 3 unitats d&#8217;aquest robot per poder desenvolupar <a href="https://agora.xtec.cat/escjoanblanquer/afa/activitats-extraescolars/">l&#8217;activitat extraescolar de robòtica</a>.</p>
