{"id":32,"date":"2014-09-18T12:31:33","date_gmt":"2014-09-18T11:31:33","guid":{"rendered":"http:\/\/agora.xtec.cat\/escjoanblanquer\/?page_id=32"},"modified":"2026-01-30T16:23:03","modified_gmt":"2026-01-30T15:23:03","slug":"calendari-del-curs","status":"publish","type":"page","link":"https:\/\/agora.xtec.cat\/escjoanblanquer\/lescola\/calendari-del-curs\/","title":{"rendered":"Calendari del curs 25-26"},"content":{"rendered":"<div><strong>Visualitzaci\u00f3 de tot el calendari:\u00a0 \u00a0 \u00a0 \u00a0 \u00a0 \u00a0 \u00a0 \u00a0 \u00a0 \u00a0 \u00a0 \u00a0 \u00a0 \u00a0 \u00a0 \u00a0 \u00a0 \u00a0<img loading=\"lazy\" decoding=\"async\" class=\"alignnone size-thumbnail wp-image-3677\" src=\"https:\/\/agora.xtec.cat\/escjoanblanquer\/wp-content\/uploads\/usu28\/2023\/07\/calendari-imatge-150x150.png\" alt=\"\" width=\"150\" height=\"150\" srcset=\"https:\/\/agora.xtec.cat\/escjoanblanquer\/wp-content\/uploads\/usu28\/2023\/07\/calendari-imatge-150x150.png 150w, https:\/\/agora.xtec.cat\/escjoanblanquer\/wp-content\/uploads\/usu28\/2023\/07\/calendari-imatge.png 225w\" sizes=\"auto, (max-width: 150px) 100vw, 150px\" \/><\/strong><\/div>\n<div><\/div>\n<div><\/div>\n<div style=\"text-align: center;\"><a href=\"https:\/\/drive.google.com\/file\/d\/1S6vs72pDxmE--uJ7LfwoTdm4F94TZ3Ly\/view?usp=sharing\">Calendari Escola Joan Blanquer_2025-2026_alumnes<\/a><\/div>\n<p>&nbsp;<\/p>\n<p><strong>Inici i finalitzaci\u00f3 del curs:<\/strong><\/p>\n<ul>\n<li>Inici de curs: Dimecres 9 de setembre del 2025<\/li>\n<li>Fi de curs: Divendres 19 de juny del 2026<\/li>\n<\/ul>\n<p><strong>Dies festius i de lliure disposici\u00f3:<\/strong><strong>\u00a0<\/strong><\/p>\n<ul>\n<li>Dilluns 8 de setembre del 2025: Dia festiu local.<\/li>\n<li>Dijous, 11 de setembre de 2025: Dia festiu.<\/li>\n<li>Dilluns, 3 de novembre de 2025: Dia festiu de lliure disposici\u00f3.<\/li>\n<li>Dilluns, 8 de desembre de 2025: Dia festiu.<\/li>\n<li>Dilluns, 16 de febrer de 2026: Dia festiu de lliure disposici\u00f3.<\/li>\n<li>Dijous, 19 de mar\u00e7 de 2026: Dia festiu local.<\/li>\n<li>Divendres 20 de mar\u00e7 de 2026: Dia festiu de lliure disposici\u00f3.<\/li>\n<li>Dijous, 30 d&#8217;abril de 2026: Dia festiu de lliure disposici\u00f3.<\/li>\n<li>Divendres, 1 de maig de 2026: Dia festiu.<\/li>\n<\/ul>\n<p><strong>Per\u00edodes de vacances:<\/strong><\/p>\n<ul style=\"list-style-type: disc;\">\n<li>Vacances de Nadal: <strong>del 20 de desembre de 2025 al 7 de gener de 2026 <\/strong>(ambd\u00f3s inclosos).<\/li>\n<li>Vacances de Setmana Santa:<strong> del 28 de mar\u00e7 al 6 d\u2019abril de 2026 <\/strong>(ambd\u00f3s inclosos).<\/li>\n<\/ul>\n<div><\/div>\n<p><strong>Horari especial de jornada continuada:<\/strong><\/p>\n<ul>\n<li>Divendres<strong> 19<\/strong> <strong>de desembre<\/strong> <strong>de 2025.<\/strong><\/li>\n<li>Del <strong>8 al 19 de juny<\/strong> <strong>de 2026<\/strong>\u00a0(ambd\u00f3s inclosos)<\/li>\n<\/ul>\n<div><\/div>\n<div>\n<div><\/div>\n<div><\/div>\n<\/div>\n<p>L\u2019<b>horari lectiu<\/b> del centre a partir del mes de setembre de 2025 \u00e9s de 9:00h a 12:30h i de 15:00h a 16:30h. per a tots els alumnes.<\/p>\n<p>Per als alumnes que inicien l\u2019escolaritzaci\u00f3 a I3 s\u2019organitza un breu per\u00edode d\u2019adaptaci\u00f3 que suposa una certa modificaci\u00f3 dels horaris dels primers dies de classe, i que es fa saber a les fam\u00edlies en les reunions pr\u00e8vies corresponents.<\/p>\n","protected":false},"excerpt":{"rendered":"<p>Visualitzaci\u00f3 de tot el calendari:\u00a0 \u00a0 \u00a0 \u00a0 \u00a0 \u00a0 \u00a0 \u00a0 \u00a0 \u00a0 \u00a0 \u00a0 \u00a0 \u00a0 \u00a0 \u00a0 \u00a0 \u00a0<\/p>\n<p><a href=\"https:\/\/drive.google.com\/file\/d\/1S6vs72pDxmE--uJ7LfwoTdm4F94TZ3Ly\/view?usp=sharing\">Calendari Escola Joan Blanquer_2025-2026_alumnes<\/a><br \/>\n&nbsp;<br \/>\nInici i finalitzaci\u00f3 del curs:<\/p>\n<ul>\n<li>Inici de curs: Dimecres 9 de setembre del 2025<\/li>\n<li>Fi de curs: Divendres 19 de juny del&hellip;  <a href=\"https:\/\/agora.xtec.cat\/escjoanblanquer\/lescola\/calendari-del-curs\/\" title=\"Read Calendari del curs 25-26\">Llegeix m\u00e9s\u00bb<\/a><br \/>\n","protected":false},"author":1,"featured_media":0,"parent":22,"menu_order":50,"comment_status":"closed","ping_status":"closed","template":"page-templates\/side-menu.php","meta":{"_bbp_topic_count":0,"_bbp_reply_count":0,"_bbp_total_topic_count":0,"_bbp_total_reply_count":0,"_bbp_voice_count":0,"_bbp_anonymous_reply_count":0,"_bbp_topic_count_hidden":0,"_bbp_reply_count_hidden":0,"_bbp_forum_subforum_count":0,"footnotes":""},"class_list":["post-32","page","type-page","status-publish","hentry"],"post_mailing_queue_ids":[],"_links":{"self":[{"href":"https:\/\/agora.xtec.cat\/escjoanblanquer\/wp-json\/wp\/v2\/pages\/32","targetHints":{"allow":["GET"]}}],"collection":[{"href":"https:\/\/agora.xtec.cat\/escjoanblanquer\/wp-json\/wp\/v2\/pages"}],"about":[{"href":"https:\/\/agora.xtec.cat\/escjoanblanquer\/wp-json\/wp\/v2\/types\/page"}],"author":[{"embeddable":true,"href":"https:\/\/agora.xtec.cat\/escjoanblanquer\/wp-json\/wp\/v2\/users\/1"}],"replies":[{"embeddable":true,"href":"https:\/\/agora.xtec.cat\/escjoanblanquer\/wp-json\/wp\/v2\/comments?post=32"}],"version-history":[{"count":6,"href":"https:\/\/agora.xtec.cat\/escjoanblanquer\/wp-json\/wp\/v2\/pages\/32\/revisions"}],"predecessor-version":[{"id":4101,"href":"https:\/\/agora.xtec.cat\/escjoanblanquer\/wp-json\/wp\/v2\/pages\/32\/revisions\/4101"}],"up":[{"embeddable":true,"href":"https:\/\/agora.xtec.cat\/escjoanblanquer\/wp-json\/wp\/v2\/pages\/22"}],"wp:attachment":[{"href":"https:\/\/agora.xtec.cat\/escjoanblanquer\/wp-json\/wp\/v2\/media?parent=32"}],"curies":[{"name":"wp","href":"https:\/\/api.w.org\/{rel}","templated":true}]}}

<div><strong>Visualització de tot el calendari:                                   <img loading="lazy" decoding="async" class="alignnone size-thumbnail wp-image-3677" src="https://agora.xtec.cat/escjoanblanquer/wp-content/uploads/usu28/2023/07/calendari-imatge-150x150.png" alt="" width="150" height="150" srcset="https://agora.xtec.cat/escjoanblanquer/wp-content/uploads/usu28/2023/07/calendari-imatge-150x150.png 150w, https://agora.xtec.cat/escjoanblanquer/wp-content/uploads/usu28/2023/07/calendari-imatge.png 225w" sizes="auto, (max-width: 150px) 100vw, 150px" /></strong></div>
<div></div>
<div></div>
<div style="text-align: center;"><a href="https://drive.google.com/file/d/1S6vs72pDxmE--uJ7LfwoTdm4F94TZ3Ly/view?usp=sharing">Calendari Escola Joan Blanquer_2025-2026_alumnes</a></div>
<p>&nbsp;</p>
<p><strong>Inici i finalització del curs:</strong></p>
<ul>
<li>Inici de curs: Dimecres 9 de setembre del 2025</li>
<li>Fi de curs: Divendres 19 de juny del 2026</li>
</ul>
<p><strong>Dies festius i de lliure disposició:</strong><strong> </strong></p>
<ul>
<li>Dilluns 8 de setembre del 2025: Dia festiu local.</li>
<li>Dijous, 11 de setembre de 2025: Dia festiu.</li>
<li>Dilluns, 3 de novembre de 2025: Dia festiu de lliure disposició.</li>
<li>Dilluns, 8 de desembre de 2025: Dia festiu.</li>
<li>Dilluns, 16 de febrer de 2026: Dia festiu de lliure disposició.</li>
<li>Dijous, 19 de març de 2026: Dia festiu local.</li>
<li>Divendres 20 de març de 2026: Dia festiu de lliure disposició.</li>
<li>Dijous, 30 d&#8217;abril de 2026: Dia festiu de lliure disposició.</li>
<li>Divendres, 1 de maig de 2026: Dia festiu.</li>
</ul>
<p><strong>Períodes de vacances:</strong></p>
<ul style="list-style-type: disc;">
<li>Vacances de Nadal: <strong>del 20 de desembre de 2025 al 7 de gener de 2026 </strong>(ambdós inclosos).</li>
<li>Vacances de Setmana Santa:<strong> del 28 de març al 6 d’abril de 2026 </strong>(ambdós inclosos).</li>
</ul>
<div></div>
<p><strong>Horari especial de jornada continuada:</strong></p>
<ul>
<li>Divendres<strong> 19</strong> <strong>de desembre</strong> <strong>de 2025.</strong></li>
<li>Del <strong>8 al 19 de juny</strong> <strong>de 2026</strong> (ambdós inclosos)</li>
</ul>
<div></div>
<div>
<div></div>
<div></div>
</div>
<p>L’<b>horari lectiu</b> del centre a partir del mes de setembre de 2025 és de 9:00h a 12:30h i de 15:00h a 16:30h. per a tots els alumnes.</p>
<p>Per als alumnes que inicien l’escolarització a I3 s’organitza un breu període d’adaptació que suposa una certa modificació dels horaris dels primers dies de classe, i que es fa saber a les famílies en les reunions prèvies corresponents.</p>

<p>Visualització de tot el calendari:                                   </p>
<p><a href="https://drive.google.com/file/d/1S6vs72pDxmE--uJ7LfwoTdm4F94TZ3Ly/view?usp=sharing">Calendari Escola Joan Blanquer_2025-2026_alumnes</a><br />
&nbsp;<br />
Inici i finalització del curs:</p>
<ul>
<li>Inici de curs: Dimecres 9 de setembre del 2025</li>
<li>Fi de curs: Divendres 19 de juny del&hellip;  <a href="https://agora.xtec.cat/escjoanblanquer/lescola/calendari-del-curs/" title="Read Calendari del curs 25-26">Llegeix més»</a><br />
