{"id":30,"date":"2014-09-18T12:30:23","date_gmt":"2014-09-18T11:30:23","guid":{"rendered":"http:\/\/agora.xtec.cat\/escjoanblanquer\/?page_id=30"},"modified":"2021-04-30T12:20:15","modified_gmt":"2021-04-30T10:20:15","slug":"instal%c2%b7lacions","status":"publish","type":"page","link":"https:\/\/agora.xtec.cat\/escjoanblanquer\/lescola\/instal%c2%b7lacions\/","title":{"rendered":"Instal\u00b7lacions"},"content":{"rendered":"<p>L&#8217;escola Joan Blanquer est\u00e0 ubicada en un edifici de dues plantes, on hi trobem les aules d&#8217;educaci\u00f3 infantil i prim\u00e0ria, els despatxos de gesti\u00f3 i administraci\u00f3 del centre i els espais comuns com: biblioteca, espai d\u2019acollida, aula de m\u00fasica, aula d&#8217;angl\u00e8s, aula d&#8217;inform\u00e0tica, aula de psicomotricitat, tutories, sala de mestres, lavabos, menjador amb cuina pr\u00f2pia&#8230;<\/p>\n<p>I en un altre edifici, a continuaci\u00f3 d&#8217;aquest, hi ha el gimn\u00e0s.<\/p>\n<p>Tamb\u00e9 compta amb un pati pels alumnes d&#8217;Educaci\u00f3 infantil amb sorral i jocs infantils i un altre pels alumnes d&#8217;educaci\u00f3 prim\u00e0ria.<\/p>\n","protected":false},"excerpt":{"rendered":"<p>L&#8217;escola Joan Blanquer est\u00e0 ubicada en un edifici de dues plantes, on hi trobem les aules d&#8217;educaci\u00f3 infantil i prim\u00e0ria, els despatxos de gesti\u00f3 i administraci\u00f3 del centre i els espais comuns com: biblioteca, espai d\u2019acollida, aula de m\u00fasica, aula d&#8217;angl\u00e8s, aula d&#8217;inform\u00e0tica, aula de&hellip;  <a href=\"https:\/\/agora.xtec.cat\/escjoanblanquer\/lescola\/instal%c2%b7lacions\/\" title=\"Read Instal\u00b7lacions\">Llegeix m\u00e9s\u00bb<\/a><\/p>\n","protected":false},"author":1,"featured_media":0,"parent":22,"menu_order":40,"comment_status":"closed","ping_status":"closed","template":"page-templates\/side-menu.php","meta":{"_bbp_topic_count":0,"_bbp_reply_count":0,"_bbp_total_topic_count":0,"_bbp_total_reply_count":0,"_bbp_voice_count":0,"_bbp_anonymous_reply_count":0,"_bbp_topic_count_hidden":0,"_bbp_reply_count_hidden":0,"_bbp_forum_subforum_count":0,"footnotes":""},"class_list":["post-30","page","type-page","status-publish","hentry"],"post_mailing_queue_ids":[],"_links":{"self":[{"href":"https:\/\/agora.xtec.cat\/escjoanblanquer\/wp-json\/wp\/v2\/pages\/30","targetHints":{"allow":["GET"]}}],"collection":[{"href":"https:\/\/agora.xtec.cat\/escjoanblanquer\/wp-json\/wp\/v2\/pages"}],"about":[{"href":"https:\/\/agora.xtec.cat\/escjoanblanquer\/wp-json\/wp\/v2\/types\/page"}],"author":[{"embeddable":true,"href":"https:\/\/agora.xtec.cat\/escjoanblanquer\/wp-json\/wp\/v2\/users\/1"}],"replies":[{"embeddable":true,"href":"https:\/\/agora.xtec.cat\/escjoanblanquer\/wp-json\/wp\/v2\/comments?post=30"}],"version-history":[{"count":3,"href":"https:\/\/agora.xtec.cat\/escjoanblanquer\/wp-json\/wp\/v2\/pages\/30\/revisions"}],"predecessor-version":[{"id":3243,"href":"https:\/\/agora.xtec.cat\/escjoanblanquer\/wp-json\/wp\/v2\/pages\/30\/revisions\/3243"}],"up":[{"embeddable":true,"href":"https:\/\/agora.xtec.cat\/escjoanblanquer\/wp-json\/wp\/v2\/pages\/22"}],"wp:attachment":[{"href":"https:\/\/agora.xtec.cat\/escjoanblanquer\/wp-json\/wp\/v2\/media?parent=30"}],"curies":[{"name":"wp","href":"https:\/\/api.w.org\/{rel}","templated":true}]}}

<p>L&#8217;escola Joan Blanquer està ubicada en un edifici de dues plantes, on hi trobem les aules d&#8217;educació infantil i primària, els despatxos de gestió i administració del centre i els espais comuns com: biblioteca, espai d’acollida, aula de música, aula d&#8217;anglès, aula d&#8217;informàtica, aula de psicomotricitat, tutories, sala de mestres, lavabos, menjador amb cuina pròpia&#8230;</p>
<p>I en un altre edifici, a continuació d&#8217;aquest, hi ha el gimnàs.</p>
<p>També compta amb un pati pels alumnes d&#8217;Educació infantil amb sorral i jocs infantils i un altre pels alumnes d&#8217;educació primària.</p>

<p>L&#8217;escola Joan Blanquer està ubicada en un edifici de dues plantes, on hi trobem les aules d&#8217;educació infantil i primària, els despatxos de gestió i administració del centre i els espais comuns com: biblioteca, espai d’acollida, aula de música, aula d&#8217;anglès, aula d&#8217;informàtica, aula de&hellip;  <a href="https://agora.xtec.cat/escjoanblanquer/lescola/instal%c2%b7lacions/" title="Read Instal·lacions">Llegeix més»</a></p>
