{"id":28,"date":"2014-09-18T12:29:35","date_gmt":"2014-09-18T11:29:35","guid":{"rendered":"http:\/\/agora.xtec.cat\/escjoanblanquer\/?page_id=28"},"modified":"2026-01-30T16:38:51","modified_gmt":"2026-01-30T15:38:51","slug":"consell-escolar","status":"publish","type":"page","link":"https:\/\/agora.xtec.cat\/escjoanblanquer\/lescola\/consell-escolar\/","title":{"rendered":"Consell escolar"},"content":{"rendered":"<p><em><strong>EL CONSELL ESCOLAR<\/strong><\/em><\/p>\n<p style=\"text-align: left;\"><span style=\"text-decoration: underline;\"><em>QU\u00c8 \u00c9S?<\/em><\/span><\/p>\n<p style=\"text-align: left;\">El consell escolar \u00e9s l&#8217;\u00f2rgan de participaci\u00f3 dels diferents sectors de la comunitat educativa en el govern dels centres.<\/p>\n<p style=\"text-align: left;\"><span style=\"text-decoration: underline;\"><em>QUI FORMA EL CONSELL ESCOLAR?<\/em><\/span><\/p>\n<p>El formen els representants de tota la comunitat educativa, \u00e9s a dir, direcci\u00f3, professors, alumnes, fam\u00edlies, personal d&#8217;administraci\u00f3 i serveis, representant de l&#8217;administraci\u00f3 local i altres persones que el mateix consell consideri necess\u00e0ries.<\/p>\n<p><span style=\"text-decoration: underline;\">COMPOSICI\u00d3<\/span><\/p>\n<p>Cada centre determina la\u00a0<strong>composici\u00f3 del consell escolar<\/strong>\u00a0que queda recollida a les seves normes d&#8217;organitzaci\u00f3 i funcionament, d&#8217;acord amb el que s&#8217;estableix en el Decret 102\/2010, de 3 d&#8217;agost, d&#8217;autonomia dels centres educatius i la resta de legislaci\u00f3 vigent.<\/p>\n<p>El consell escolar dels centres p\u00fablics est\u00e0 integrat per:<\/p>\n<ul>\n<li>El director o directora, que el presideix.<\/li>\n<li>El cap o la cap d&#8217;estudis.<\/li>\n<li>El secretari o secret\u00e0ria del centre que assisteix amb veu i sense vot i exerceix la secretaria del consell.<\/li>\n<li>Un o una representant de l&#8217;ajuntament de la localitat on es troba situat el centre.<\/li>\n<li>Els i les representants del professorat s&#8217;elegeixen pel claustre, aquesta representaci\u00f3 no pot ser inferior a un ter\u00e7 del total de membres del consell, elegits pel claustre i en representaci\u00f3 d&#8217;aquest.<\/li>\n<li>Els i les representants de l&#8217;alumnat i dels pares i mares o tutors, elegits respectivament per ells i entre ells i no pot ser en nombre inferior a un ter\u00e7 del total de persones membres del consell. Una de les persones representants dels progenitors la designa l&#8217;AFA i la resta s\u00f3n electes.<\/li>\n<li>Un o una representant del personal d&#8217;administraci\u00f3 i serveis, elegit per i entre aquest personal.<\/li>\n<\/ul>\n<p>A l&#8217;escola el consell escolar est\u00e0 format per:<\/p>\n<table style=\"width: 70.8223%; height: 512px;\">\n<tbody>\n<tr style=\"height: 33px;\">\n<td style=\"width: 258px; height: 33px;\">Presidenta i Directora<\/td>\n<td style=\"width: 259px; height: 33px;\">Anna Sauquet<\/td>\n<\/tr>\n<tr style=\"height: 33px;\">\n<td style=\"width: 258px; height: 33px;\">Cap d&#8217;estudis<\/td>\n<td style=\"width: 259px; height: 33px;\">Txell Fab\u00e0<\/td>\n<\/tr>\n<tr style=\"height: 33px;\">\n<td style=\"width: 258px; height: 33px;\">Secret\u00e0ria<\/td>\n<td style=\"width: 259px; height: 33px;\">Ana Guirao<\/td>\n<\/tr>\n<tr style=\"height: 33px;\">\n<td style=\"width: 258px; height: 33px;\">Representant de l&#8217;Ajuntament<\/td>\n<td style=\"width: 259px; height: 33px;\">Anna Riera<\/td>\n<\/tr>\n<tr style=\"height: 33px;\">\n<td style=\"width: 258px; height: 33px;\">Representants de l&#8217;equip de mestres<\/td>\n<td style=\"width: 259px; height: 33px;\">Alicia Rodr\u00edguez<\/td>\n<\/tr>\n<tr style=\"height: 33px;\">\n<td style=\"width: 258px; height: 33px;\"><\/td>\n<td style=\"width: 259px; height: 33px;\"><span style=\"font-weight: 400;\">Francisca Bernal\u00a0<\/span><\/td>\n<\/tr>\n<tr style=\"height: 33px;\">\n<td style=\"width: 258px; height: 33px;\"><\/td>\n<td style=\"width: 259px; height: 33px;\"><span style=\"font-weight: 400;\">\u00a0Guillem Gimeno\u00a0<\/span><\/td>\n<\/tr>\n<tr style=\"height: 10px;\">\n<td style=\"width: 258px; height: 10px; text-align: left;\"><\/td>\n<td style=\"width: 259px; height: 10px; text-align: left;\"><span style=\"font-weight: 400;\">L\u00eddia Valls P\u00e9rez<\/span><\/td>\n<\/tr>\n<tr style=\"height: 33px;\">\n<td style=\"width: 258px; height: 33px;\"><\/td>\n<td style=\"width: 259px; height: 33px;\">Gema Merina<\/td>\n<\/tr>\n<tr style=\"height: 33px;\">\n<td style=\"width: 258px; height: 33px;\"><\/td>\n<td style=\"width: 259px; height: 33px;\">Laia Puigmart\u00ed<\/td>\n<\/tr>\n<tr style=\"height: 33px;\">\n<td style=\"width: 258px; height: 33px;\">Representant sector PAE<\/td>\n<td style=\"width: 259px; height: 33px;\">S\u00edlvia Soriano<\/td>\n<\/tr>\n<tr style=\"height: 33px;\">\n<td style=\"width: 258px; height: 33px;\">Representants sector pares<\/td>\n<td style=\"width: 259px; height: 33px;\"><span style=\"font-weight: 400;\">Almudena Gutierrez<\/span><\/td>\n<\/tr>\n<tr style=\"height: 33px;\">\n<td style=\"width: 258px; height: 33px;\"><\/td>\n<td style=\"width: 259px; height: 33px;\">Eva Aranda<\/td>\n<\/tr>\n<tr style=\"height: 33px;\">\n<td style=\"width: 258px; height: 33px;\"><\/td>\n<td style=\"width: 259px; height: 33px;\"><span style=\"font-weight: 400;\">Mireia Fern\u00e1ndez<\/span><\/td>\n<\/tr>\n<tr style=\"height: 33px;\">\n<td style=\"width: 258px; height: 33px;\"><\/td>\n<td style=\"width: 259px; height: 33px;\"><span style=\"font-weight: 400;\">S\u00f2nia Hijano<\/span><\/td>\n<\/tr>\n<tr style=\"height: 10px;\">\n<td style=\"width: 258px; height: 10px;\"><\/td>\n<td style=\"width: 259px; height: 10px;\"><span style=\"font-weight: 400;\">Patr\u00edcia Fern\u00e1ndez<\/span><\/td>\n<\/tr>\n<tr style=\"height: 10px;\">\n<td style=\"width: 258px; height: 10px;\">Representant de l&#8217;AFA<\/td>\n<td style=\"width: 259px; height: 10px;\">Jes\u00fas Fern\u00e1ndez<\/td>\n<\/tr>\n<tr style=\"height: 20px;\">\n<td style=\"width: 258px; height: 20px;\">Representant del PAS<\/td>\n<td style=\"width: 259px; height: 20px;\"><span style=\"font-weight: 400;\">Lloren\u00e7 Mart\u00edn<\/span><\/td>\n<\/tr>\n<\/tbody>\n<\/table>\n<p><span style=\"text-decoration: underline;\"><em>RENOVACI\u00d3 DE MEMBRES<\/em><\/span><\/p>\n<p>Les persones del consell escolar s\u00f3n elegides per\u00a0<strong>un per\u00edode de quatre anys<\/strong>\u00a0i es renoven per meitats cada dos anys.<\/p>\n<p>Les eleccions per a la constituci\u00f3 o renovaci\u00f3 de membres del consell escolar, les convoca el director o directora del centre p\u00fablic, amb quinze dies d&#8217;antelaci\u00f3, dintre del per\u00edode que fixa el Departament d&#8217;Ensenyament.<\/p>\n<p>Les\u00a0<strong>vacants<\/strong>\u00a0del consell escolar s&#8217;han d&#8217;ocupar pel procediment establert a les normes d&#8217;organitzaci\u00f3 i funcionament del centre; si aquestes no ho preveuen, les ha d&#8217;ocupar la seg\u00fcent candidatura m\u00e9s votada en les darreres eleccions. Si no hi ha m\u00e9s candidats o candidates per cobrir-les, romanen sense cobrir fins a la propera renovaci\u00f3 del consell escolar.<\/p>\n<p>La condici\u00f3 de membre del consell escolar es perd quan es deixa el c\u00e0rrec que comporta ser-ne membre, quan es deixa de complir algun dels requisits per ser elegible o quan l&#8217;\u00f2rgan que l&#8217;ha designat en revoca la designaci\u00f3.<\/p>\n<p><span style=\"text-decoration: underline;\"><em>FUNCIONAMENT<\/em><\/span><\/p>\n<p>El consell escolar ha d&#8217;aprovar les seves normes de funcionament. En all\u00f2 que no estigui previst s&#8217;han d&#8217;aplicar les normes reguladores dels \u00f2rgans col\u00b7legiats de l&#8217; Administraci\u00f3 de la Generalitat.<\/p>\n<p>El consell escolar del centre es reuneix preceptivament una vegada al trimestre i sempre que el convoca el director o directora del centre o ho sol\u00b7licita al menys un ter\u00e7 de les seves persones membres. A m\u00e9s, s&#8217;ha de fer una reuni\u00f3 a principi de curs i una altra a la seva finalitzaci\u00f3.<\/p>\n<p>El consell escolar actua normalment en ple. Es poden constituir comissions espec\u00edfiques d\u2019estudi i informaci\u00f3, a les quals, en tot cas, s\u2019hi ha d\u2019incorporar la direcci\u00f3 del centre, o en la seva representaci\u00f3, un altre \u00f2rgan\u00a0unipersonal de direcci\u00f3,\u00a0un professor o professora, i un alumne o alumna o un representant o una representant de les mares i els pares. Els centres de titularitat p\u00fablica, a m\u00e9s, hi ha d&#8217;haver preceptivament\u00a0una\u00a0<strong>comissi\u00f3 econ\u00f2mica<\/strong>\u00a0que supervisa la gesti\u00f3 econ\u00f2mica del centre.<\/p>\n<p><span style=\"text-decoration: underline;\"><em>FUNCIONS<\/em><\/span><\/p>\n<p>Corresponen al consell escolar les funcions seg\u00fcents:<\/p>\n<ul>\n<li>Participar en l&#8217;aprovaci\u00f3 del projecte educatiu i les seves modificacions. El consell escolar ha de ser consultat pel director de manera preceptiva per valorar la proposta del projecte educatiu i manifestar el seu suport amb una majoria de les tres cinquenes parts dels membres.<\/li>\n<li>Participar en l&#8217;aprovaci\u00f3 de la programaci\u00f3 general anual, de les normes de funcionament i de la gesti\u00f3 econ\u00f2mica del centre. El consell escolar ha de ser consultat de manera preceptiva per valorar cada una de les propostes i manifestar el seu suport per majoria simple dels membres.<\/li>\n<li>Avaluar l&#8217;aplicaci\u00f3 del projecte educatiu i de les seves modificacions aix\u00ed com de la resta de documents de gesti\u00f3 del centre.<\/li>\n<li>Aprovar les propostes d&#8217;acords de co-responsabilitat, convenis i altres acords de col\u00b7laboraci\u00f3 del centre amb entitats i institucions.<\/li>\n<li>Intervenir en el procediment d&#8217;admissi\u00f3 d&#8217;alumnes.<\/li>\n<li>Participar en el procediment de selecci\u00f3 i en la proposta de cessament del director o directora.<\/li>\n<li>Intervenir en la resoluci\u00f3 dels conflictes i, si escau, revisar les sancions als alumnes.<\/li>\n<li>Aprovar les directrius per a la programaci\u00f3 d&#8217;activitats escolars complement\u00e0ries i d&#8217;activitats extraescolars, i avaluar-ne el desenvolupament.<\/li>\n<li>Participar en les an\u00e0lisis i les avaluacions del funcionament general del centre i con\u00e8ixer l&#8217;evoluci\u00f3 del rendiment escolar.<\/li>\n<li>Aprovar els criteris de col\u00b7laboraci\u00f3 amb altres centres i amb l&#8217;entorn.<\/li>\n<li>Qualsevol altre que li sigui atribu\u00efda per les normes legals o reglament\u00e0ries.<\/li>\n<\/ul>\n<p><span style=\"text-decoration: underline;\"><em>COM PODEN PARTICIPAR LES FAM\u00cdLIES EN EL CONSELL ESCOLAR?<\/em><\/span><\/p>\n<p>En les eleccions, les fam\u00edlies hi podeu participar de dues maneres diferents:<\/p>\n<ul>\n<li>Presentant-vos com a candidats per representar els pares i mares al consell escolar.<\/li>\n<li>Participant el dia que el centre convoqui les eleccions votant els candidats que considereu m\u00e9s representatius.<\/li>\n<\/ul>\n<p>\u00c9s important que les fam\u00edlies participeu en les eleccions al consell escolar perqu\u00e8:<\/p>\n<ul>\n<li>Sou els responsables de la formaci\u00f3 dels vostres fills i \u00e9s important tenir uns bons representants al consell escolar que us informin i facin arribar la vostra veu.<\/li>\n<li>Les fam\u00edlies i els docents compartim un mateix objectiu. Per aix\u00f2 hem de ser capa\u00e7os de decidir, entre tots, a qu\u00e8 ens comprometem per aconseguir-ho.<\/li>\n<li>Les fam\u00edlies teniu el dret de participar de manera democr\u00e0tica en l\u2019organitzaci\u00f3 del centre. Aquesta \u00e9s una manera de valorar l&#8217;escola i tamb\u00e9 contribu\u00efu que el vostre fill la valori.<\/li>\n<li>L&#8217;\u00e8xit educatiu del vostre fill tamb\u00e9 dep\u00e8n del funcionament i el clima de centre. Implicar-vos en el seguiment i l&#8217;avaluaci\u00f3 d&#8217;aquest funcionament incideix en el desenvolupament i creixement personal dels vostres fills.<\/li>\n<li>\u00c9s la manera de fer arribar la vostra veu en temes que us poden preocupar, com activitats extraescolars o quina \u00e9s l&#8217;alimentaci\u00f3 que han de rebre en el menjador escolar.<\/li>\n<li>\u00c9s important tenir una escola oberta a l&#8217;entorn, que col\u00b7labori amb els altres centres i les diferents entitats i que entre tots pugueu fer del vostre poble un entorn m\u00e9s educatiu i cohesionat. El consell escolar decideix quines han de ser aquestes relacions.<\/li>\n<\/ul>\n","protected":false},"excerpt":{"rendered":"<p>EL CONSELL ESCOLAR<br \/>\nQU\u00c8 \u00c9S?<br \/>\nEl consell escolar \u00e9s l&#8217;\u00f2rgan de participaci\u00f3 dels diferents sectors de la comunitat educativa en el govern dels centres.<br \/>\nQUI FORMA EL CONSELL ESCOLAR?<br \/>\nEl formen els representants de tota la comunitat educativa, \u00e9s a dir, direcci\u00f3, professors, alumnes, fam\u00edlies, personal d&#8217;administraci\u00f3 i serveis,&hellip;  <a href=\"https:\/\/agora.xtec.cat\/escjoanblanquer\/lescola\/consell-escolar\/\" title=\"Read Consell escolar\">Llegeix m\u00e9s\u00bb<\/a><\/p>\n","protected":false},"author":1,"featured_media":0,"parent":22,"menu_order":30,"comment_status":"closed","ping_status":"closed","template":"page-templates\/side-menu.php","meta":{"_bbp_topic_count":0,"_bbp_reply_count":0,"_bbp_total_topic_count":0,"_bbp_total_reply_count":0,"_bbp_voice_count":0,"_bbp_anonymous_reply_count":0,"_bbp_topic_count_hidden":0,"_bbp_reply_count_hidden":0,"_bbp_forum_subforum_count":0,"footnotes":""},"class_list":["post-28","page","type-page","status-publish","hentry"],"post_mailing_queue_ids":[],"_links":{"self":[{"href":"https:\/\/agora.xtec.cat\/escjoanblanquer\/wp-json\/wp\/v2\/pages\/28","targetHints":{"allow":["GET"]}}],"collection":[{"href":"https:\/\/agora.xtec.cat\/escjoanblanquer\/wp-json\/wp\/v2\/pages"}],"about":[{"href":"https:\/\/agora.xtec.cat\/escjoanblanquer\/wp-json\/wp\/v2\/types\/page"}],"author":[{"embeddable":true,"href":"https:\/\/agora.xtec.cat\/escjoanblanquer\/wp-json\/wp\/v2\/users\/1"}],"replies":[{"embeddable":true,"href":"https:\/\/agora.xtec.cat\/escjoanblanquer\/wp-json\/wp\/v2\/comments?post=28"}],"version-history":[{"count":6,"href":"https:\/\/agora.xtec.cat\/escjoanblanquer\/wp-json\/wp\/v2\/pages\/28\/revisions"}],"predecessor-version":[{"id":4103,"href":"https:\/\/agora.xtec.cat\/escjoanblanquer\/wp-json\/wp\/v2\/pages\/28\/revisions\/4103"}],"up":[{"embeddable":true,"href":"https:\/\/agora.xtec.cat\/escjoanblanquer\/wp-json\/wp\/v2\/pages\/22"}],"wp:attachment":[{"href":"https:\/\/agora.xtec.cat\/escjoanblanquer\/wp-json\/wp\/v2\/media?parent=28"}],"curies":[{"name":"wp","href":"https:\/\/api.w.org\/{rel}","templated":true}]}}

<p><em><strong>EL CONSELL ESCOLAR</strong></em></p>
<p style="text-align: left;"><span style="text-decoration: underline;"><em>QUÈ ÉS?</em></span></p>
<p style="text-align: left;">El consell escolar és l&#8217;òrgan de participació dels diferents sectors de la comunitat educativa en el govern dels centres.</p>
<p style="text-align: left;"><span style="text-decoration: underline;"><em>QUI FORMA EL CONSELL ESCOLAR?</em></span></p>
<p>El formen els representants de tota la comunitat educativa, és a dir, direcció, professors, alumnes, famílies, personal d&#8217;administració i serveis, representant de l&#8217;administració local i altres persones que el mateix consell consideri necessàries.</p>
<p><span style="text-decoration: underline;">COMPOSICIÓ</span></p>
<p>Cada centre determina la <strong>composició del consell escolar</strong> que queda recollida a les seves normes d&#8217;organització i funcionament, d&#8217;acord amb el que s&#8217;estableix en el Decret 102/2010, de 3 d&#8217;agost, d&#8217;autonomia dels centres educatius i la resta de legislació vigent.</p>
<p>El consell escolar dels centres públics està integrat per:</p>
<ul>
<li>El director o directora, que el presideix.</li>
<li>El cap o la cap d&#8217;estudis.</li>
<li>El secretari o secretària del centre que assisteix amb veu i sense vot i exerceix la secretaria del consell.</li>
<li>Un o una representant de l&#8217;ajuntament de la localitat on es troba situat el centre.</li>
<li>Els i les representants del professorat s&#8217;elegeixen pel claustre, aquesta representació no pot ser inferior a un terç del total de membres del consell, elegits pel claustre i en representació d&#8217;aquest.</li>
<li>Els i les representants de l&#8217;alumnat i dels pares i mares o tutors, elegits respectivament per ells i entre ells i no pot ser en nombre inferior a un terç del total de persones membres del consell. Una de les persones representants dels progenitors la designa l&#8217;AFA i la resta són electes.</li>
<li>Un o una representant del personal d&#8217;administració i serveis, elegit per i entre aquest personal.</li>
</ul>
<p>A l&#8217;escola el consell escolar està format per:</p>
<table style="width: 70.8223%; height: 512px;">
<tbody>
<tr style="height: 33px;">
<td style="width: 258px; height: 33px;">Presidenta i Directora</td>
<td style="width: 259px; height: 33px;">Anna Sauquet</td>
</tr>
<tr style="height: 33px;">
<td style="width: 258px; height: 33px;">Cap d&#8217;estudis</td>
<td style="width: 259px; height: 33px;">Txell Fabà</td>
</tr>
<tr style="height: 33px;">
<td style="width: 258px; height: 33px;">Secretària</td>
<td style="width: 259px; height: 33px;">Ana Guirao</td>
</tr>
<tr style="height: 33px;">
<td style="width: 258px; height: 33px;">Representant de l&#8217;Ajuntament</td>
<td style="width: 259px; height: 33px;">Anna Riera</td>
</tr>
<tr style="height: 33px;">
<td style="width: 258px; height: 33px;">Representants de l&#8217;equip de mestres</td>
<td style="width: 259px; height: 33px;">Alicia Rodríguez</td>
</tr>
<tr style="height: 33px;">
<td style="width: 258px; height: 33px;"></td>
<td style="width: 259px; height: 33px;"><span style="font-weight: 400;">Francisca Bernal </span></td>
</tr>
<tr style="height: 33px;">
<td style="width: 258px; height: 33px;"></td>
<td style="width: 259px; height: 33px;"><span style="font-weight: 400;"> Guillem Gimeno </span></td>
</tr>
<tr style="height: 10px;">
<td style="width: 258px; height: 10px; text-align: left;"></td>
<td style="width: 259px; height: 10px; text-align: left;"><span style="font-weight: 400;">Lídia Valls Pérez</span></td>
</tr>
<tr style="height: 33px;">
<td style="width: 258px; height: 33px;"></td>
<td style="width: 259px; height: 33px;">Gema Merina</td>
</tr>
<tr style="height: 33px;">
<td style="width: 258px; height: 33px;"></td>
<td style="width: 259px; height: 33px;">Laia Puigmartí</td>
</tr>
<tr style="height: 33px;">
<td style="width: 258px; height: 33px;">Representant sector PAE</td>
<td style="width: 259px; height: 33px;">Sílvia Soriano</td>
</tr>
<tr style="height: 33px;">
<td style="width: 258px; height: 33px;">Representants sector pares</td>
<td style="width: 259px; height: 33px;"><span style="font-weight: 400;">Almudena Gutierrez</span></td>
</tr>
<tr style="height: 33px;">
<td style="width: 258px; height: 33px;"></td>
<td style="width: 259px; height: 33px;">Eva Aranda</td>
</tr>
<tr style="height: 33px;">
<td style="width: 258px; height: 33px;"></td>
<td style="width: 259px; height: 33px;"><span style="font-weight: 400;">Mireia Fernández</span></td>
</tr>
<tr style="height: 33px;">
<td style="width: 258px; height: 33px;"></td>
<td style="width: 259px; height: 33px;"><span style="font-weight: 400;">Sònia Hijano</span></td>
</tr>
<tr style="height: 10px;">
<td style="width: 258px; height: 10px;"></td>
<td style="width: 259px; height: 10px;"><span style="font-weight: 400;">Patrícia Fernández</span></td>
</tr>
<tr style="height: 10px;">
<td style="width: 258px; height: 10px;">Representant de l&#8217;AFA</td>
<td style="width: 259px; height: 10px;">Jesús Fernández</td>
</tr>
<tr style="height: 20px;">
<td style="width: 258px; height: 20px;">Representant del PAS</td>
<td style="width: 259px; height: 20px;"><span style="font-weight: 400;">Llorenç Martín</span></td>
</tr>
</tbody>
</table>
<p><span style="text-decoration: underline;"><em>RENOVACIÓ DE MEMBRES</em></span></p>
<p>Les persones del consell escolar són elegides per <strong>un període de quatre anys</strong> i es renoven per meitats cada dos anys.</p>
<p>Les eleccions per a la constitució o renovació de membres del consell escolar, les convoca el director o directora del centre públic, amb quinze dies d&#8217;antelació, dintre del període que fixa el Departament d&#8217;Ensenyament.</p>
<p>Les <strong>vacants</strong> del consell escolar s&#8217;han d&#8217;ocupar pel procediment establert a les normes d&#8217;organització i funcionament del centre; si aquestes no ho preveuen, les ha d&#8217;ocupar la següent candidatura més votada en les darreres eleccions. Si no hi ha més candidats o candidates per cobrir-les, romanen sense cobrir fins a la propera renovació del consell escolar.</p>
<p>La condició de membre del consell escolar es perd quan es deixa el càrrec que comporta ser-ne membre, quan es deixa de complir algun dels requisits per ser elegible o quan l&#8217;òrgan que l&#8217;ha designat en revoca la designació.</p>
<p><span style="text-decoration: underline;"><em>FUNCIONAMENT</em></span></p>
<p>El consell escolar ha d&#8217;aprovar les seves normes de funcionament. En allò que no estigui previst s&#8217;han d&#8217;aplicar les normes reguladores dels òrgans col·legiats de l&#8217; Administració de la Generalitat.</p>
<p>El consell escolar del centre es reuneix preceptivament una vegada al trimestre i sempre que el convoca el director o directora del centre o ho sol·licita al menys un terç de les seves persones membres. A més, s&#8217;ha de fer una reunió a principi de curs i una altra a la seva finalització.</p>
<p>El consell escolar actua normalment en ple. Es poden constituir comissions específiques d’estudi i informació, a les quals, en tot cas, s’hi ha d’incorporar la direcció del centre, o en la seva representació, un altre òrgan unipersonal de direcció, un professor o professora, i un alumne o alumna o un representant o una representant de les mares i els pares. Els centres de titularitat pública, a més, hi ha d&#8217;haver preceptivament una <strong>comissió econòmica</strong> que supervisa la gestió econòmica del centre.</p>
<p><span style="text-decoration: underline;"><em>FUNCIONS</em></span></p>
<p>Corresponen al consell escolar les funcions següents:</p>
<ul>
<li>Participar en l&#8217;aprovació del projecte educatiu i les seves modificacions. El consell escolar ha de ser consultat pel director de manera preceptiva per valorar la proposta del projecte educatiu i manifestar el seu suport amb una majoria de les tres cinquenes parts dels membres.</li>
<li>Participar en l&#8217;aprovació de la programació general anual, de les normes de funcionament i de la gestió econòmica del centre. El consell escolar ha de ser consultat de manera preceptiva per valorar cada una de les propostes i manifestar el seu suport per majoria simple dels membres.</li>
<li>Avaluar l&#8217;aplicació del projecte educatiu i de les seves modificacions així com de la resta de documents de gestió del centre.</li>
<li>Aprovar les propostes d&#8217;acords de co-responsabilitat, convenis i altres acords de col·laboració del centre amb entitats i institucions.</li>
<li>Intervenir en el procediment d&#8217;admissió d&#8217;alumnes.</li>
<li>Participar en el procediment de selecció i en la proposta de cessament del director o directora.</li>
<li>Intervenir en la resolució dels conflictes i, si escau, revisar les sancions als alumnes.</li>
<li>Aprovar les directrius per a la programació d&#8217;activitats escolars complementàries i d&#8217;activitats extraescolars, i avaluar-ne el desenvolupament.</li>
<li>Participar en les anàlisis i les avaluacions del funcionament general del centre i conèixer l&#8217;evolució del rendiment escolar.</li>
<li>Aprovar els criteris de col·laboració amb altres centres i amb l&#8217;entorn.</li>
<li>Qualsevol altre que li sigui atribuïda per les normes legals o reglamentàries.</li>
</ul>
<p><span style="text-decoration: underline;"><em>COM PODEN PARTICIPAR LES FAMÍLIES EN EL CONSELL ESCOLAR?</em></span></p>
<p>En les eleccions, les famílies hi podeu participar de dues maneres diferents:</p>
<ul>
<li>Presentant-vos com a candidats per representar els pares i mares al consell escolar.</li>
<li>Participant el dia que el centre convoqui les eleccions votant els candidats que considereu més representatius.</li>
</ul>
<p>És important que les famílies participeu en les eleccions al consell escolar perquè:</p>
<ul>
<li>Sou els responsables de la formació dels vostres fills i és important tenir uns bons representants al consell escolar que us informin i facin arribar la vostra veu.</li>
<li>Les famílies i els docents compartim un mateix objectiu. Per això hem de ser capaços de decidir, entre tots, a què ens comprometem per aconseguir-ho.</li>
<li>Les famílies teniu el dret de participar de manera democràtica en l’organització del centre. Aquesta és una manera de valorar l&#8217;escola i també contribuïu que el vostre fill la valori.</li>
<li>L&#8217;èxit educatiu del vostre fill també depèn del funcionament i el clima de centre. Implicar-vos en el seguiment i l&#8217;avaluació d&#8217;aquest funcionament incideix en el desenvolupament i creixement personal dels vostres fills.</li>
<li>És la manera de fer arribar la vostra veu en temes que us poden preocupar, com activitats extraescolars o quina és l&#8217;alimentació que han de rebre en el menjador escolar.</li>
<li>És important tenir una escola oberta a l&#8217;entorn, que col·labori amb els altres centres i les diferents entitats i que entre tots pugueu fer del vostre poble un entorn més educatiu i cohesionat. El consell escolar decideix quines han de ser aquestes relacions.</li>
</ul>

<p>EL CONSELL ESCOLAR<br />
QUÈ ÉS?<br />
El consell escolar és l&#8217;òrgan de participació dels diferents sectors de la comunitat educativa en el govern dels centres.<br />
QUI FORMA EL CONSELL ESCOLAR?<br />
El formen els representants de tota la comunitat educativa, és a dir, direcció, professors, alumnes, famílies, personal d&#8217;administració i serveis,&hellip;  <a href="https://agora.xtec.cat/escjoanblanquer/lescola/consell-escolar/" title="Read Consell escolar">Llegeix més»</a></p>
