{"id":26,"date":"2014-09-18T12:24:32","date_gmt":"2014-09-18T11:24:32","guid":{"rendered":"http:\/\/agora.xtec.cat\/escjoanblanquer\/?page_id=26"},"modified":"2019-08-13T20:49:37","modified_gmt":"2019-08-13T18:49:37","slug":"historia","status":"publish","type":"page","link":"https:\/\/agora.xtec.cat\/escjoanblanquer\/lescola\/historia\/","title":{"rendered":"Hist\u00f2ria"},"content":{"rendered":"<p>L\u2019escola Joan Blanquer \u00e9s una escola d&#8217;una l\u00ednia, que forma part de la xarxa d&#8217;escoles p\u00fabliques del Departament d&#8217;Ensenyament de la Generalitat de Catalunya, de Castellar del Vall\u00e8s, dins la comarca del Vall\u00e8s Occidental.<\/p>\n<p>Va n\u00e8ixer l&#8217;any 2005 arrel de la manca de places escolars al municipi, comen\u00e7ant per infantil fins arribar a tenir alumnes fins a 6\u00e8 de prim\u00e0ria, amb un total de 225 alumnes i prop d\u2019una vintena de mestres i altres professionals.<\/p>\n<p>Est\u00e0 ubicada en un sol edifici de dues plantes, l\u2019etapa d&#8217;infantil i prim\u00e0ria, la gesti\u00f3 i l\u2019administraci\u00f3 del centre. Inclou els propis espais comuns: biblioteca, espai d\u2019acollida, aula de m\u00fasica, aula d&#8217;angl\u00e8s, aula d&#8217;inform\u00e0tica, aula de psicomotricitat, tutories, sala de mestres, lavabos, menjador amb cuina pr\u00f2pia.\u00a0 En un altre edifici, a continuaci\u00f3 d&#8217;aquest mateix, hi ha el gimn\u00e0s.<\/p>\n<p>Tamb\u00e9 compta amb un pati pels alumnes d&#8217;Educaci\u00f3 infantil amb sorral i jocs infantils i un altre pels alumnes d&#8217;educaci\u00f3 prim\u00e0ria.<\/p>\n<p>El nostre objectiu principal \u00e9s el d\u2019oferir una educaci\u00f3 integral que ajudi als nostres infants a esdevenir persones aut\u00f2nomes, cr\u00edtiques i compromeses, que puguin participar de forma activa en el seu entorn i en la societat en general.<\/p>\n<p>El nostre centre es caracteritza per l\u2019atenci\u00f3 a la diversitat pel que fa al nivell d\u2019aprenentatges, tenim un bon nombre d\u2019alumnes que tenen dict\u00e0mens i caracter\u00edstiques personals complexes que requereixen una atenci\u00f3 especial. Disposem d&#8217;una unitat SIEI (Suport Intensiu per a l&#8217;Escolaritzaci\u00f3 Inclusiva) on es d\u00f3na atenci\u00f3 a les necessitats educatives especials dels alumnes que ho requereixin.<\/p>\n<p>&nbsp;<\/p>\n","protected":false},"excerpt":{"rendered":"<p>L\u2019escola Joan Blanquer \u00e9s una escola d&#8217;una l\u00ednia, que forma part de la xarxa d&#8217;escoles p\u00fabliques del Departament d&#8217;Ensenyament de la Generalitat de Catalunya, de Castellar del Vall\u00e8s, dins la comarca del Vall\u00e8s Occidental.<br \/>\nVa n\u00e8ixer l&#8217;any 2005 arrel de la manca de places escolars al&hellip;  <a href=\"https:\/\/agora.xtec.cat\/escjoanblanquer\/lescola\/historia\/\" title=\"Read Hist\u00f2ria\">Llegeix m\u00e9s\u00bb<\/a><\/p>\n","protected":false},"author":1,"featured_media":0,"parent":22,"menu_order":20,"comment_status":"closed","ping_status":"closed","template":"page-templates\/side-menu.php","meta":{"_bbp_topic_count":0,"_bbp_reply_count":0,"_bbp_total_topic_count":0,"_bbp_total_reply_count":0,"_bbp_voice_count":0,"_bbp_anonymous_reply_count":0,"_bbp_topic_count_hidden":0,"_bbp_reply_count_hidden":0,"_bbp_forum_subforum_count":0,"footnotes":""},"class_list":["post-26","page","type-page","status-publish","hentry"],"post_mailing_queue_ids":[],"_links":{"self":[{"href":"https:\/\/agora.xtec.cat\/escjoanblanquer\/wp-json\/wp\/v2\/pages\/26","targetHints":{"allow":["GET"]}}],"collection":[{"href":"https:\/\/agora.xtec.cat\/escjoanblanquer\/wp-json\/wp\/v2\/pages"}],"about":[{"href":"https:\/\/agora.xtec.cat\/escjoanblanquer\/wp-json\/wp\/v2\/types\/page"}],"author":[{"embeddable":true,"href":"https:\/\/agora.xtec.cat\/escjoanblanquer\/wp-json\/wp\/v2\/users\/1"}],"replies":[{"embeddable":true,"href":"https:\/\/agora.xtec.cat\/escjoanblanquer\/wp-json\/wp\/v2\/comments?post=26"}],"version-history":[{"count":4,"href":"https:\/\/agora.xtec.cat\/escjoanblanquer\/wp-json\/wp\/v2\/pages\/26\/revisions"}],"predecessor-version":[{"id":651,"href":"https:\/\/agora.xtec.cat\/escjoanblanquer\/wp-json\/wp\/v2\/pages\/26\/revisions\/651"}],"up":[{"embeddable":true,"href":"https:\/\/agora.xtec.cat\/escjoanblanquer\/wp-json\/wp\/v2\/pages\/22"}],"wp:attachment":[{"href":"https:\/\/agora.xtec.cat\/escjoanblanquer\/wp-json\/wp\/v2\/media?parent=26"}],"curies":[{"name":"wp","href":"https:\/\/api.w.org\/{rel}","templated":true}]}}

Història

<p>L’escola Joan Blanquer és una escola d&#8217;una línia, que forma part de la xarxa d&#8217;escoles públiques del Departament d&#8217;Ensenyament de la Generalitat de Catalunya, de Castellar del Vallès, dins la comarca del Vallès Occidental.</p>
<p>Va nèixer l&#8217;any 2005 arrel de la manca de places escolars al municipi, començant per infantil fins arribar a tenir alumnes fins a 6è de primària, amb un total de 225 alumnes i prop d’una vintena de mestres i altres professionals.</p>
<p>Està ubicada en un sol edifici de dues plantes, l’etapa d&#8217;infantil i primària, la gestió i l’administració del centre. Inclou els propis espais comuns: biblioteca, espai d’acollida, aula de música, aula d&#8217;anglès, aula d&#8217;informàtica, aula de psicomotricitat, tutories, sala de mestres, lavabos, menjador amb cuina pròpia.  En un altre edifici, a continuació d&#8217;aquest mateix, hi ha el gimnàs.</p>
<p>També compta amb un pati pels alumnes d&#8217;Educació infantil amb sorral i jocs infantils i un altre pels alumnes d&#8217;educació primària.</p>
<p>El nostre objectiu principal és el d’oferir una educació integral que ajudi als nostres infants a esdevenir persones autònomes, crítiques i compromeses, que puguin participar de forma activa en el seu entorn i en la societat en general.</p>
<p>El nostre centre es caracteritza per l’atenció a la diversitat pel que fa al nivell d’aprenentatges, tenim un bon nombre d’alumnes que tenen dictàmens i característiques personals complexes que requereixen una atenció especial. Disposem d&#8217;una unitat SIEI (Suport Intensiu per a l&#8217;Escolarització Inclusiva) on es dóna atenció a les necessitats educatives especials dels alumnes que ho requereixin.</p>
<p>&nbsp;</p>

<p>L’escola Joan Blanquer és una escola d&#8217;una línia, que forma part de la xarxa d&#8217;escoles públiques del Departament d&#8217;Ensenyament de la Generalitat de Catalunya, de Castellar del Vallès, dins la comarca del Vallès Occidental.<br />
Va nèixer l&#8217;any 2005 arrel de la manca de places escolars al&hellip;  <a href="https://agora.xtec.cat/escjoanblanquer/lescola/historia/" title="Read Història">Llegeix més»</a></p>
