{"id":22,"date":"2014-09-18T12:19:57","date_gmt":"2014-09-18T11:19:57","guid":{"rendered":"http:\/\/agora.xtec.cat\/escjoanblanquer\/?page_id=22"},"modified":"2023-06-08T12:58:49","modified_gmt":"2023-06-08T10:58:49","slug":"lescola","status":"publish","type":"page","link":"https:\/\/agora.xtec.cat\/escjoanblanquer\/lescola\/","title":{"rendered":"L&#8217;ESCOLA"},"content":{"rendered":"<p>L&#8217;escola Joan Blanquer \u00e9s un centre d&#8217;una l\u00ednia educativa, t\u00e9 un claustre format per les tutores respectives de cada grup, una mestra de refor\u00e7, una tutora de SIEI, una educadora de SIEI, una vetlladora, les especialistes de m\u00fasica, angl\u00e8s, educaci\u00f3 f\u00edsica i educaci\u00f3 especial i la col\u00b7laboraci\u00f3 de la psic\u00f2loga de l&#8217;EAP i de la logopeda. Compta tamb\u00e9 amb dues persones del PAS: una auxiliar administrativa i un bidell.<\/p>\n<p>El personal docent, a banda de la seva tasca educativa, forma part de diferents comissions per tal d&#8217;impulsar el projecte educatiu de centre: comissi\u00f3 d&#8217;atenci\u00f3 a la diversitat, comissi\u00f3 de biblioteca, comissi\u00f3 de ci\u00e8ncies, comissi\u00f3 de riscos laborals i comissi\u00f3 digital. Tamb\u00e9 participen en comissions mixtes (mestres i fam\u00edlies) com les comissions de menjador, de festes, de socialitzaci\u00f3, de patis i sostenibilitat, d&#8217;extraescolars, d&#8217;economia i de sensibilitzaci\u00f3 i solidaritat amb la col\u00b7laboraci\u00f3 de l&#8217;ONG Amics del Nepal.<\/p>\n","protected":false},"excerpt":{"rendered":"<p>L&#8217;escola Joan Blanquer \u00e9s un centre d&#8217;una l\u00ednia educativa, t\u00e9 un claustre format per les tutores respectives de cada grup, una mestra de refor\u00e7, una tutora de SIEI, una educadora de SIEI, una vetlladora, les especialistes de m\u00fasica, angl\u00e8s, educaci\u00f3 f\u00edsica i educaci\u00f3 especial i&hellip;  <a href=\"https:\/\/agora.xtec.cat\/escjoanblanquer\/lescola\/\" title=\"Read L&#8217;ESCOLA\">Llegeix m\u00e9s\u00bb<\/a><\/p>\n","protected":false},"author":1,"featured_media":0,"parent":0,"menu_order":0,"comment_status":"closed","ping_status":"closed","template":"page-templates\/side-menu.php","meta":{"_bbp_topic_count":0,"_bbp_reply_count":0,"_bbp_total_topic_count":0,"_bbp_total_reply_count":0,"_bbp_voice_count":0,"_bbp_anonymous_reply_count":0,"_bbp_topic_count_hidden":0,"_bbp_reply_count_hidden":0,"_bbp_forum_subforum_count":0,"footnotes":""},"class_list":["post-22","page","type-page","status-publish","hentry"],"post_mailing_queue_ids":[],"_links":{"self":[{"href":"https:\/\/agora.xtec.cat\/escjoanblanquer\/wp-json\/wp\/v2\/pages\/22","targetHints":{"allow":["GET"]}}],"collection":[{"href":"https:\/\/agora.xtec.cat\/escjoanblanquer\/wp-json\/wp\/v2\/pages"}],"about":[{"href":"https:\/\/agora.xtec.cat\/escjoanblanquer\/wp-json\/wp\/v2\/types\/page"}],"author":[{"embeddable":true,"href":"https:\/\/agora.xtec.cat\/escjoanblanquer\/wp-json\/wp\/v2\/users\/1"}],"replies":[{"embeddable":true,"href":"https:\/\/agora.xtec.cat\/escjoanblanquer\/wp-json\/wp\/v2\/comments?post=22"}],"version-history":[{"count":4,"href":"https:\/\/agora.xtec.cat\/escjoanblanquer\/wp-json\/wp\/v2\/pages\/22\/revisions"}],"predecessor-version":[{"id":3667,"href":"https:\/\/agora.xtec.cat\/escjoanblanquer\/wp-json\/wp\/v2\/pages\/22\/revisions\/3667"}],"wp:attachment":[{"href":"https:\/\/agora.xtec.cat\/escjoanblanquer\/wp-json\/wp\/v2\/media?parent=22"}],"curies":[{"name":"wp","href":"https:\/\/api.w.org\/{rel}","templated":true}]}}

<p>L&#8217;escola Joan Blanquer és un centre d&#8217;una línia educativa, té un claustre format per les tutores respectives de cada grup, una mestra de reforç, una tutora de SIEI, una educadora de SIEI, una vetlladora, les especialistes de música, anglès, educació física i educació especial i la col·laboració de la psicòloga de l&#8217;EAP i de la logopeda. Compta també amb dues persones del PAS: una auxiliar administrativa i un bidell.</p>
<p>El personal docent, a banda de la seva tasca educativa, forma part de diferents comissions per tal d&#8217;impulsar el projecte educatiu de centre: comissió d&#8217;atenció a la diversitat, comissió de biblioteca, comissió de ciències, comissió de riscos laborals i comissió digital. També participen en comissions mixtes (mestres i famílies) com les comissions de menjador, de festes, de socialització, de patis i sostenibilitat, d&#8217;extraescolars, d&#8217;economia i de sensibilització i solidaritat amb la col·laboració de l&#8217;ONG Amics del Nepal.</p>

<p>L&#8217;escola Joan Blanquer és un centre d&#8217;una línia educativa, té un claustre format per les tutores respectives de cada grup, una mestra de reforç, una tutora de SIEI, una educadora de SIEI, una vetlladora, les especialistes de música, anglès, educació física i educació especial i&hellip;  <a href="https://agora.xtec.cat/escjoanblanquer/lescola/" title="Read L&#8217;ESCOLA">Llegeix més»</a></p>
