{"id":6590,"date":"2020-03-25T21:03:39","date_gmt":"2020-03-25T20:03:39","guid":{"rendered":"http:\/\/agora.xtec.cat\/escjoanardevol\/?page_id=6590"},"modified":"2020-03-25T21:03:39","modified_gmt":"2020-03-25T20:03:39","slug":"informacio-covid-19-coronavirus","status":"publish","type":"page","link":"https:\/\/agora.xtec.cat\/escjoanardevol\/informacio-covid-19-coronavirus\/","title":{"rendered":"Informaci\u00f3 COVID-19 (coronavirus)"},"content":{"rendered":"<ul>\n<li><a href=\"http:\/\/canalsalut.gencat.cat\/ca\/inici\/\" target=\"_blank\" rel=\"noopener noreferrer\">Pagina web canalsalut.gencat.cat.<\/a><\/li>\n<li><a href=\"http:\/\/ensenyament.gencat.cat\/ca\/actualitat\/coronavirus\/\" target=\"_blank\" rel=\"noopener noreferrer\">P\u00e0gina web del Departament d&#8217;Educaci\u00f3<\/a> amb informaci\u00f3 sobre el coronavirus.<\/li>\n<li>12\/03\/2020 &#8211; <a href=\"https:\/\/agora.xtec.cat\/escjoanardevol\/wp-content\/uploads\/usu550\/2020\/03\/Carta-FAM\u00cdLIES-ST-TARRAGONA.docx.pdf\" target=\"_blank\" rel=\"noopener noreferrer\">Carta fam\u00edlies<\/a>: tancament de les escoles entre el 13 i el 27 de mar\u00e7 de 2020 (inclosos).<\/li>\n<li><a href=\"https:\/\/agora.xtec.cat\/escjoanardevol\/wp-content\/uploads\/usu550\/2020\/03\/1203MENJADORSUSPENSI\u00d3.pdf\" target=\"_blank\" rel=\"noopener noreferrer\">Comunicat en relaci\u00f3 al servei de menjador<\/a>.<\/li>\n<\/ul>\n<p>L&#8217;equip docent elabora <a href=\"https:\/\/agora.xtec.cat\/escjoanardevol\/propostes-de-treball-a-casa\/\" target=\"_blank\" rel=\"noopener noreferrer\">PROPOSTES DE TREBALL A CASA<\/a> un cop per setmana i les envia a les fam\u00edlies\u00a0 per l&#8217;app de comunicaci\u00f3 interna Dinantia. Els alumnes de 5\u00e8 i 6\u00e8, a m\u00e9s, les reben pel correu electr\u00f2nic corporatiu.<\/p>\n<p>Davant de qualsevol dubte, escriviu des de l&#8217;app o per correu electr\u00f2nic a <a href=\"mailto:direccio@joanardevol.org\">direccio<span class=\"\">@joanardevol.org<\/span><\/a><\/p>\n","protected":false},"excerpt":{"rendered":"<ul>\n<li><a href=\"http:\/\/canalsalut.gencat.cat\/ca\/inici\/\" target=\"_blank\" rel=\"noopener noreferrer\">Pagina web canalsalut.gencat.cat.<\/a><\/li>\n<li><a href=\"http:\/\/ensenyament.gencat.cat\/ca\/actualitat\/coronavirus\/\" target=\"_blank\" rel=\"noopener noreferrer\">P\u00e0gina web del Departament d&#8217;Educaci\u00f3<\/a> amb informaci\u00f3 sobre el coronavirus.<\/li>\n<li>12\/03\/2020 &#8211; <a href=\"https:\/\/agora.xtec.cat\/escjoanardevol\/wp-content\/uploads\/usu550\/2020\/03\/Carta-FAM\u00cdLIES-ST-TARRAGONA.docx.pdf\" target=\"_blank\" rel=\"noopener noreferrer\">Carta fam\u00edlies<\/a>: tancament de les escoles entre el 13 i el 27 de mar\u00e7 de 2020 (inclosos).<\/li>\n<li><a href=\"https:\/\/agora.xtec.cat\/escjoanardevol\/wp-content\/uploads\/usu550\/2020\/03\/1203MENJADORSUSPENSI\u00d3.pdf\" target=\"_blank\" rel=\"noopener&hellip;  <a href=\"https:\/\/agora.xtec.cat\/escjoanardevol\/informacio-covid-19-coronavirus\/\" title=\"Read Informaci\u00f3 COVID-19 (coronavirus)\">Llegeix m\u00e9s\u00bb<\/a><br \/>\n","protected":false},"author":1,"featured_media":0,"parent":0,"menu_order":0,"comment_status":"closed","ping_status":"closed","template":"","meta":{"_bbp_topic_count":0,"_bbp_reply_count":0,"_bbp_total_topic_count":0,"_bbp_total_reply_count":0,"_bbp_voice_count":0,"_bbp_anonymous_reply_count":0,"_bbp_topic_count_hidden":0,"_bbp_reply_count_hidden":0,"_bbp_forum_subforum_count":0,"footnotes":""},"class_list":["post-6590","page","type-page","status-publish","hentry"],"post_mailing_queue_ids":[],"_links":{"self":[{"href":"https:\/\/agora.xtec.cat\/escjoanardevol\/wp-json\/wp\/v2\/pages\/6590","targetHints":{"allow":["GET"]}}],"collection":[{"href":"https:\/\/agora.xtec.cat\/escjoanardevol\/wp-json\/wp\/v2\/pages"}],"about":[{"href":"https:\/\/agora.xtec.cat\/escjoanardevol\/wp-json\/wp\/v2\/types\/page"}],"author":[{"embeddable":true,"href":"https:\/\/agora.xtec.cat\/escjoanardevol\/wp-json\/wp\/v2\/users\/1"}],"replies":[{"embeddable":true,"href":"https:\/\/agora.xtec.cat\/escjoanardevol\/wp-json\/wp\/v2\/comments?post=6590"}],"version-history":[{"count":1,"href":"https:\/\/agora.xtec.cat\/escjoanardevol\/wp-json\/wp\/v2\/pages\/6590\/revisions"}],"predecessor-version":[{"id":6591,"href":"https:\/\/agora.xtec.cat\/escjoanardevol\/wp-json\/wp\/v2\/pages\/6590\/revisions\/6591"}],"wp:attachment":[{"href":"https:\/\/agora.xtec.cat\/escjoanardevol\/wp-json\/wp\/v2\/media?parent=6590"}],"curies":[{"name":"wp","href":"https:\/\/api.w.org\/{rel}","templated":true}]}}

Informació COVID-19 (coronavirus)

<ul>
<li><a href="http://canalsalut.gencat.cat/ca/inici/" target="_blank" rel="noopener noreferrer">Pagina web canalsalut.gencat.cat.</a></li>
<li><a href="http://ensenyament.gencat.cat/ca/actualitat/coronavirus/" target="_blank" rel="noopener noreferrer">Pàgina web del Departament d&#8217;Educació</a> amb informació sobre el coronavirus.</li>
<li>12/03/2020 &#8211; <a href="https://agora.xtec.cat/escjoanardevol/wp-content/uploads/usu550/2020/03/Carta-FAMÍLIES-ST-TARRAGONA.docx.pdf" target="_blank" rel="noopener noreferrer">Carta famílies</a>: tancament de les escoles entre el 13 i el 27 de març de 2020 (inclosos).</li>
<li><a href="https://agora.xtec.cat/escjoanardevol/wp-content/uploads/usu550/2020/03/1203MENJADORSUSPENSIÓ.pdf" target="_blank" rel="noopener noreferrer">Comunicat en relació al servei de menjador</a>.</li>
</ul>
<p>L&#8217;equip docent elabora <a href="https://agora.xtec.cat/escjoanardevol/propostes-de-treball-a-casa/" target="_blank" rel="noopener noreferrer">PROPOSTES DE TREBALL A CASA</a> un cop per setmana i les envia a les famílies  per l&#8217;app de comunicació interna Dinantia. Els alumnes de 5è i 6è, a més, les reben pel correu electrònic corporatiu.</p>
<p>Davant de qualsevol dubte, escriviu des de l&#8217;app o per correu electrònic a <a href="mailto:direccio@joanardevol.org">direccio<span class="">@joanardevol.org</span></a></p>

<ul>
<li><a href="http://canalsalut.gencat.cat/ca/inici/" target="_blank" rel="noopener noreferrer">Pagina web canalsalut.gencat.cat.</a></li>
<li><a href="http://ensenyament.gencat.cat/ca/actualitat/coronavirus/" target="_blank" rel="noopener noreferrer">Pàgina web del Departament d&#8217;Educació</a> amb informació sobre el coronavirus.</li>
<li>12/03/2020 &#8211; <a href="https://agora.xtec.cat/escjoanardevol/wp-content/uploads/usu550/2020/03/Carta-FAMÍLIES-ST-TARRAGONA.docx.pdf" target="_blank" rel="noopener noreferrer">Carta famílies</a>: tancament de les escoles entre el 13 i el 27 de març de 2020 (inclosos).</li>
<li><a href="https://agora.xtec.cat/escjoanardevol/wp-content/uploads/usu550/2020/03/1203MENJADORSUSPENSIÓ.pdf" target="_blank" rel="noopener&hellip;  <a href="https://agora.xtec.cat/escjoanardevol/informacio-covid-19-coronavirus/" title="Read Informació COVID-19 (coronavirus)">Llegeix més»</a><br />
