{"id":6479,"date":"2020-02-27T21:11:00","date_gmt":"2020-02-27T20:11:00","guid":{"rendered":"http:\/\/agora.xtec.cat\/escjoanardevol\/?page_id=6479"},"modified":"2020-03-12T22:31:29","modified_gmt":"2020-03-12T21:31:29","slug":"institut-escola-joan-ardevol","status":"publish","type":"page","link":"https:\/\/agora.xtec.cat\/escjoanardevol\/institut-escola-joan-ardevol\/","title":{"rendered":"Institut Escola Joan Ard\u00e8vol"},"content":{"rendered":"<p>El proper curs 2020-2021 l&#8217;Escola Joan Ard\u00e8vol es transformar\u00e0 en l&#8217;Institut Escola Joan Ard\u00e8vol, que incorporar\u00e0 <strong>dos grups de 1r d&#8217;ESO<\/strong> i que s&#8217;anir\u00e0 ampliant fins el curs 2023-2024, en el que es completar\u00e0 amb 4t d&#8217;ESO.<\/p>\n<p>El proper curs, mentre es construeix l&#8217;<strong>ampliaci\u00f3 del centre<\/strong>, els dos grups de 1r d&#8217;ESO estaran ubicats en espais disponibles a l&#8217;edifici actual.<br \/>\nL&#8217;ampliaci\u00f3 prevista incorporar\u00e0 noves aules, tallers i espais de suport per a l&#8217;alumnat d&#8217;ESO, aix\u00ed com un <strong>nou menjador<\/strong> i una <strong>nova cuina<\/strong> que han de donar servei a tots els alumnes del centre.<\/p>\n<p>Els actuals alumnes que fan 6\u00e8 de prim\u00e0ria no cal que facin cap sol\u00b7licitud de preinscripci\u00f3, com cada any, nom\u00e9s cal que manifestin la continu\u00eftat en el formulari que se&#8217;ls lliurar\u00e0 en el seu moment.<\/p>\n<p>Els alumnes que procedeixin d&#8217;altres centres cal que emplenin un formulari de <strong><a href=\"http:\/\/ensenyament.gencat.cat\/es\/tramits\/tramits-temes\/20483_preinscripcio_escolar?moda=1\" target=\"_blank\" rel=\"noopener noreferrer\">sol\u00b7licitud de preinscripci\u00f3<\/a> per accedir a 1r d&#8217;ESO<\/strong> durant el calendari previst des del 23 de mar\u00e7 a l&#8217;1 d&#8217;abril de 2020 a la secretaria de l&#8217;Institut Escola.<\/p>\n<p>Un Institut Escola \u00e9s una <strong>nova tipologia de centre educatiu<\/strong> que, amb una <strong>voluntat transformadora, de canvi i de millora<\/strong>, vol implementar en totes les etapes educatives metodologies globalitzadores i transdisciplin\u00e0ries i que t\u00e9 molt present els principis de qualitat i equitat.<\/p>\n<p>L&#8217;<strong>horari de classes<\/strong> de l&#8217;Institut Escola respon a una <strong>visi\u00f3 <\/strong><strong>pedag\u00f2gica<\/strong>, amb congru\u00e8ncia entre les tres etapes educatives: Infantil, Prim\u00e0ria i Secund\u00e0ria.<\/p>\n<p>L&#8217;<strong>equip docent<\/strong> de l&#8217;Institut Escola \u00e9s entusiasta amb el projecte educatiu de centre, at\u00e9n a la diversitat de l&#8217;alumnat, treballa coordinadament i t\u00e9 opcions de progressar en diversos projectes de treball. <span style=\"text-decoration: underline;\">Per formar part d&#8217;aquest projecte, cal contactar amb la direcci\u00f3<\/span> per correu electr\u00f2nic <a href=\"mailto:direccio@joanardevol.org\">direccio@joanardevol.org<\/a><\/p>\n<p>&nbsp;<\/p>\n","protected":false},"excerpt":{"rendered":"<p>El proper curs 2020-2021 l&#8217;Escola Joan Ard\u00e8vol es transformar\u00e0 en l&#8217;Institut Escola Joan Ard\u00e8vol, que incorporar\u00e0 dos grups de 1r d&#8217;ESO i que s&#8217;anir\u00e0 ampliant fins el curs 2023-2024, en el que es completar\u00e0 amb 4t d&#8217;ESO.<br \/>\nEl proper curs, mentre es construeix l&#8217;ampliaci\u00f3 del centre,&hellip;  <a href=\"https:\/\/agora.xtec.cat\/escjoanardevol\/institut-escola-joan-ardevol\/\" title=\"Read Institut Escola Joan Ard\u00e8vol\">Llegeix m\u00e9s\u00bb<\/a><\/p>\n","protected":false},"author":1,"featured_media":0,"parent":0,"menu_order":0,"comment_status":"closed","ping_status":"closed","template":"","meta":{"_bbp_topic_count":0,"_bbp_reply_count":0,"_bbp_total_topic_count":0,"_bbp_total_reply_count":0,"_bbp_voice_count":0,"_bbp_anonymous_reply_count":0,"_bbp_topic_count_hidden":0,"_bbp_reply_count_hidden":0,"_bbp_forum_subforum_count":0,"footnotes":""},"class_list":["post-6479","page","type-page","status-publish","hentry"],"post_mailing_queue_ids":[],"_links":{"self":[{"href":"https:\/\/agora.xtec.cat\/escjoanardevol\/wp-json\/wp\/v2\/pages\/6479","targetHints":{"allow":["GET"]}}],"collection":[{"href":"https:\/\/agora.xtec.cat\/escjoanardevol\/wp-json\/wp\/v2\/pages"}],"about":[{"href":"https:\/\/agora.xtec.cat\/escjoanardevol\/wp-json\/wp\/v2\/types\/page"}],"author":[{"embeddable":true,"href":"https:\/\/agora.xtec.cat\/escjoanardevol\/wp-json\/wp\/v2\/users\/1"}],"replies":[{"embeddable":true,"href":"https:\/\/agora.xtec.cat\/escjoanardevol\/wp-json\/wp\/v2\/comments?post=6479"}],"version-history":[{"count":4,"href":"https:\/\/agora.xtec.cat\/escjoanardevol\/wp-json\/wp\/v2\/pages\/6479\/revisions"}],"predecessor-version":[{"id":6540,"href":"https:\/\/agora.xtec.cat\/escjoanardevol\/wp-json\/wp\/v2\/pages\/6479\/revisions\/6540"}],"wp:attachment":[{"href":"https:\/\/agora.xtec.cat\/escjoanardevol\/wp-json\/wp\/v2\/media?parent=6479"}],"curies":[{"name":"wp","href":"https:\/\/api.w.org\/{rel}","templated":true}]}}

Institut Escola Joan Ardèvol

<p>El proper curs 2020-2021 l&#8217;Escola Joan Ardèvol es transformarà en l&#8217;Institut Escola Joan Ardèvol, que incorporarà <strong>dos grups de 1r d&#8217;ESO</strong> i que s&#8217;anirà ampliant fins el curs 2023-2024, en el que es completarà amb 4t d&#8217;ESO.</p>
<p>El proper curs, mentre es construeix l&#8217;<strong>ampliació del centre</strong>, els dos grups de 1r d&#8217;ESO estaran ubicats en espais disponibles a l&#8217;edifici actual.<br />
L&#8217;ampliació prevista incorporarà noves aules, tallers i espais de suport per a l&#8217;alumnat d&#8217;ESO, així com un <strong>nou menjador</strong> i una <strong>nova cuina</strong> que han de donar servei a tots els alumnes del centre.</p>
<p>Els actuals alumnes que fan 6è de primària no cal que facin cap sol·licitud de preinscripció, com cada any, només cal que manifestin la continuïtat en el formulari que se&#8217;ls lliurarà en el seu moment.</p>
<p>Els alumnes que procedeixin d&#8217;altres centres cal que emplenin un formulari de <strong><a href="http://ensenyament.gencat.cat/es/tramits/tramits-temes/20483_preinscripcio_escolar?moda=1" target="_blank" rel="noopener noreferrer">sol·licitud de preinscripció</a> per accedir a 1r d&#8217;ESO</strong> durant el calendari previst des del 23 de març a l&#8217;1 d&#8217;abril de 2020 a la secretaria de l&#8217;Institut Escola.</p>
<p>Un Institut Escola és una <strong>nova tipologia de centre educatiu</strong> que, amb una <strong>voluntat transformadora, de canvi i de millora</strong>, vol implementar en totes les etapes educatives metodologies globalitzadores i transdisciplinàries i que té molt present els principis de qualitat i equitat.</p>
<p>L&#8217;<strong>horari de classes</strong> de l&#8217;Institut Escola respon a una <strong>visió </strong><strong>pedagògica</strong>, amb congruència entre les tres etapes educatives: Infantil, Primària i Secundària.</p>
<p>L&#8217;<strong>equip docent</strong> de l&#8217;Institut Escola és entusiasta amb el projecte educatiu de centre, atén a la diversitat de l&#8217;alumnat, treballa coordinadament i té opcions de progressar en diversos projectes de treball. <span style="text-decoration: underline;">Per formar part d&#8217;aquest projecte, cal contactar amb la direcció</span> per correu electrònic <a href="mailto:direccio@joanardevol.org">direccio@joanardevol.org</a></p>
<p>&nbsp;</p>

<p>El proper curs 2020-2021 l&#8217;Escola Joan Ardèvol es transformarà en l&#8217;Institut Escola Joan Ardèvol, que incorporarà dos grups de 1r d&#8217;ESO i que s&#8217;anirà ampliant fins el curs 2023-2024, en el que es completarà amb 4t d&#8217;ESO.<br />
El proper curs, mentre es construeix l&#8217;ampliació del centre,&hellip;  <a href="https://agora.xtec.cat/escjoanardevol/institut-escola-joan-ardevol/" title="Read Institut Escola Joan Ardèvol">Llegeix més»</a></p>
