{"id":6416,"date":"2020-01-19T19:40:59","date_gmt":"2020-01-19T18:40:59","guid":{"rendered":"http:\/\/agora.xtec.cat\/escjoanardevol\/?page_id=6416"},"modified":"2020-01-19T19:49:29","modified_gmt":"2020-01-19T18:49:29","slug":"tecnologies-digitals","status":"publish","type":"page","link":"https:\/\/agora.xtec.cat\/escjoanardevol\/projectes\/tecnologies-digitals\/","title":{"rendered":"Tecnologies digitals"},"content":{"rendered":"<p>L&#8217;escola Joan Ard\u00e8vol forma part del programa del Departament d&#8217;Educaci\u00f3 de promoci\u00f3 de les Tecnologies Digitals. El Programa Tecnologies Digitals per a l\u2019Aprenentatge consisteix en la <strong>promoci\u00f3 de l\u2019equitat i la qualitat del sistema educatiu <\/strong>reflectida en la <strong>millora de les capacitats i compet\u00e8ncies de l\u2019alumnat <\/strong>participant per mitj\u00e0 diferents \u00e0mbits de participaci\u00f3: la <strong>transformaci\u00f3 digital del centre, les tecnologies m\u00f2bils, la comunicaci\u00f3 digital i la col\u00b7laboraci\u00f3 amb entitats externes.<\/strong><\/p>\n<p><img loading=\"lazy\" decoding=\"async\" class=\"alignnone size-large\" src=\"http:\/\/educacio.gencat.cat\/documents\/img\/Tecnologia_digital_aprenentatge.jpg\" width=\"80\" height=\"80\" \/><\/p>\n<ul>\n<li><a href=\"http:\/\/educacio.gencat.cat\/portal\/page\/portal\/Educacio\/PCentrePrivat\/PCPInici\/PCPInnovacioPedagogica\/TecnologiesDigitalsAprenentatge\" target=\"_blank\" rel=\"noopener noreferrer\">P\u00e0gina web del Departament<\/a>.<\/li>\n<\/ul>\n<p>&nbsp;<\/p>\n<p>&nbsp;<\/p>\n","protected":false},"excerpt":{"rendered":"<p>L&#8217;escola Joan Ard\u00e8vol forma part del programa del Departament d&#8217;Educaci\u00f3 de promoci\u00f3 de les Tecnologies Digitals. El Programa Tecnologies Digitals per a l\u2019Aprenentatge consisteix en la promoci\u00f3 de l\u2019equitat i la qualitat del sistema educatiu reflectida en la millora de les capacitats i compet\u00e8ncies de&hellip;  <a href=\"https:\/\/agora.xtec.cat\/escjoanardevol\/projectes\/tecnologies-digitals\/\" title=\"Read Tecnologies digitals\">Llegeix m\u00e9s\u00bb<\/a><\/p>\n","protected":false},"author":1,"featured_media":0,"parent":3721,"menu_order":0,"comment_status":"closed","ping_status":"closed","template":"page-templates\/side-menu.php","meta":{"_bbp_topic_count":0,"_bbp_reply_count":0,"_bbp_total_topic_count":0,"_bbp_total_reply_count":0,"_bbp_voice_count":0,"_bbp_anonymous_reply_count":0,"_bbp_topic_count_hidden":0,"_bbp_reply_count_hidden":0,"_bbp_forum_subforum_count":0,"footnotes":""},"class_list":["post-6416","page","type-page","status-publish","hentry"],"post_mailing_queue_ids":[],"_links":{"self":[{"href":"https:\/\/agora.xtec.cat\/escjoanardevol\/wp-json\/wp\/v2\/pages\/6416","targetHints":{"allow":["GET"]}}],"collection":[{"href":"https:\/\/agora.xtec.cat\/escjoanardevol\/wp-json\/wp\/v2\/pages"}],"about":[{"href":"https:\/\/agora.xtec.cat\/escjoanardevol\/wp-json\/wp\/v2\/types\/page"}],"author":[{"embeddable":true,"href":"https:\/\/agora.xtec.cat\/escjoanardevol\/wp-json\/wp\/v2\/users\/1"}],"replies":[{"embeddable":true,"href":"https:\/\/agora.xtec.cat\/escjoanardevol\/wp-json\/wp\/v2\/comments?post=6416"}],"version-history":[{"count":2,"href":"https:\/\/agora.xtec.cat\/escjoanardevol\/wp-json\/wp\/v2\/pages\/6416\/revisions"}],"predecessor-version":[{"id":6425,"href":"https:\/\/agora.xtec.cat\/escjoanardevol\/wp-json\/wp\/v2\/pages\/6416\/revisions\/6425"}],"up":[{"embeddable":true,"href":"https:\/\/agora.xtec.cat\/escjoanardevol\/wp-json\/wp\/v2\/pages\/3721"}],"wp:attachment":[{"href":"https:\/\/agora.xtec.cat\/escjoanardevol\/wp-json\/wp\/v2\/media?parent=6416"}],"curies":[{"name":"wp","href":"https:\/\/api.w.org\/{rel}","templated":true}]}}

<p>L&#8217;escola Joan Ardèvol forma part del programa del Departament d&#8217;Educació de promoció de les Tecnologies Digitals. El Programa Tecnologies Digitals per a l’Aprenentatge consisteix en la <strong>promoció de l’equitat i la qualitat del sistema educatiu </strong>reflectida en la <strong>millora de les capacitats i competències de l’alumnat </strong>participant per mitjà diferents àmbits de participació: la <strong>transformació digital del centre, les tecnologies mòbils, la comunicació digital i la col·laboració amb entitats externes.</strong></p>
<p><img loading="lazy" decoding="async" class="alignnone size-large" src="http://educacio.gencat.cat/documents/img/Tecnologia_digital_aprenentatge.jpg" width="80" height="80" /></p>
<ul>
<li><a href="http://educacio.gencat.cat/portal/page/portal/Educacio/PCentrePrivat/PCPInici/PCPInnovacioPedagogica/TecnologiesDigitalsAprenentatge" target="_blank" rel="noopener noreferrer">Pàgina web del Departament</a>.</li>
</ul>
<p>&nbsp;</p>
<p>&nbsp;</p>

<p>L&#8217;escola Joan Ardèvol forma part del programa del Departament d&#8217;Educació de promoció de les Tecnologies Digitals. El Programa Tecnologies Digitals per a l’Aprenentatge consisteix en la promoció de l’equitat i la qualitat del sistema educatiu reflectida en la millora de les capacitats i competències de&hellip;  <a href="https://agora.xtec.cat/escjoanardevol/projectes/tecnologies-digitals/" title="Read Tecnologies digitals">Llegeix més»</a></p>
