{"id":527,"date":"2011-09-22T08:15:08","date_gmt":"2011-09-22T08:15:08","guid":{"rendered":"http:\/\/joanardevol.org\/info\/?page_id=527"},"modified":"2020-01-18T09:38:53","modified_gmt":"2020-01-18T08:38:53","slug":"informacions-i-normativa","status":"publish","type":"page","link":"https:\/\/agora.xtec.cat\/escjoanardevol\/lescola-2\/informacions-i-normativa\/","title":{"rendered":"Informaci\u00f3 general"},"content":{"rendered":"<p>L&#8217;escola Joan Ard\u00e8vol \u00e9s una escola de titularitat p\u00fablica \u00a0que dep\u00e8n del Departament d&#8217;Educaci\u00f3 de la Generalitat de Catalunya.<\/p>\n<p>Codi de centre: 43000731<\/p>\n<p>Escola Joan Ard\u00e8vol<br \/>\nC\/ Joan Ard\u00e8vol, 1<br \/>\n43850 Cambrils<br \/>\nTel\u00e8fon: 977 360 640<br \/>\nCorreu electr\u00f2nic: <a href=\"mailto:escola@joanardevol.cat\">escola@joanardevol.cat<\/a><\/p>\n<p>Horari de direcci\u00f3: A convenir, petici\u00f3 cita pr\u00e8via<br \/>\nHorari de secretaria:<br \/>\n&#8211; dilluns, dimecres i divendres de 9:00 a 11:00<br \/>\n&#8211; dimarts i dijous de 15:00 a 16:00<\/p>\n<p>Tel\u00e8fon AFA: 645 609 256\u202c<br \/>\nCorreu electr\u00f2nic: <a href=\"mailto:afajoanardevol@gmail.com\">afajoanardevol@gmail.com<\/a><\/p>\n","protected":false},"excerpt":{"rendered":"<p>L&#8217;escola Joan Ard\u00e8vol \u00e9s una escola de titularitat p\u00fablica \u00a0que dep\u00e8n del Departament d&#8217;Educaci\u00f3 de la Generalitat de Catalunya.<br \/>\nCodi de centre: 43000731<br \/>\nEscola Joan Ard\u00e8vol<br \/>\nC\/ Joan Ard\u00e8vol, 1<br \/>\n43850 Cambrils<br \/>\nTel\u00e8fon: 977 360 640<br \/>\nCorreu electr\u00f2nic: <a href=\"mailto:escola@joanardevol.cat\">escola@joanardevol.cat<\/a><br \/>\nHorari de direcci\u00f3: A convenir, petici\u00f3 cita pr\u00e8via<br \/>\nHorari de secretaria:<br \/>\n&#8211; dilluns, dimecres&hellip;  <a href=\"https:\/\/agora.xtec.cat\/escjoanardevol\/lescola-2\/informacions-i-normativa\/\" title=\"Read Informaci\u00f3 general\">Llegeix m\u00e9s\u00bb<\/a><\/p>\n","protected":false},"author":1,"featured_media":0,"parent":3717,"menu_order":-5,"comment_status":"closed","ping_status":"open","template":"page-templates\/side-menu.php","meta":{"_bbp_topic_count":0,"_bbp_reply_count":0,"_bbp_total_topic_count":0,"_bbp_total_reply_count":0,"_bbp_voice_count":0,"_bbp_anonymous_reply_count":0,"_bbp_topic_count_hidden":0,"_bbp_reply_count_hidden":0,"_bbp_forum_subforum_count":0,"footnotes":""},"class_list":["post-527","page","type-page","status-publish","hentry"],"post_mailing_queue_ids":[],"_links":{"self":[{"href":"https:\/\/agora.xtec.cat\/escjoanardevol\/wp-json\/wp\/v2\/pages\/527","targetHints":{"allow":["GET"]}}],"collection":[{"href":"https:\/\/agora.xtec.cat\/escjoanardevol\/wp-json\/wp\/v2\/pages"}],"about":[{"href":"https:\/\/agora.xtec.cat\/escjoanardevol\/wp-json\/wp\/v2\/types\/page"}],"author":[{"embeddable":true,"href":"https:\/\/agora.xtec.cat\/escjoanardevol\/wp-json\/wp\/v2\/users\/1"}],"replies":[{"embeddable":true,"href":"https:\/\/agora.xtec.cat\/escjoanardevol\/wp-json\/wp\/v2\/comments?post=527"}],"version-history":[{"count":3,"href":"https:\/\/agora.xtec.cat\/escjoanardevol\/wp-json\/wp\/v2\/pages\/527\/revisions"}],"predecessor-version":[{"id":6407,"href":"https:\/\/agora.xtec.cat\/escjoanardevol\/wp-json\/wp\/v2\/pages\/527\/revisions\/6407"}],"up":[{"embeddable":true,"href":"https:\/\/agora.xtec.cat\/escjoanardevol\/wp-json\/wp\/v2\/pages\/3717"}],"wp:attachment":[{"href":"https:\/\/agora.xtec.cat\/escjoanardevol\/wp-json\/wp\/v2\/media?parent=527"}],"curies":[{"name":"wp","href":"https:\/\/api.w.org\/{rel}","templated":true}]}}

Informació general

<p>L&#8217;escola Joan Ardèvol és una escola de titularitat pública  que depèn del Departament d&#8217;Educació de la Generalitat de Catalunya.</p>
<p>Codi de centre: 43000731</p>
<p>Escola Joan Ardèvol<br />
C/ Joan Ardèvol, 1<br />
43850 Cambrils<br />
Telèfon: 977 360 640<br />
Correu electrònic: <a href="mailto:escola@joanardevol.cat">escola@joanardevol.cat</a></p>
<p>Horari de direcció: A convenir, petició cita prèvia<br />
Horari de secretaria:<br />
&#8211; dilluns, dimecres i divendres de 9:00 a 11:00<br />
&#8211; dimarts i dijous de 15:00 a 16:00</p>
<p>Telèfon AFA: 645 609 256‬<br />
Correu electrònic: <a href="mailto:afajoanardevol@gmail.com">afajoanardevol@gmail.com</a></p>

<p>L&#8217;escola Joan Ardèvol és una escola de titularitat pública  que depèn del Departament d&#8217;Educació de la Generalitat de Catalunya.<br />
Codi de centre: 43000731<br />
Escola Joan Ardèvol<br />
C/ Joan Ardèvol, 1<br />
43850 Cambrils<br />
Telèfon: 977 360 640<br />
Correu electrònic: <a href="mailto:escola@joanardevol.cat">escola@joanardevol.cat</a><br />
Horari de direcció: A convenir, petició cita prèvia<br />
Horari de secretaria:<br />
&#8211; dilluns, dimecres&hellip;  <a href="https://agora.xtec.cat/escjoanardevol/lescola-2/informacions-i-normativa/" title="Read Informació general">Llegeix més»</a></p>
