{"id":523,"date":"2011-09-22T07:37:31","date_gmt":"2011-09-22T07:37:31","guid":{"rendered":"http:\/\/joanardevol.org\/info\/?page_id=523"},"modified":"2020-03-11T12:28:59","modified_gmt":"2020-03-11T11:28:59","slug":"carta-de-compromis-educatiu","status":"publish","type":"page","link":"https:\/\/agora.xtec.cat\/escjoanardevol\/trets-didentitat\/carta-de-compromis-educatiu\/","title":{"rendered":"Carta de comprom\u00eds educatiu"},"content":{"rendered":"<p style=\"text-align: justify;\">La Carta de Comprom\u00eds Educatiu \u00e9s una eina de di\u00e0leg entre les fam\u00edlies de l&#8217;alumnat i els professionals de l&#8217;educaci\u00f3, amb la finalitat d&#8217;afavorir l&#8217;\u00e8xit educatiu. en aquest comprom\u00eds, fam\u00edlia i escola expressen els objectius per assolir un entorn de conviv\u00e8ncia i respecte pel esenvolupamet de les activitats educatives.<\/p>\n<p style=\"text-align: justify;\">Mitjan\u00e7ant la Carta de Comprom\u00eds Educatiu es vol potenciar la participaci\u00f3 de les fam\u00edlies en l&#8217;educaci\u00f3 dels seus fills i filles, ja que l&#8217;educaci\u00f3 \u00e9s el resultat de l&#8217;esfor\u00e7 conjunt de les fam\u00edlies i les escoles.<\/p>\n<p style=\"text-align: justify;\"><a title=\"Carta de Comprom\u00eds de les escoles p\u00fabliques de Cambrils\" href=\"https:\/\/agora.xtec.cat\/escjoanardevol\/wp-content\/uploads\/usu550\/2017\/10\/ardevol_Cambrils_Carta-de-comprom\u00eds-educatiu.pdf\" target=\"_blank\" rel=\"noopener noreferrer\">Carta de Comprom\u00eds Educatiu<\/a><\/p>\n","protected":false},"excerpt":{"rendered":"<p>La Carta de Comprom\u00eds Educatiu \u00e9s una eina de di\u00e0leg entre les fam\u00edlies de l&#8217;alumnat i els professionals de l&#8217;educaci\u00f3, amb la finalitat d&#8217;afavorir l&#8217;\u00e8xit educatiu. en aquest comprom\u00eds, fam\u00edlia i escola expressen els objectius per assolir un entorn de conviv\u00e8ncia i respecte pel esenvolupamet&hellip;  <a href=\"https:\/\/agora.xtec.cat\/escjoanardevol\/trets-didentitat\/carta-de-compromis-educatiu\/\" title=\"Read Carta de comprom\u00eds educatiu\">Llegeix m\u00e9s\u00bb<\/a><\/p>\n","protected":false},"author":1,"featured_media":0,"parent":3718,"menu_order":0,"comment_status":"closed","ping_status":"open","template":"page-templates\/side-menu.php","meta":{"_bbp_topic_count":0,"_bbp_reply_count":0,"_bbp_total_topic_count":0,"_bbp_total_reply_count":0,"_bbp_voice_count":0,"_bbp_anonymous_reply_count":0,"_bbp_topic_count_hidden":0,"_bbp_reply_count_hidden":0,"_bbp_forum_subforum_count":0,"footnotes":""},"class_list":["post-523","page","type-page","status-publish","hentry"],"post_mailing_queue_ids":[],"_links":{"self":[{"href":"https:\/\/agora.xtec.cat\/escjoanardevol\/wp-json\/wp\/v2\/pages\/523","targetHints":{"allow":["GET"]}}],"collection":[{"href":"https:\/\/agora.xtec.cat\/escjoanardevol\/wp-json\/wp\/v2\/pages"}],"about":[{"href":"https:\/\/agora.xtec.cat\/escjoanardevol\/wp-json\/wp\/v2\/types\/page"}],"author":[{"embeddable":true,"href":"https:\/\/agora.xtec.cat\/escjoanardevol\/wp-json\/wp\/v2\/users\/1"}],"replies":[{"embeddable":true,"href":"https:\/\/agora.xtec.cat\/escjoanardevol\/wp-json\/wp\/v2\/comments?post=523"}],"version-history":[{"count":3,"href":"https:\/\/agora.xtec.cat\/escjoanardevol\/wp-json\/wp\/v2\/pages\/523\/revisions"}],"predecessor-version":[{"id":6526,"href":"https:\/\/agora.xtec.cat\/escjoanardevol\/wp-json\/wp\/v2\/pages\/523\/revisions\/6526"}],"up":[{"embeddable":true,"href":"https:\/\/agora.xtec.cat\/escjoanardevol\/wp-json\/wp\/v2\/pages\/3718"}],"wp:attachment":[{"href":"https:\/\/agora.xtec.cat\/escjoanardevol\/wp-json\/wp\/v2\/media?parent=523"}],"curies":[{"name":"wp","href":"https:\/\/api.w.org\/{rel}","templated":true}]}}