{"id":3724,"date":"2010-11-14T16:44:17","date_gmt":"2010-11-14T16:44:17","guid":{"rendered":"http:\/\/joanardevol.org\/info\/?page_id=36"},"modified":"2016-09-04T21:18:36","modified_gmt":"2016-09-04T19:18:36","slug":"projecte-de-llenguues-estrangeres","status":"publish","type":"page","link":"https:\/\/agora.xtec.cat\/escjoanardevol\/projectes\/projecte-de-llenguues-estrangeres\/","title":{"rendered":"Projecte de lleng\u00fces estrangeres"},"content":{"rendered":"<h1 style=\"text-align: justify;\"><\/h1>\n<p style=\"text-align: justify;\"><strong>Objectius<\/strong><\/p>\n<ul>\n<li style=\"text-align: justify;\">Integrar el PELEdins el projecte curricular de centre i que sigui un recurs per a treballar enles \u00e0rees curriculars definides.<\/li>\n<li style=\"text-align: justify;\">Implicar a tota la comunitat educativaen aquest projecte i oferir-los un espai de recerca d\u2019informaci\u00f3.<\/li>\n<li style=\"text-align: justify;\">Disposar d\u2019un espai d\u2019aprenentatge on hi hagi una amplia dotaci\u00f3 de recursos on els alumnes puguin trobar la informaci\u00f3 que necessitin.<\/li>\n<li style=\"text-align: justify;\">Potenciar la millorade les compet\u00e8ncies ling\u00fc\u00edstiques en angl\u00e8s del nostre alulmat .<\/li>\n<li style=\"text-align: justify;\">Educar als nostres alumnes per a qu\u00e8 valorin la necessitat d\u2019aprendre altres lleng\u00fces amb l\u2019objectiu de passar-ho b\u00e9, formar-se i aprendre cont\u00ednuament.<\/li>\n<li style=\"text-align: justify;\">Desenvolupar la nostra l\u00ednia d\u2019escola basada en fer alumnes aut\u00f2noms, solidaris, respectuosos i tolerants.<\/li>\n<li style=\"text-align: justify;\">Formar alumnesexperts i cr\u00edtics en un moment en qu\u00e8 les noves tecnologies incrementen el volum d\u2019informaci\u00f3 a disposici\u00f3 dels ciutadans.<\/li>\n<li style=\"text-align: justify;\">Desenvoluparla lectura i l\u2019 escriptura de textos en angl\u00e8s.<\/li>\n<li style=\"text-align: justify;\">Desenvolupar mitjan\u00e7ant la lectura la seva actitud cr\u00edtica i reflexiva.<\/li>\n<li style=\"text-align: justify;\">Fer una programaci\u00f3 i adequar-la a la realitat del centre.<\/li>\n<li style=\"text-align: justify;\">Donar eines i estrat\u00e8gies als alumnes a l\u2019horade cercar i tractar la informaci\u00f3.<\/li>\n<li style=\"text-align: justify;\">Potenciar l\u2019\u00fas de les TIC en les diferents etapes i \u00e0rees del curr\u00edculum.<\/li>\n<\/ul>\n","protected":false},"excerpt":{"rendered":"<p>Objectius<\/p>\n<ul>\n<li style=\"text-align: justify;\">Integrar el PELEdins el projecte curricular de centre i que sigui un recurs per a treballar enles \u00e0rees curriculars definides.<\/li>\n<li style=\"text-align: justify;\">Implicar a tota la comunitat educativaen aquest projecte i oferir-los un espai de recerca d\u2019informaci\u00f3.<\/li>\n<li style=\"text-align: justify;\">Disposar d\u2019un espai d\u2019aprenentatge on hi&hellip;  <a href=\"https:\/\/agora.xtec.cat\/escjoanardevol\/projectes\/projecte-de-llenguues-estrangeres\/\" title=\"Read Projecte de lleng\u00fces estrangeres\">Llegeix m\u00e9s\u00bb<\/a><br \/>\n","protected":false},"author":1,"featured_media":0,"parent":3721,"menu_order":0,"comment_status":"closed","ping_status":"closed","template":"page-templates\/side-menu.php","meta":{"_bbp_topic_count":0,"_bbp_reply_count":0,"_bbp_total_topic_count":0,"_bbp_total_reply_count":0,"_bbp_voice_count":0,"_bbp_anonymous_reply_count":0,"_bbp_topic_count_hidden":0,"_bbp_reply_count_hidden":0,"_bbp_forum_subforum_count":0,"footnotes":""},"class_list":["post-3724","page","type-page","status-publish","hentry"],"post_mailing_queue_ids":[],"_links":{"self":[{"href":"https:\/\/agora.xtec.cat\/escjoanardevol\/wp-json\/wp\/v2\/pages\/3724","targetHints":{"allow":["GET"]}}],"collection":[{"href":"https:\/\/agora.xtec.cat\/escjoanardevol\/wp-json\/wp\/v2\/pages"}],"about":[{"href":"https:\/\/agora.xtec.cat\/escjoanardevol\/wp-json\/wp\/v2\/types\/page"}],"author":[{"embeddable":true,"href":"https:\/\/agora.xtec.cat\/escjoanardevol\/wp-json\/wp\/v2\/users\/1"}],"replies":[{"embeddable":true,"href":"https:\/\/agora.xtec.cat\/escjoanardevol\/wp-json\/wp\/v2\/comments?post=3724"}],"version-history":[{"count":1,"href":"https:\/\/agora.xtec.cat\/escjoanardevol\/wp-json\/wp\/v2\/pages\/3724\/revisions"}],"predecessor-version":[{"id":3972,"href":"https:\/\/agora.xtec.cat\/escjoanardevol\/wp-json\/wp\/v2\/pages\/3724\/revisions\/3972"}],"up":[{"embeddable":true,"href":"https:\/\/agora.xtec.cat\/escjoanardevol\/wp-json\/wp\/v2\/pages\/3721"}],"wp:attachment":[{"href":"https:\/\/agora.xtec.cat\/escjoanardevol\/wp-json\/wp\/v2\/media?parent=3724"}],"curies":[{"name":"wp","href":"https:\/\/api.w.org\/{rel}","templated":true}]}}

Projecte de llengües estrangeres

<h1 style="text-align: justify;"></h1>
<p style="text-align: justify;"><strong>Objectius</strong></p>
<ul>
<li style="text-align: justify;">Integrar el PELEdins el projecte curricular de centre i que sigui un recurs per a treballar enles àrees curriculars definides.</li>
<li style="text-align: justify;">Implicar a tota la comunitat educativaen aquest projecte i oferir-los un espai de recerca d’informació.</li>
<li style="text-align: justify;">Disposar d’un espai d’aprenentatge on hi hagi una amplia dotació de recursos on els alumnes puguin trobar la informació que necessitin.</li>
<li style="text-align: justify;">Potenciar la millorade les competències lingüístiques en anglès del nostre alulmat .</li>
<li style="text-align: justify;">Educar als nostres alumnes per a què valorin la necessitat d’aprendre altres llengües amb l’objectiu de passar-ho bé, formar-se i aprendre contínuament.</li>
<li style="text-align: justify;">Desenvolupar la nostra línia d’escola basada en fer alumnes autònoms, solidaris, respectuosos i tolerants.</li>
<li style="text-align: justify;">Formar alumnesexperts i crítics en un moment en què les noves tecnologies incrementen el volum d’informació a disposició dels ciutadans.</li>
<li style="text-align: justify;">Desenvoluparla lectura i l’ escriptura de textos en anglès.</li>
<li style="text-align: justify;">Desenvolupar mitjançant la lectura la seva actitud crítica i reflexiva.</li>
<li style="text-align: justify;">Fer una programació i adequar-la a la realitat del centre.</li>
<li style="text-align: justify;">Donar eines i estratègies als alumnes a l’horade cercar i tractar la informació.</li>
<li style="text-align: justify;">Potenciar l’ús de les TIC en les diferents etapes i àrees del currículum.</li>
</ul>

<p>Objectius</p>
<ul>
<li style="text-align: justify;">Integrar el PELEdins el projecte curricular de centre i que sigui un recurs per a treballar enles àrees curriculars definides.</li>
<li style="text-align: justify;">Implicar a tota la comunitat educativaen aquest projecte i oferir-los un espai de recerca d’informació.</li>
<li style="text-align: justify;">Disposar d’un espai d’aprenentatge on hi&hellip;  <a href="https://agora.xtec.cat/escjoanardevol/projectes/projecte-de-llenguues-estrangeres/" title="Read Projecte de llengües estrangeres">Llegeix més»</a><br />
