{"id":3723,"date":"2010-11-14T16:43:11","date_gmt":"2010-11-14T16:43:11","guid":{"rendered":"http:\/\/joanardevol.org\/info\/?page_id=34"},"modified":"2016-09-04T21:18:36","modified_gmt":"2016-09-04T19:18:36","slug":"projecte-de-biblioteca","status":"publish","type":"page","link":"https:\/\/agora.xtec.cat\/escjoanardevol\/projectes\/projecte-de-biblioteca\/","title":{"rendered":"Projecte de biblioteca"},"content":{"rendered":"<h1 style=\"text-align: justify;\"><\/h1>\n<h1 style=\"text-align: justify;\">Objectius<\/h1>\n<ul>\n<li style=\"text-align: justify;\">Integrar el \u201cpuntedu\u201d dins el projecte curricular de centre i que sigui un recurs per a treballar en totes les \u00e0rees curriculars.<\/li>\n<li style=\"text-align: justify;\">Implicar a tota la comunitat educativa en aquest projecte i oferir-los un espai de consulta i recerca d\u2019informaci\u00f3.<\/li>\n<li style=\"text-align: justify;\">Disposar d\u2019un espai d\u2019aprenentatge on hi hagi una amplia dotaci\u00f3 de recursos on els alumnes puguin trobar la informaci\u00f3 que necessitin.<\/li>\n<li style=\"text-align: justify;\">Educar als nostres alumnes per a qu\u00e8 siguin tota la vida usuaris de biblioteca amb l\u2019objectiu de passar-ho b\u00e9, informar-se i aprendre cont\u00ednuament.<\/li>\n<li style=\"text-align: justify;\">Desenvolupar la nostra l\u00ednia d\u2019escola basada en fer alumnes aut\u00f2noms, solidaris, respectuosos i tolerants.<\/li>\n<li style=\"text-align: justify;\">Formar alumnes experts i cr\u00edtics en un moment en qu\u00e8 les noves tecnologies incrementen el volum d\u2019informaci\u00f3 a disposici\u00f3 dels ciutadans.<\/li>\n<li style=\"text-align: justify;\">Desenvolupar mitjan\u00e7ant la biblioteca escolar la lectura i l\u2019 escriptura.<\/li>\n<li style=\"text-align: justify;\">Desenvolupar mitjan\u00e7ant la lectura la seva actitud cr\u00edtica i reflexiva.<\/li>\n<li style=\"text-align: justify;\">Fer una programaci\u00f3 de biblioteca i adequar-la a la realitat del centre.<\/li>\n<li style=\"text-align: justify;\">Sistematitzar el funcionament de la biblioteca.<\/li>\n<li style=\"text-align: justify;\">Donar eines i estrat\u00e8gies als alumnes a l\u2019hora de cercar i tractar la informaci\u00f3.<\/li>\n<li style=\"text-align: justify;\">Oferir la biblioteca com a espai de lliure acc\u00e9s en horari lectiu i no lectiu.<\/li>\n<li style=\"text-align: justify;\">Coordinar la relaci\u00f3 amb la biblioteca p\u00fablica, altres escoles i institucions.<\/li>\n<li style=\"text-align: justify;\">Apropar els infants al m\u00f3n del contes i les narracions orals.<\/li>\n<li style=\"text-align: justify;\">Potenciar l\u2019\u00fas de les TIC en les diferents etapes i \u00e0rees del curr\u00edculum.<\/li>\n<\/ul>\n","protected":false},"excerpt":{"rendered":"<p>Objectius<\/p>\n<ul>\n<li style=\"text-align: justify;\">Integrar el \u201cpuntedu\u201d dins el projecte curricular de centre i que sigui un recurs per a treballar en totes les \u00e0rees curriculars.<\/li>\n<li style=\"text-align: justify;\">Implicar a tota la comunitat educativa en aquest projecte i oferir-los un espai de consulta i recerca d\u2019informaci\u00f3.<\/li>\n<li style=\"text-align: justify;\">Disposar&hellip;  <a href=\"https:\/\/agora.xtec.cat\/escjoanardevol\/projectes\/projecte-de-biblioteca\/\" title=\"Read Projecte de biblioteca\">Llegeix m\u00e9s\u00bb<\/a><br \/>\n","protected":false},"author":1,"featured_media":0,"parent":3721,"menu_order":0,"comment_status":"closed","ping_status":"closed","template":"page-templates\/side-menu.php","meta":{"_bbp_topic_count":0,"_bbp_reply_count":0,"_bbp_total_topic_count":0,"_bbp_total_reply_count":0,"_bbp_voice_count":0,"_bbp_anonymous_reply_count":0,"_bbp_topic_count_hidden":0,"_bbp_reply_count_hidden":0,"_bbp_forum_subforum_count":0,"footnotes":""},"class_list":["post-3723","page","type-page","status-publish","hentry"],"post_mailing_queue_ids":[],"_links":{"self":[{"href":"https:\/\/agora.xtec.cat\/escjoanardevol\/wp-json\/wp\/v2\/pages\/3723","targetHints":{"allow":["GET"]}}],"collection":[{"href":"https:\/\/agora.xtec.cat\/escjoanardevol\/wp-json\/wp\/v2\/pages"}],"about":[{"href":"https:\/\/agora.xtec.cat\/escjoanardevol\/wp-json\/wp\/v2\/types\/page"}],"author":[{"embeddable":true,"href":"https:\/\/agora.xtec.cat\/escjoanardevol\/wp-json\/wp\/v2\/users\/1"}],"replies":[{"embeddable":true,"href":"https:\/\/agora.xtec.cat\/escjoanardevol\/wp-json\/wp\/v2\/comments?post=3723"}],"version-history":[{"count":1,"href":"https:\/\/agora.xtec.cat\/escjoanardevol\/wp-json\/wp\/v2\/pages\/3723\/revisions"}],"predecessor-version":[{"id":3970,"href":"https:\/\/agora.xtec.cat\/escjoanardevol\/wp-json\/wp\/v2\/pages\/3723\/revisions\/3970"}],"up":[{"embeddable":true,"href":"https:\/\/agora.xtec.cat\/escjoanardevol\/wp-json\/wp\/v2\/pages\/3721"}],"wp:attachment":[{"href":"https:\/\/agora.xtec.cat\/escjoanardevol\/wp-json\/wp\/v2\/media?parent=3723"}],"curies":[{"name":"wp","href":"https:\/\/api.w.org\/{rel}","templated":true}]}}

<h1 style="text-align: justify;"></h1>
<h1 style="text-align: justify;">Objectius</h1>
<ul>
<li style="text-align: justify;">Integrar el “puntedu” dins el projecte curricular de centre i que sigui un recurs per a treballar en totes les àrees curriculars.</li>
<li style="text-align: justify;">Implicar a tota la comunitat educativa en aquest projecte i oferir-los un espai de consulta i recerca d’informació.</li>
<li style="text-align: justify;">Disposar d’un espai d’aprenentatge on hi hagi una amplia dotació de recursos on els alumnes puguin trobar la informació que necessitin.</li>
<li style="text-align: justify;">Educar als nostres alumnes per a què siguin tota la vida usuaris de biblioteca amb l’objectiu de passar-ho bé, informar-se i aprendre contínuament.</li>
<li style="text-align: justify;">Desenvolupar la nostra línia d’escola basada en fer alumnes autònoms, solidaris, respectuosos i tolerants.</li>
<li style="text-align: justify;">Formar alumnes experts i crítics en un moment en què les noves tecnologies incrementen el volum d’informació a disposició dels ciutadans.</li>
<li style="text-align: justify;">Desenvolupar mitjançant la biblioteca escolar la lectura i l’ escriptura.</li>
<li style="text-align: justify;">Desenvolupar mitjançant la lectura la seva actitud crítica i reflexiva.</li>
<li style="text-align: justify;">Fer una programació de biblioteca i adequar-la a la realitat del centre.</li>
<li style="text-align: justify;">Sistematitzar el funcionament de la biblioteca.</li>
<li style="text-align: justify;">Donar eines i estratègies als alumnes a l’hora de cercar i tractar la informació.</li>
<li style="text-align: justify;">Oferir la biblioteca com a espai de lliure accés en horari lectiu i no lectiu.</li>
<li style="text-align: justify;">Coordinar la relació amb la biblioteca pública, altres escoles i institucions.</li>
<li style="text-align: justify;">Apropar els infants al món del contes i les narracions orals.</li>
<li style="text-align: justify;">Potenciar l’ús de les TIC en les diferents etapes i àrees del currículum.</li>
</ul>

<p>Objectius</p>
<ul>
<li style="text-align: justify;">Integrar el “puntedu” dins el projecte curricular de centre i que sigui un recurs per a treballar en totes les àrees curriculars.</li>
<li style="text-align: justify;">Implicar a tota la comunitat educativa en aquest projecte i oferir-los un espai de consulta i recerca d’informació.</li>
<li style="text-align: justify;">Disposar&hellip;  <a href="https://agora.xtec.cat/escjoanardevol/projectes/projecte-de-biblioteca/" title="Read Projecte de biblioteca">Llegeix més»</a><br />
