{"id":3722,"date":"2010-11-14T16:42:38","date_gmt":"2010-11-14T16:42:38","guid":{"rendered":"http:\/\/joanardevol.org\/info\/?page_id=32"},"modified":"2016-09-04T21:18:36","modified_gmt":"2016-09-04T19:18:36","slug":"projecte-de-convivencia","status":"publish","type":"page","link":"https:\/\/agora.xtec.cat\/escjoanardevol\/projectes\/projecte-de-convivencia\/","title":{"rendered":"Projecte de conviv\u00e8ncia"},"content":{"rendered":"<h1 style=\"text-align: justify;\"><\/h1>\n<h1 style=\"text-align: justify;\">Objectius<\/h1>\n<ul style=\"text-align: justify;\">\n<li>Millorar la conviv\u00e8ncia a trav\u00e9s de:\n<ul>\n<li>L\u2019educaci\u00f3 emocional.<\/li>\n<li>La mediaci\u00f3 en la resoluci\u00f3 de conflictes: prevenci\u00f3, tractament i transformaci\u00f3 del conflicte.<\/li>\n<li>La valoraci\u00f3 de la interculturalitat com un fet real i enriquidor.<\/li>\n<\/ul>\n<\/li>\n<li>Desenvolupar estrat\u00e8gies i t\u00e8cniques per afrontar els conflictes en el context educatiu.<\/li>\n<li>Implicar a tota la comunitat educativa en el inter\u00e8s per una nova manera de gestionar el conflicte.<\/li>\n<\/ul>\n<h1 style=\"text-align: justify;\">Estrat\u00e8gies<\/h1>\n<ul>\n<li style=\"text-align: justify;\">Aprendre a identificar, expressar i regular les emocions (pr\u00f2pies i alienes).<\/li>\n<li style=\"text-align: justify;\">Desenvolupar habilitats per prevenir els efectes de les emocions negatives i generar-ne de positives.<\/li>\n<li style=\"text-align: justify;\">Millorar la capacitat d\u2019aprenentatge i de relaci\u00f3 interpersonal.<\/li>\n<li style=\"text-align: justify;\">Propiciar el di\u00e0leg com a valor i com a eina.<\/li>\n<li style=\"text-align: justify;\">Desenvolupar habilitats que ajudin a millorar la comunicaci\u00f3 entre les persones i, per tant, a afrontar els conflictes d\u2019una manera positiva.<\/li>\n<li style=\"text-align: justify;\">Potenciar contextos cooperatius en les relacions interpersonals. Jo guanyo \/ tu guanyes, davant a posicions alternatives del tipus: \u201cJo guanyo\/ tu perds\u201d, de manera que quedi patent que l\u2019obtenci\u00f3 dels interessos propis no comporta que els altres no aconsegueixin els seus.<\/li>\n<li style=\"text-align: justify;\">Desenvolupar habilitats d\u2019autorregulaci\u00f3 i autocontrol, com element clau per afavorir en els individus la presa de decisions de forma aut\u00f2noma i ajustada a l\u2019entorn social on viuen, el que contribueix a una millor integraci\u00f3 i al desenvolupament de l\u2019autoestima.<\/li>\n<li style=\"text-align: justify;\">Convertir les situacions conflictives que es viuen di\u00e0riament dins de l\u2019aula en oportunitats per aprendre.<\/li>\n<\/ul>\n","protected":false},"excerpt":{"rendered":"<p>Objectius<\/p>\n<ul style=\"text-align: justify;\">\n<li>Millorar la conviv\u00e8ncia a trav\u00e9s de:\n<ul>\n<li>L\u2019educaci\u00f3 emocional.<\/li>\n<li>La mediaci\u00f3 en la resoluci\u00f3 de conflictes: prevenci\u00f3, tractament i transformaci\u00f3 del conflicte.<\/li>\n<li>La valoraci\u00f3 de la interculturalitat com un fet real i enriquidor.<\/li>\n<\/ul>\n<\/li>\n<li>Desenvolupar estrat\u00e8gies i t\u00e8cniques per afrontar els conflictes en el context educatiu.<\/li>\n<li>Implicar a tota la&hellip;  <a href=\"https:\/\/agora.xtec.cat\/escjoanardevol\/projectes\/projecte-de-convivencia\/\" title=\"Read Projecte de conviv\u00e8ncia\">Llegeix m\u00e9s\u00bb<\/a><br \/>\n","protected":false},"author":1,"featured_media":0,"parent":3721,"menu_order":0,"comment_status":"closed","ping_status":"closed","template":"page-templates\/side-menu.php","meta":{"_bbp_topic_count":0,"_bbp_reply_count":0,"_bbp_total_topic_count":0,"_bbp_total_reply_count":0,"_bbp_voice_count":0,"_bbp_anonymous_reply_count":0,"_bbp_topic_count_hidden":0,"_bbp_reply_count_hidden":0,"_bbp_forum_subforum_count":0,"footnotes":""},"class_list":["post-3722","page","type-page","status-publish","hentry"],"post_mailing_queue_ids":[],"_links":{"self":[{"href":"https:\/\/agora.xtec.cat\/escjoanardevol\/wp-json\/wp\/v2\/pages\/3722","targetHints":{"allow":["GET"]}}],"collection":[{"href":"https:\/\/agora.xtec.cat\/escjoanardevol\/wp-json\/wp\/v2\/pages"}],"about":[{"href":"https:\/\/agora.xtec.cat\/escjoanardevol\/wp-json\/wp\/v2\/types\/page"}],"author":[{"embeddable":true,"href":"https:\/\/agora.xtec.cat\/escjoanardevol\/wp-json\/wp\/v2\/users\/1"}],"replies":[{"embeddable":true,"href":"https:\/\/agora.xtec.cat\/escjoanardevol\/wp-json\/wp\/v2\/comments?post=3722"}],"version-history":[{"count":1,"href":"https:\/\/agora.xtec.cat\/escjoanardevol\/wp-json\/wp\/v2\/pages\/3722\/revisions"}],"predecessor-version":[{"id":3971,"href":"https:\/\/agora.xtec.cat\/escjoanardevol\/wp-json\/wp\/v2\/pages\/3722\/revisions\/3971"}],"up":[{"embeddable":true,"href":"https:\/\/agora.xtec.cat\/escjoanardevol\/wp-json\/wp\/v2\/pages\/3721"}],"wp:attachment":[{"href":"https:\/\/agora.xtec.cat\/escjoanardevol\/wp-json\/wp\/v2\/media?parent=3722"}],"curies":[{"name":"wp","href":"https:\/\/api.w.org\/{rel}","templated":true}]}}