{"id":3717,"date":"2010-11-14T16:37:10","date_gmt":"2010-11-14T16:37:10","guid":{"rendered":"http:\/\/joanardevol.org\/info\/?page_id=18"},"modified":"2016-09-04T21:36:22","modified_gmt":"2016-09-04T19:36:22","slug":"lescola-2","status":"publish","type":"page","link":"https:\/\/agora.xtec.cat\/escjoanardevol\/lescola-2\/","title":{"rendered":"L&#8217;escola"},"content":{"rendered":"<p><a href=\"http:\/\/agora.xtec.cat\/escjoanardevol\/wp-content\/uploads\/usu550\/2010\/11\/joanardevolext.jpg\"><img loading=\"lazy\" decoding=\"async\" class=\"alignright wp-image-3278 size-medium\" src=\"http:\/\/agora.xtec.cat\/escjoanardevol\/wp-content\/uploads\/usu550\/2010\/11\/joanardevolext-300x225.jpg\" alt=\"joanardevolext\" width=\"300\" height=\"225\" srcset=\"https:\/\/agora.xtec.cat\/escjoanardevol\/wp-content\/uploads\/usu550\/2010\/11\/joanardevolext-300x225.jpg 300w, https:\/\/agora.xtec.cat\/escjoanardevol\/wp-content\/uploads\/usu550\/2010\/11\/joanardevolext-768x576.jpg 768w, https:\/\/agora.xtec.cat\/escjoanardevol\/wp-content\/uploads\/usu550\/2010\/11\/joanardevolext-200x150.jpg 200w, https:\/\/agora.xtec.cat\/escjoanardevol\/wp-content\/uploads\/usu550\/2010\/11\/joanardevolext.jpg 960w\" sizes=\"auto, (max-width: 300px) 100vw, 300px\" \/><\/a>La nostra escola \u00e9s respectuosa amb el pluralisme ideol\u00f2gic: respectem la llibertat religiosa i la diversitat d\u2019opinions.<br \/>\nApropem els nens i nenes al nostre context sociocultural promovent activitats relacionades amb l\u2019entorn a fi d\u2019aconseguir una integraci\u00f3 respectuosa amb la comunitat.<br \/>\nEl projecte educatiu de la nostra escola es fonamenta en els valors d\u2019una societat democr\u00e0tica, de solidaritat, de conviv\u00e8ncia i de respecte als drets i deures de tots els membres de la nostra comunitat.<br \/>\nEns definim com escola catalana: Potenciem l\u2019\u00fas del catal\u00e0 dins l\u2019\u00e0mbit escolar respectant les normes vigents sobre l\u2019ensenyament del castell\u00e0.<br \/>\nAfavorim la llibertat i la diversitat cultural per tal de dur a terme una tasca socialitzadora i d\u2019integraci\u00f3 personal.<br \/>\nTreballem en la superaci\u00f3 i diferenciaci\u00f3 de rols donant igualtat d\u2019oportunitats als alumnes independentment del seu sexe.<br \/>\nPrioritzem l&#8217;aplicaci\u00f3 de les tecnologies de la informaci\u00f3 i de la comunicaci\u00f3 com a recurs per aconseguir els aprenentatges b\u00e0sics dels alumnes, integrant aquesta tecnologia en el desplegament dels continguts de les diferents \u00e0rees instrumentals.<\/p>\n<div><\/div>\n<div><\/div>\n<div><\/div>\n<div>\n<table width=\"790\" cellspacing=\"10\" cellpadding=\"10\" align=\"center\">\n<tbody>\n<tr>\n<td align=\"right\" valign=\"top\">EDUCACI\u00d3 INFANTIL<\/td>\n<td valign=\"top\">EDUCACI\u00d3 PRIM\u00c0RIA<\/td>\n<\/tr>\n<tr>\n<td align=\"right\" valign=\"top\">\n<div>Aquesta etapa t\u00e9 com a finalitat proporcionar als infants m\u00e9s petits aquelles situacions educatives que els permetin el progressiu descobriment i creixement personal; la possibilitat de relacionar-se amb els altres, per mitj\u00e0 dels diferents llenguatges d&#8217;expressi\u00f3 i comunicaci\u00f3; l&#8217;observaci\u00f3 i descoberta del seu entorn m\u00e9s proper i l&#8217;adquisici\u00f3 de valors, h\u00e0bits i pautes de conducta que afavoreixin la seva autonomia personal i la seva integraci\u00f3 a la societat.<\/div>\n<\/td>\n<td valign=\"top\">\n<div>Les finalitats de l&#8217;Educaci\u00f3 Prim\u00e0ria s\u00f3n les de proporcionar a tots els alumnes una formaci\u00f3 comuna que faci possible el desenvolupament de les capacitats individuals motrius, d&#8217;equilibri personal i de relaci\u00f3 amb l\u2019adquisici\u00f3 d\u2019aprenentatges relatius als \u00e0mbits ling\u00fc\u00edstic, matem\u00e0tic, f\u00edsic i social per a assolir els elements b\u00e0sics culturals que li proporcionin maduresa i autonomia com a persona aix\u00ed com capacitat de conviv\u00e8ncia social.<\/div>\n<\/td>\n<\/tr>\n<\/tbody>\n<\/table>\n<\/div>\n<div>\n<table width=\"50%\" align=\"center\">\n<tbody>\n<tr>\n<td rowspan=\"16\"><strong>serveis i espais<\/strong><\/td>\n<td>aula de m\u00fasica<\/td>\n<\/tr>\n<tr>\n<td>idioma angl\u00e8s<\/td>\n<\/tr>\n<tr>\n<td>biblioteca<\/td>\n<\/tr>\n<tr>\n<td>pista poliesportiva<\/td>\n<\/tr>\n<tr>\n<td>pavell\u00f3 cobert<\/td>\n<\/tr>\n<tr>\n<td>sala de psicomotricitat<\/td>\n<\/tr>\n<tr>\n<td>Equip d\u2019Assessorament Psicopedag\u00f2gic<\/td>\n<\/tr>\n<tr>\n<td>aules de suport<\/td>\n<\/tr>\n<tr>\n<td>educaci\u00f3 especial<\/td>\n<\/tr>\n<tr>\n<td>atencions individualitzades<\/td>\n<\/tr>\n<tr>\n<td>agrupaments flexibles<\/td>\n<\/tr>\n<tr>\n<td>aula d\u2019ordinadors<\/td>\n<\/tr>\n<tr>\n<td>ordinadors a les aules<\/td>\n<\/tr>\n<tr>\n<td>sala de v\u00eddeo<\/td>\n<\/tr>\n<tr>\n<td>pissarres digitals interactives<\/td>\n<\/tr>\n<tr>\n<td>tauletes<\/td>\n<\/tr>\n<tr>\n<td rowspan=\"3\"><strong>AMPA<\/strong><\/td>\n<td>Col\u00b7laboraci\u00f3 i suport en les activitats del centre<\/td>\n<\/tr>\n<tr>\n<td>Activitats extraescolars<br \/>\nesports, teatre, dibuix, escacs, etc.<\/td>\n<\/tr>\n<tr>\n<td>Gesti\u00f3 del menjador escolar<\/td>\n<\/tr>\n<\/tbody>\n<\/table>\n<\/div>\n","protected":false},"excerpt":{"rendered":"<p><a href=\"http:\/\/agora.xtec.cat\/escjoanardevol\/wp-content\/uploads\/usu550\/2010\/11\/joanardevolext.jpg\"><\/a>La nostra escola \u00e9s respectuosa amb el pluralisme ideol\u00f2gic: respectem la llibertat religiosa i la diversitat d\u2019opinions.<br \/>\nApropem els nens i nenes al nostre context sociocultural promovent activitats relacionades amb l\u2019entorn a fi d\u2019aconseguir una integraci\u00f3 respectuosa amb la comunitat.<br \/>\nEl projecte educatiu de la nostra&hellip;  <a href=\"https:\/\/agora.xtec.cat\/escjoanardevol\/lescola-2\/\" title=\"Read L&#8217;escola\">Llegeix m\u00e9s\u00bb<\/a><\/p>\n","protected":false},"author":1,"featured_media":0,"parent":0,"menu_order":0,"comment_status":"closed","ping_status":"closed","template":"page-templates\/side-menu.php","meta":{"_bbp_topic_count":0,"_bbp_reply_count":0,"_bbp_total_topic_count":0,"_bbp_total_reply_count":0,"_bbp_voice_count":0,"_bbp_anonymous_reply_count":0,"_bbp_topic_count_hidden":0,"_bbp_reply_count_hidden":0,"_bbp_forum_subforum_count":0,"footnotes":""},"class_list":["post-3717","page","type-page","status-publish","hentry"],"post_mailing_queue_ids":[],"_links":{"self":[{"href":"https:\/\/agora.xtec.cat\/escjoanardevol\/wp-json\/wp\/v2\/pages\/3717","targetHints":{"allow":["GET"]}}],"collection":[{"href":"https:\/\/agora.xtec.cat\/escjoanardevol\/wp-json\/wp\/v2\/pages"}],"about":[{"href":"https:\/\/agora.xtec.cat\/escjoanardevol\/wp-json\/wp\/v2\/types\/page"}],"author":[{"embeddable":true,"href":"https:\/\/agora.xtec.cat\/escjoanardevol\/wp-json\/wp\/v2\/users\/1"}],"replies":[{"embeddable":true,"href":"https:\/\/agora.xtec.cat\/escjoanardevol\/wp-json\/wp\/v2\/comments?post=3717"}],"version-history":[{"count":3,"href":"https:\/\/agora.xtec.cat\/escjoanardevol\/wp-json\/wp\/v2\/pages\/3717\/revisions"}],"predecessor-version":[{"id":4018,"href":"https:\/\/agora.xtec.cat\/escjoanardevol\/wp-json\/wp\/v2\/pages\/3717\/revisions\/4018"}],"wp:attachment":[{"href":"https:\/\/agora.xtec.cat\/escjoanardevol\/wp-json\/wp\/v2\/media?parent=3717"}],"curies":[{"name":"wp","href":"https:\/\/api.w.org\/{rel}","templated":true}]}}

<p><a href="http://agora.xtec.cat/escjoanardevol/wp-content/uploads/usu550/2010/11/joanardevolext.jpg"><img loading="lazy" decoding="async" class="alignright wp-image-3278 size-medium" src="http://agora.xtec.cat/escjoanardevol/wp-content/uploads/usu550/2010/11/joanardevolext-300x225.jpg" alt="joanardevolext" width="300" height="225" srcset="https://agora.xtec.cat/escjoanardevol/wp-content/uploads/usu550/2010/11/joanardevolext-300x225.jpg 300w, https://agora.xtec.cat/escjoanardevol/wp-content/uploads/usu550/2010/11/joanardevolext-768x576.jpg 768w, https://agora.xtec.cat/escjoanardevol/wp-content/uploads/usu550/2010/11/joanardevolext-200x150.jpg 200w, https://agora.xtec.cat/escjoanardevol/wp-content/uploads/usu550/2010/11/joanardevolext.jpg 960w" sizes="auto, (max-width: 300px) 100vw, 300px" /></a>La nostra escola és respectuosa amb el pluralisme ideològic: respectem la llibertat religiosa i la diversitat d’opinions.<br />
Apropem els nens i nenes al nostre context sociocultural promovent activitats relacionades amb l’entorn a fi d’aconseguir una integració respectuosa amb la comunitat.<br />
El projecte educatiu de la nostra escola es fonamenta en els valors d’una societat democràtica, de solidaritat, de convivència i de respecte als drets i deures de tots els membres de la nostra comunitat.<br />
Ens definim com escola catalana: Potenciem l’ús del català dins l’àmbit escolar respectant les normes vigents sobre l’ensenyament del castellà.<br />
Afavorim la llibertat i la diversitat cultural per tal de dur a terme una tasca socialitzadora i d’integració personal.<br />
Treballem en la superació i diferenciació de rols donant igualtat d’oportunitats als alumnes independentment del seu sexe.<br />
Prioritzem l&#8217;aplicació de les tecnologies de la informació i de la comunicació com a recurs per aconseguir els aprenentatges bàsics dels alumnes, integrant aquesta tecnologia en el desplegament dels continguts de les diferents àrees instrumentals.</p>
<div></div>
<div></div>
<div></div>
<div>
<table width="790" cellspacing="10" cellpadding="10" align="center">
<tbody>
<tr>
<td align="right" valign="top">EDUCACIÓ INFANTIL</td>
<td valign="top">EDUCACIÓ PRIMÀRIA</td>
</tr>
<tr>
<td align="right" valign="top">
<div>Aquesta etapa té com a finalitat proporcionar als infants més petits aquelles situacions educatives que els permetin el progressiu descobriment i creixement personal; la possibilitat de relacionar-se amb els altres, per mitjà dels diferents llenguatges d&#8217;expressió i comunicació; l&#8217;observació i descoberta del seu entorn més proper i l&#8217;adquisició de valors, hàbits i pautes de conducta que afavoreixin la seva autonomia personal i la seva integració a la societat.</div>
</td>
<td valign="top">
<div>Les finalitats de l&#8217;Educació Primària són les de proporcionar a tots els alumnes una formació comuna que faci possible el desenvolupament de les capacitats individuals motrius, d&#8217;equilibri personal i de relació amb l’adquisició d’aprenentatges relatius als àmbits lingüístic, matemàtic, físic i social per a assolir els elements bàsics culturals que li proporcionin maduresa i autonomia com a persona així com capacitat de convivència social.</div>
</td>
</tr>
</tbody>
</table>
</div>
<div>
<table width="50%" align="center">
<tbody>
<tr>
<td rowspan="16"><strong>serveis i espais</strong></td>
<td>aula de música</td>
</tr>
<tr>
<td>idioma anglès</td>
</tr>
<tr>
<td>biblioteca</td>
</tr>
<tr>
<td>pista poliesportiva</td>
</tr>
<tr>
<td>pavelló cobert</td>
</tr>
<tr>
<td>sala de psicomotricitat</td>
</tr>
<tr>
<td>Equip d’Assessorament Psicopedagògic</td>
</tr>
<tr>
<td>aules de suport</td>
</tr>
<tr>
<td>educació especial</td>
</tr>
<tr>
<td>atencions individualitzades</td>
</tr>
<tr>
<td>agrupaments flexibles</td>
</tr>
<tr>
<td>aula d’ordinadors</td>
</tr>
<tr>
<td>ordinadors a les aules</td>
</tr>
<tr>
<td>sala de vídeo</td>
</tr>
<tr>
<td>pissarres digitals interactives</td>
</tr>
<tr>
<td>tauletes</td>
</tr>
<tr>
<td rowspan="3"><strong>AMPA</strong></td>
<td>Col·laboració i suport en les activitats del centre</td>
</tr>
<tr>
<td>Activitats extraescolars<br />
esports, teatre, dibuix, escacs, etc.</td>
</tr>
<tr>
<td>Gestió del menjador escolar</td>
</tr>
</tbody>
</table>
</div>

<p><a href="http://agora.xtec.cat/escjoanardevol/wp-content/uploads/usu550/2010/11/joanardevolext.jpg"></a>La nostra escola és respectuosa amb el pluralisme ideològic: respectem la llibertat religiosa i la diversitat d’opinions.<br />
Apropem els nens i nenes al nostre context sociocultural promovent activitats relacionades amb l’entorn a fi d’aconseguir una integració respectuosa amb la comunitat.<br />
El projecte educatiu de la nostra&hellip;  <a href="https://agora.xtec.cat/escjoanardevol/lescola-2/" title="Read L&#8217;escola">Llegeix més»</a></p>
