{"id":3241,"date":"2015-11-14T23:54:49","date_gmt":"2015-11-14T22:54:49","guid":{"rendered":"http:\/\/joanardevol.org\/info\/?page_id=3241"},"modified":"2017-10-22T12:05:33","modified_gmt":"2017-10-22T10:05:33","slug":"escola-verda","status":"publish","type":"page","link":"https:\/\/agora.xtec.cat\/escjoanardevol\/projectes\/escola-verda\/","title":{"rendered":"Escola verda"},"content":{"rendered":"<h6>El curs 2015-2016 vam iniciar el projecte d&#8217;escola verda amb els seg\u00fcents<\/h6>\n<h6><img loading=\"lazy\" decoding=\"async\" class=\" wp-image-3409 alignleft\" src=\"http:\/\/agora.xtec.cat\/escjoanardevol\/wp-content\/uploads\/usu550\/2017\/10\/escola-verda.jpg\" alt=\"escola verda\" width=\"401\" height=\"420\" \/><\/h6>\n<h3>Objectius<\/h3>\n<ul>\n<li>Vincular el projecte d\u2019escola verda amb el projecte d\u2019escola mitjan\u00e7ant la col\u00b7laboraci\u00f3 amb altres grups de treball (conviv\u00e8ncia i pati), per construir un projecte conjunt d\u2019escola.<\/li>\n<li>Fer una diagnosi inicial per saber quina \u00e9s la realitat del centre i del seu entorn mitjan\u00e7ant l\u2019an\u00e0lisi de la situaci\u00f3 actual i les diferents activitats que es realitzen, relacionades amb la sostenibilitat, per determinar-ne el punt de partida.<\/li>\n<li>Establir accions conjuntes d\u2019escola per dur a terme aquest curs 2015-2016, vinculant-lo en la mesura possible amb la realitat del municipi, mitjan\u00e7ant activitats gen\u00e8riques i d\u2019ambientalitzaci\u00f3 curricular, per comprovar la viabilitat del projecte en els diferents cursos.<\/li>\n<li>Elaborar el projecte, un cop finalitzada la formaci\u00f3, mitjan\u00e7ant el recull de dades pr\u00e8vies, accions del curs i proposta d\u2019accions futures, i presentar-lo a tot l\u2019equip de centre i a la xarxa d\u2019escoles verdes per l\u2019obtenci\u00f3 del distintiu que acreditar\u00e0 l\u2019escola com escola verda.<\/li>\n<li>Donar continu\u00eftat al projecte i recollir-lo al PEC, mitjan\u00e7ant el comprom\u00eds, la vinculaci\u00f3 i participaci\u00f3 de tot el claustre, per consensuar-lo com a filosofia pedag\u00f2gica del centre.<\/li>\n<\/ul>\n","protected":false},"excerpt":{"rendered":"<p>El curs 2015-2016 vam iniciar el projecte d&#8217;escola verda amb els seg\u00fcents<\/p>\n<p>Objectius<\/p>\n<ul>\n<li>Vincular el projecte d\u2019escola verda amb el projecte d\u2019escola mitjan\u00e7ant la col\u00b7laboraci\u00f3 amb altres grups de treball (conviv\u00e8ncia i pati), per construir un projecte conjunt d\u2019escola.<\/li>\n<li>Fer una diagnosi inicial per saber quina \u00e9s la&hellip;  <a href=\"https:\/\/agora.xtec.cat\/escjoanardevol\/projectes\/escola-verda\/\" title=\"Read Escola verda\">Llegeix m\u00e9s\u00bb<\/a><br \/>\n","protected":false},"author":1,"featured_media":0,"parent":3721,"menu_order":0,"comment_status":"closed","ping_status":"closed","template":"page-templates\/side-menu.php","meta":{"_bbp_topic_count":0,"_bbp_reply_count":0,"_bbp_total_topic_count":0,"_bbp_total_reply_count":0,"_bbp_voice_count":0,"_bbp_anonymous_reply_count":0,"_bbp_topic_count_hidden":0,"_bbp_reply_count_hidden":0,"_bbp_forum_subforum_count":0,"footnotes":""},"class_list":["post-3241","page","type-page","status-publish","hentry"],"post_mailing_queue_ids":[],"_links":{"self":[{"href":"https:\/\/agora.xtec.cat\/escjoanardevol\/wp-json\/wp\/v2\/pages\/3241","targetHints":{"allow":["GET"]}}],"collection":[{"href":"https:\/\/agora.xtec.cat\/escjoanardevol\/wp-json\/wp\/v2\/pages"}],"about":[{"href":"https:\/\/agora.xtec.cat\/escjoanardevol\/wp-json\/wp\/v2\/types\/page"}],"author":[{"embeddable":true,"href":"https:\/\/agora.xtec.cat\/escjoanardevol\/wp-json\/wp\/v2\/users\/1"}],"replies":[{"embeddable":true,"href":"https:\/\/agora.xtec.cat\/escjoanardevol\/wp-json\/wp\/v2\/comments?post=3241"}],"version-history":[{"count":3,"href":"https:\/\/agora.xtec.cat\/escjoanardevol\/wp-json\/wp\/v2\/pages\/3241\/revisions"}],"predecessor-version":[{"id":4887,"href":"https:\/\/agora.xtec.cat\/escjoanardevol\/wp-json\/wp\/v2\/pages\/3241\/revisions\/4887"}],"up":[{"embeddable":true,"href":"https:\/\/agora.xtec.cat\/escjoanardevol\/wp-json\/wp\/v2\/pages\/3721"}],"wp:attachment":[{"href":"https:\/\/agora.xtec.cat\/escjoanardevol\/wp-json\/wp\/v2\/media?parent=3241"}],"curies":[{"name":"wp","href":"https:\/\/api.w.org\/{rel}","templated":true}]}}

<h6>El curs 2015-2016 vam iniciar el projecte d&#8217;escola verda amb els següents</h6>
<h6><img loading="lazy" decoding="async" class=" wp-image-3409 alignleft" src="http://agora.xtec.cat/escjoanardevol/wp-content/uploads/usu550/2017/10/escola-verda.jpg" alt="escola verda" width="401" height="420" /></h6>
<h3>Objectius</h3>
<ul>
<li>Vincular el projecte d’escola verda amb el projecte d’escola mitjançant la col·laboració amb altres grups de treball (convivència i pati), per construir un projecte conjunt d’escola.</li>
<li>Fer una diagnosi inicial per saber quina és la realitat del centre i del seu entorn mitjançant l’anàlisi de la situació actual i les diferents activitats que es realitzen, relacionades amb la sostenibilitat, per determinar-ne el punt de partida.</li>
<li>Establir accions conjuntes d’escola per dur a terme aquest curs 2015-2016, vinculant-lo en la mesura possible amb la realitat del municipi, mitjançant activitats genèriques i d’ambientalització curricular, per comprovar la viabilitat del projecte en els diferents cursos.</li>
<li>Elaborar el projecte, un cop finalitzada la formació, mitjançant el recull de dades prèvies, accions del curs i proposta d’accions futures, i presentar-lo a tot l’equip de centre i a la xarxa d’escoles verdes per l’obtenció del distintiu que acreditarà l’escola com escola verda.</li>
<li>Donar continuïtat al projecte i recollir-lo al PEC, mitjançant el compromís, la vinculació i participació de tot el claustre, per consensuar-lo com a filosofia pedagògica del centre.</li>
</ul>

<p>El curs 2015-2016 vam iniciar el projecte d&#8217;escola verda amb els següents</p>
<p>Objectius</p>
<ul>
<li>Vincular el projecte d’escola verda amb el projecte d’escola mitjançant la col·laboració amb altres grups de treball (convivència i pati), per construir un projecte conjunt d’escola.</li>
<li>Fer una diagnosi inicial per saber quina és la&hellip;  <a href="https://agora.xtec.cat/escjoanardevol/projectes/escola-verda/" title="Read Escola verda">Llegeix més»</a><br />
