{"id":202,"date":"2010-11-21T23:16:07","date_gmt":"2010-11-21T23:16:07","guid":{"rendered":"http:\/\/joanardevol.org\/info\/?page_id=202"},"modified":"2020-02-29T09:00:03","modified_gmt":"2020-02-29T08:00:03","slug":"josep-ortoneda","status":"publish","type":"page","link":"https:\/\/agora.xtec.cat\/escjoanardevol\/lescola-2\/historia\/josep-ortoneda\/","title":{"rendered":"Josep Ortoneda"},"content":{"rendered":"<p style=\"text-align: justify;\"><a href=\"http:\/\/joanardevol.org\/info\/wp-content\/uploads\/2010\/11\/Ortoneda.jpg\"><img loading=\"lazy\" decoding=\"async\" class=\"alignleft size-medium wp-image-203\" title=\"Ortoneda\" src=\"http:\/\/agora.xtec.cat\/escjoanardevol\/wp-content\/uploads\/usu550\/2017\/10\/Ortoneda-300x226.jpg\" alt=\"\" width=\"300\" height=\"226\" \/><\/a>El senyor Ortoneda va ser durant molts anys mestre i director del col\u00b7legi &#8220;Joan Ard\u00e8vol&#8221; i a la vegada impulsor de la seva construcci\u00f3. Inici\u00e0 la seva tasca educativa a Cambrils en \u00e8poca republicana, del 1932 al 1934, i amb posterioritat del 1946 al 1979 en qu\u00e8 es jubil\u00e0; \u00e9s a dir, trenta-cinc anys al servei de l\u2019ensenyament cambrilenc. Exercir el magisteri en aquells anys no era gens f\u00e0cil, a Cambrils no es disposava d\u2019un grup escolar amb condicions, les escoles s\u2019ubicaven en pisos disseminats per tot el poble i sovintejaven els trasllats. Aquestes defici\u00e8ncies les visqu\u00e9 molt d\u2019aprop el senyor Ortoneda que, preocupat per la qualitat de l\u2019ensenyament p\u00fablic an\u00e0 gestant la idea de la construcci\u00f3 d\u2019unes escoles dignes a la vila de Cambrils. El seu pas per l\u2019alcaldia del 1957 al 1960 li don\u00e0 l\u2019oportunitat de veure realitzat el seu somni, la realitzaci\u00f3 del primer col\u00b7legi p\u00fablic de Cambrils. Calia posar nom a la nova escola i el senyor Ortoneda pens\u00e0 en el que havia estat el seu mestre i el de molts cambrilencs, el senyor Joan Ard\u00e8vol i Oliv\u00e9. Acceptada aquesta nomenclatura s\u2019inaugur\u00e0 el Col\u00b7legi &#8220;Joan Ard\u00e8vol&#8221; del Passeig Albert el dia 8 de desembre de 1961 amb la pres\u00e8ncia del Ministre d\u2019Educaci\u00f3 i Ci\u00e8ncia d\u2019aquella \u00e8poca.<\/p>\n","protected":false},"excerpt":{"rendered":"<p><a href=\"http:\/\/joanardevol.org\/info\/wp-content\/uploads\/2010\/11\/Ortoneda.jpg\"><\/a>El senyor Ortoneda va ser durant molts anys mestre i director del col\u00b7legi &#8220;Joan Ard\u00e8vol&#8221; i a la vegada impulsor de la seva construcci\u00f3. Inici\u00e0 la seva tasca educativa a Cambrils en \u00e8poca republicana, del 1932 al 1934, i amb posterioritat del 1946 al&hellip;  <a href=\"https:\/\/agora.xtec.cat\/escjoanardevol\/lescola-2\/historia\/josep-ortoneda\/\" title=\"Read Josep Ortoneda\">Llegeix m\u00e9s\u00bb<\/a><\/p>\n","protected":false},"author":1,"featured_media":0,"parent":3728,"menu_order":0,"comment_status":"closed","ping_status":"open","template":"page-templates\/side-menu.php","meta":{"_bbp_topic_count":0,"_bbp_reply_count":0,"_bbp_total_topic_count":0,"_bbp_total_reply_count":0,"_bbp_voice_count":0,"_bbp_anonymous_reply_count":0,"_bbp_topic_count_hidden":0,"_bbp_reply_count_hidden":0,"_bbp_forum_subforum_count":0,"footnotes":""},"class_list":["post-202","page","type-page","status-publish","hentry"],"post_mailing_queue_ids":[],"_links":{"self":[{"href":"https:\/\/agora.xtec.cat\/escjoanardevol\/wp-json\/wp\/v2\/pages\/202","targetHints":{"allow":["GET"]}}],"collection":[{"href":"https:\/\/agora.xtec.cat\/escjoanardevol\/wp-json\/wp\/v2\/pages"}],"about":[{"href":"https:\/\/agora.xtec.cat\/escjoanardevol\/wp-json\/wp\/v2\/types\/page"}],"author":[{"embeddable":true,"href":"https:\/\/agora.xtec.cat\/escjoanardevol\/wp-json\/wp\/v2\/users\/1"}],"replies":[{"embeddable":true,"href":"https:\/\/agora.xtec.cat\/escjoanardevol\/wp-json\/wp\/v2\/comments?post=202"}],"version-history":[{"count":3,"href":"https:\/\/agora.xtec.cat\/escjoanardevol\/wp-json\/wp\/v2\/pages\/202\/revisions"}],"predecessor-version":[{"id":6508,"href":"https:\/\/agora.xtec.cat\/escjoanardevol\/wp-json\/wp\/v2\/pages\/202\/revisions\/6508"}],"up":[{"embeddable":true,"href":"https:\/\/agora.xtec.cat\/escjoanardevol\/wp-json\/wp\/v2\/pages\/3728"}],"wp:attachment":[{"href":"https:\/\/agora.xtec.cat\/escjoanardevol\/wp-json\/wp\/v2\/media?parent=202"}],"curies":[{"name":"wp","href":"https:\/\/api.w.org\/{rel}","templated":true}]}}