{"id":1756,"date":"2013-10-12T20:37:55","date_gmt":"2013-10-12T20:37:55","guid":{"rendered":"http:\/\/joanardevol.org\/info\/?page_id=1756"},"modified":"2019-06-09T11:44:14","modified_gmt":"2019-06-09T09:44:14","slug":"plantejament-institucional","status":"publish","type":"page","link":"https:\/\/agora.xtec.cat\/escjoanardevol\/trets-didentitat\/plantejament-institucional\/","title":{"rendered":"Plantejament institucional"},"content":{"rendered":"<p style=\"text-align: justify;\"><strong><span style=\"text-decoration: underline;\">Missi\u00f3<\/span><\/strong><\/p>\n<p style=\"text-align: justify;\">L\u2019Escola Joan Ard\u00e8vol \u00e9s una escola <strong>p\u00fablica, aconfessional, catalana<\/strong> i que <strong>s\u2019adapta<\/strong> als canvis de la societat integrant-los en el proc\u00e9s d\u2019ensenyament-aprenentatge.<br \/>\nPret\u00e9n formar persones <strong>\u00edntegres, equilibrades socio-emocionalment, respectuoses, tolerants<\/strong> i amb capacitat <strong>d\u2019assolir les compet\u00e8ncies<\/strong> necess\u00e0ries per aprendre <strong>cont\u00ednuament<\/strong> i <strong>integrar-se a la societat<\/strong>.<br \/>\nL\u2019escola \u00e9s oberta a la comunitat educativa. Cerca el comprom\u00eds de les fam\u00edlies en el proc\u00e9s educatiu i la col\u00b7laboraci\u00f3 i cooperaci\u00f3 amb les administracions p\u00fabliques.<br \/>\nPromou la cohesi\u00f3 social, la conviv\u00e8ncia, el respecte del medi ambient i la sostenibilitat.<br \/>\nIntegra les tecnologies de l\u2019aprenentatge i el coneixement en un entorn d\u2019equitat.<\/p>\n<p style=\"text-align: justify;\"><strong><span style=\"text-decoration: underline;\">Visi\u00f3<\/span><\/strong><\/p>\n<p style=\"text-align: justify;\">Volem ser una escola on l\u2019\u00fas de la <strong>llengua catalana<\/strong> sigui un fet normalitzat en les relacions entre tots els membres de la comunitat educativa i que impulsi el coneixement de lleng\u00fces estrangeres.<br \/>\nPretenem que els nostres alumnes assoleixin les habilitats socials i personals, aix\u00ed com les compet\u00e8ncies b\u00e0siques que els permetin la plena integraci\u00f3 social i laboral, amb un bon nivell de comprensi\u00f3 i expressi\u00f3 oral i escrita, mostrant gust per la lectura i amb un bon raonament l\u00f2gic i matem\u00e0tic.<br \/>\nVolem una escola activa, innovadora, amb professionals interessats en la millora de la seva formaci\u00f3 on l\u2019\u00fas de les tecnologies sigui un recurs per assolir els aprenentatges de les diferents \u00e0rees.<\/p>\n<p style=\"text-align: justify;\"><strong><span style=\"text-decoration: underline;\">Valors<\/span><\/strong><\/p>\n<p style=\"text-align: justify;\">Per nosaltres l\u2019educaci\u00f3 \u00e9s un proc\u00e9s integral de <strong>formaci\u00f3 de les persones<\/strong> que va m\u00e9s enll\u00e0 de l\u2019escola i que perdura al llarg de la vida.<br \/>\nEl projecte educatiu de la nostra escola es fonamenta en els valors d\u2019una societat democr\u00e0tica, de solidaritat, de conviv\u00e8ncia i de respecte del pluralisme social i ideol\u00f2gic, la llibertat religiosa i la diversitat d\u2019opinions.<br \/>\nEntenem que la nostra escola ha de tenir un marcat car\u00e0cter inclusiu amb la finalitat de millorar la cohesi\u00f3 social i potenciar l\u2019atenci\u00f3 a la diversitat.<br \/>\nEl respecte a l\u2019entorn natural i social i el comprom\u00eds amb la llengua i cultura catalana s\u00f3n tamb\u00e9 valors que sempre tenim presents aix\u00ed com la coeducaci\u00f3, la cultura de la pau, el respecte als drets humans, la cultura de l\u2019esfor\u00e7 i el treball ben fet.<\/p>\n","protected":false},"excerpt":{"rendered":"<p>Missi\u00f3<br \/>\nL\u2019Escola Joan Ard\u00e8vol \u00e9s una escola p\u00fablica, aconfessional, catalana i que s\u2019adapta als canvis de la societat integrant-los en el proc\u00e9s d\u2019ensenyament-aprenentatge.<br \/>\nPret\u00e9n formar persones \u00edntegres, equilibrades socio-emocionalment, respectuoses, tolerants i amb capacitat d\u2019assolir les compet\u00e8ncies necess\u00e0ries per aprendre cont\u00ednuament i integrar-se a la societat.<br \/>\nL\u2019escola \u00e9s&hellip;  <a href=\"https:\/\/agora.xtec.cat\/escjoanardevol\/trets-didentitat\/plantejament-institucional\/\" title=\"Read Plantejament institucional\">Llegeix m\u00e9s\u00bb<\/a><\/p>\n","protected":false},"author":1,"featured_media":0,"parent":3718,"menu_order":-5,"comment_status":"closed","ping_status":"open","template":"page-templates\/side-menu.php","meta":{"_bbp_topic_count":0,"_bbp_reply_count":0,"_bbp_total_topic_count":0,"_bbp_total_reply_count":0,"_bbp_voice_count":0,"_bbp_anonymous_reply_count":0,"_bbp_topic_count_hidden":0,"_bbp_reply_count_hidden":0,"_bbp_forum_subforum_count":0,"footnotes":""},"class_list":["post-1756","page","type-page","status-publish","hentry"],"post_mailing_queue_ids":[],"_links":{"self":[{"href":"https:\/\/agora.xtec.cat\/escjoanardevol\/wp-json\/wp\/v2\/pages\/1756","targetHints":{"allow":["GET"]}}],"collection":[{"href":"https:\/\/agora.xtec.cat\/escjoanardevol\/wp-json\/wp\/v2\/pages"}],"about":[{"href":"https:\/\/agora.xtec.cat\/escjoanardevol\/wp-json\/wp\/v2\/types\/page"}],"author":[{"embeddable":true,"href":"https:\/\/agora.xtec.cat\/escjoanardevol\/wp-json\/wp\/v2\/users\/1"}],"replies":[{"embeddable":true,"href":"https:\/\/agora.xtec.cat\/escjoanardevol\/wp-json\/wp\/v2\/comments?post=1756"}],"version-history":[{"count":2,"href":"https:\/\/agora.xtec.cat\/escjoanardevol\/wp-json\/wp\/v2\/pages\/1756\/revisions"}],"predecessor-version":[{"id":6188,"href":"https:\/\/agora.xtec.cat\/escjoanardevol\/wp-json\/wp\/v2\/pages\/1756\/revisions\/6188"}],"up":[{"embeddable":true,"href":"https:\/\/agora.xtec.cat\/escjoanardevol\/wp-json\/wp\/v2\/pages\/3718"}],"wp:attachment":[{"href":"https:\/\/agora.xtec.cat\/escjoanardevol\/wp-json\/wp\/v2\/media?parent=1756"}],"curies":[{"name":"wp","href":"https:\/\/api.w.org\/{rel}","templated":true}]}}

<p style="text-align: justify;"><strong><span style="text-decoration: underline;">Missió</span></strong></p>
<p style="text-align: justify;">L’Escola Joan Ardèvol és una escola <strong>pública, aconfessional, catalana</strong> i que <strong>s’adapta</strong> als canvis de la societat integrant-los en el procés d’ensenyament-aprenentatge.<br />
Pretén formar persones <strong>íntegres, equilibrades socio-emocionalment, respectuoses, tolerants</strong> i amb capacitat <strong>d’assolir les competències</strong> necessàries per aprendre <strong>contínuament</strong> i <strong>integrar-se a la societat</strong>.<br />
L’escola és oberta a la comunitat educativa. Cerca el compromís de les famílies en el procés educatiu i la col·laboració i cooperació amb les administracions públiques.<br />
Promou la cohesió social, la convivència, el respecte del medi ambient i la sostenibilitat.<br />
Integra les tecnologies de l’aprenentatge i el coneixement en un entorn d’equitat.</p>
<p style="text-align: justify;"><strong><span style="text-decoration: underline;">Visió</span></strong></p>
<p style="text-align: justify;">Volem ser una escola on l’ús de la <strong>llengua catalana</strong> sigui un fet normalitzat en les relacions entre tots els membres de la comunitat educativa i que impulsi el coneixement de llengües estrangeres.<br />
Pretenem que els nostres alumnes assoleixin les habilitats socials i personals, així com les competències bàsiques que els permetin la plena integració social i laboral, amb un bon nivell de comprensió i expressió oral i escrita, mostrant gust per la lectura i amb un bon raonament lògic i matemàtic.<br />
Volem una escola activa, innovadora, amb professionals interessats en la millora de la seva formació on l’ús de les tecnologies sigui un recurs per assolir els aprenentatges de les diferents àrees.</p>
<p style="text-align: justify;"><strong><span style="text-decoration: underline;">Valors</span></strong></p>
<p style="text-align: justify;">Per nosaltres l’educació és un procés integral de <strong>formació de les persones</strong> que va més enllà de l’escola i que perdura al llarg de la vida.<br />
El projecte educatiu de la nostra escola es fonamenta en els valors d’una societat democràtica, de solidaritat, de convivència i de respecte del pluralisme social i ideològic, la llibertat religiosa i la diversitat d’opinions.<br />
Entenem que la nostra escola ha de tenir un marcat caràcter inclusiu amb la finalitat de millorar la cohesió social i potenciar l’atenció a la diversitat.<br />
El respecte a l’entorn natural i social i el compromís amb la llengua i cultura catalana són també valors que sempre tenim presents així com la coeducació, la cultura de la pau, el respecte als drets humans, la cultura de l’esforç i el treball ben fet.</p>

<p>Missió<br />
L’Escola Joan Ardèvol és una escola pública, aconfessional, catalana i que s’adapta als canvis de la societat integrant-los en el procés d’ensenyament-aprenentatge.<br />
Pretén formar persones íntegres, equilibrades socio-emocionalment, respectuoses, tolerants i amb capacitat d’assolir les competències necessàries per aprendre contínuament i integrar-se a la societat.<br />
L’escola és&hellip;  <a href="https://agora.xtec.cat/escjoanardevol/trets-didentitat/plantejament-institucional/" title="Read Plantejament institucional">Llegeix més»</a></p>
