{"id":923,"date":"2021-11-24T16:07:45","date_gmt":"2021-11-24T15:07:45","guid":{"rendered":"https:\/\/agora.xtec.cat\/escjaumebalmessb\/?page_id=923"},"modified":"2023-11-27T13:53:09","modified_gmt":"2023-11-27T12:53:09","slug":"estrategia-digital-de-centre","status":"publish","type":"page","link":"https:\/\/agora.xtec.cat\/escjaumebalmessb\/projecte-educatiu\/estrategia-digital-de-centre\/","title":{"rendered":"ESTRAT\u00c8GIA DIGITAL DE CENTRE"},"content":{"rendered":"<p style=\"text-align: center;\"><a href=\"https:\/\/agora.xtec.cat\/escjaumebalmessb\/wp-content\/uploads\/usu2043\/2021\/11\/ESTRATEGIA-DIGITAL-DE-CENTRE.jpg\"><img loading=\"lazy\" decoding=\"async\" class=\"alignnone size-full wp-image-924\" src=\"https:\/\/agora.xtec.cat\/escjaumebalmessb\/wp-content\/uploads\/usu2043\/2021\/11\/ESTRATEGIA-DIGITAL-DE-CENTRE.jpg\" alt=\"\" width=\"600\" height=\"325\" srcset=\"https:\/\/agora.xtec.cat\/escjaumebalmessb\/wp-content\/uploads\/usu2043\/2021\/11\/ESTRATEGIA-DIGITAL-DE-CENTRE.jpg 600w, https:\/\/agora.xtec.cat\/escjaumebalmessb\/wp-content\/uploads\/usu2043\/2021\/11\/ESTRATEGIA-DIGITAL-DE-CENTRE-300x163.jpg 300w\" sizes=\"auto, (max-width: 600px) 100vw, 600px\" \/><\/a><\/p>\n<p>L\u2019Estrat\u00e8gia Digital de Centre (EDC) \u00e9s una evoluci\u00f3 del Pla TAC (Pla de Tecnologies per a l&#8217;Aprenentatge i el Coneixement). L&#8217;EDC d&#8217;una banda, s\u2019alinea amb el Pla d\u2019Educaci\u00f3 Digital de Catalunya (<a href=\"http:\/\/educacio.gencat.cat\/web\/.content\/home\/departament\/publicacions\/colleccions\/pla-educacio-digital\/pla-educacio-digital-catalunya\/pla-educacio-digital.pdf\" target=\"_blank\" rel=\"noopener noreferrer\">PEDC<\/a>), i per l&#8217;altra, incorpora els canvis socials i tecnol\u00f2gics que s\u2019han anat esdevenint. El tercer canvi rellevant que hi trobem \u00e9s la incorporaci\u00f3 en l\u2019EDC de l\u2019apartat que recull tots els documents de centre que fan refer\u00e8ncia a la seva cultura digital (protocols d\u2019\u00fas de dispositius, NOFC\u2026)<\/p>\n<table style=\"border-collapse: collapse; width: 100%;\">\n<tbody>\n<tr>\n<td style=\"width: 16.6667%; text-align: center;\"><a href=\"https:\/\/agora.xtec.cat\/escjaumebalmessb\/projecte-educatiu\/estrategia-digital-de-centre\/diagnosi-digital\/\" target=\"_blank\" rel=\"noopener\">DIAGNOSI DIGITAL<\/a><\/td>\n<td style=\"width: 16.6667%; text-align: center;\"><a href=\"https:\/\/agora.xtec.cat\/escjaumebalmessb\/projecte-educatiu\/estrategia-digital-de-centre\/objectius-digitals\/\" target=\"_blank\" rel=\"noopener\">OBJECTIUS DIGITALS<\/a><\/td>\n<td style=\"width: 19.697%; text-align: center;\"><strong><a href=\"https:\/\/agora.xtec.cat\/escjaumebalmessb\/projecte-educatiu\/estrategia-digital-de-centre\/planificacio-de-les-activitats\/\" target=\"_blank\" rel=\"noopener\">PLANIFICACI\u00d3 DE LES ACTIVITATS<\/a><\/strong><\/td>\n<td style=\"width: 13.6364%; text-align: center;\"><strong><a href=\"https:\/\/agora.xtec.cat\/escjaumebalmessb\/projecte-educatiu\/estrategia-digital-de-centre\/avaluacio\/\" target=\"_blank\" rel=\"noopener\">AVALUACI\u00d3<\/a><\/strong><\/td>\n<td style=\"width: 18.4849%;\"><strong><a href=\"https:\/\/agora.xtec.cat\/escjaumebalmessb\/projecte-educatiu\/estrategia-digital-de-centre\/cultura-digital\/\" target=\"_blank\" rel=\"noopener\">CULTURA DIGITAL<\/a><\/strong><\/td>\n<\/tr>\n<\/tbody>\n<\/table>\n<p style=\"text-align: center;\">\n","protected":false},"excerpt":{"rendered":"<p>L\u2019Estrat\u00e8gia Digital de Centre (EDC) \u00e9s una evoluci\u00f3 del Pla TAC (Pla de Tecnologies per a l&#8217;Aprenentatge i el Coneixement). L&#8217;EDC d&#8217;una banda, s\u2019alinea amb el Pla d\u2019Educaci\u00f3 Digital de Catalunya (PEDC), i per l&#8217;altra, incorpora els canvis socials i tecnol\u00f2gics que s\u2019han anat esdevenint. El tercer canvi rellevant que hi trobem \u00e9s la incorporaci\u00f3 [&hellip;]<\/p>\n","protected":false},"author":1,"featured_media":0,"parent":64,"menu_order":0,"comment_status":"closed","ping_status":"closed","template":"","meta":{"_bbp_topic_count":0,"_bbp_reply_count":0,"_bbp_total_topic_count":0,"_bbp_total_reply_count":0,"_bbp_voice_count":0,"_bbp_anonymous_reply_count":0,"_bbp_topic_count_hidden":0,"_bbp_reply_count_hidden":0,"_bbp_forum_subforum_count":0,"site-sidebar-layout":"default","site-content-layout":"","ast-site-content-layout":"","site-content-style":"default","site-sidebar-style":"default","ast-global-header-display":"","ast-banner-title-visibility":"","ast-main-header-display":"","ast-hfb-above-header-display":"","ast-hfb-below-header-display":"","ast-hfb-mobile-header-display":"","site-post-title":"","ast-breadcrumbs-content":"","ast-featured-img":"","footer-sml-layout":"","theme-transparent-header-meta":"","adv-header-id-meta":"","stick-header-meta":"","header-above-stick-meta":"","header-main-stick-meta":"","header-below-stick-meta":"","astra-migrate-meta-layouts":"default","ast-page-background-enabled":"default","ast-page-background-meta":{"desktop":{"background-color":"var(--ast-global-color-4)","background-image":"","background-repeat":"repeat","background-position":"center center","background-size":"auto","background-attachment":"scroll","background-type":"","background-media":"","overlay-type":"","overlay-color":"","overlay-opacity":"","overlay-gradient":""},"tablet":{"background-color":"","background-image":"","background-repeat":"repeat","background-position":"center center","background-size":"auto","background-attachment":"scroll","background-type":"","background-media":"","overlay-type":"","overlay-color":"","overlay-opacity":"","overlay-gradient":""},"mobile":{"background-color":"","background-image":"","background-repeat":"repeat","background-position":"center center","background-size":"auto","background-attachment":"scroll","background-type":"","background-media":"","overlay-type":"","overlay-color":"","overlay-opacity":"","overlay-gradient":""}},"ast-content-background-meta":{"desktop":{"background-color":"var(--ast-global-color-5)","background-image":"","background-repeat":"repeat","background-position":"center center","background-size":"auto","background-attachment":"scroll","background-type":"","background-media":"","overlay-type":"","overlay-color":"","overlay-opacity":"","overlay-gradient":""},"tablet":{"background-color":"var(--ast-global-color-5)","background-image":"","background-repeat":"repeat","background-position":"center center","background-size":"auto","background-attachment":"scroll","background-type":"","background-media":"","overlay-type":"","overlay-color":"","overlay-opacity":"","overlay-gradient":""},"mobile":{"background-color":"var(--ast-global-color-5)","background-image":"","background-repeat":"repeat","background-position":"center center","background-size":"auto","background-attachment":"scroll","background-type":"","background-media":"","overlay-type":"","overlay-color":"","overlay-opacity":"","overlay-gradient":""}},"footnotes":""},"class_list":["post-923","page","type-page","status-publish","hentry"],"post_mailing_queue_ids":[],"_links":{"self":[{"href":"https:\/\/agora.xtec.cat\/escjaumebalmessb\/wp-json\/wp\/v2\/pages\/923","targetHints":{"allow":["GET"]}}],"collection":[{"href":"https:\/\/agora.xtec.cat\/escjaumebalmessb\/wp-json\/wp\/v2\/pages"}],"about":[{"href":"https:\/\/agora.xtec.cat\/escjaumebalmessb\/wp-json\/wp\/v2\/types\/page"}],"author":[{"embeddable":true,"href":"https:\/\/agora.xtec.cat\/escjaumebalmessb\/wp-json\/wp\/v2\/users\/1"}],"replies":[{"embeddable":true,"href":"https:\/\/agora.xtec.cat\/escjaumebalmessb\/wp-json\/wp\/v2\/comments?post=923"}],"version-history":[{"count":3,"href":"https:\/\/agora.xtec.cat\/escjaumebalmessb\/wp-json\/wp\/v2\/pages\/923\/revisions"}],"predecessor-version":[{"id":974,"href":"https:\/\/agora.xtec.cat\/escjaumebalmessb\/wp-json\/wp\/v2\/pages\/923\/revisions\/974"}],"up":[{"embeddable":true,"href":"https:\/\/agora.xtec.cat\/escjaumebalmessb\/wp-json\/wp\/v2\/pages\/64"}],"wp:attachment":[{"href":"https:\/\/agora.xtec.cat\/escjaumebalmessb\/wp-json\/wp\/v2\/media?parent=923"}],"curies":[{"name":"wp","href":"https:\/\/api.w.org\/{rel}","templated":true}]}}