{"id":30,"date":"2014-09-18T12:30:23","date_gmt":"2014-09-18T11:30:23","guid":{"rendered":"http:\/\/agora.xtec.cat\/escjaume1rllivia\/?page_id=30"},"modified":"2025-12-15T13:05:00","modified_gmt":"2025-12-15T12:05:00","slug":"instal%c2%b7lacions","status":"publish","type":"page","link":"https:\/\/agora.xtec.cat\/escjaume1rllivia\/lescola\/instal%c2%b7lacions\/","title":{"rendered":"Organitzaci\u00f3 i gesti\u00f3 de l&#8217;escola"},"content":{"rendered":"<p>L\u2019escola Jaume I es troba situada al centre de poble de Ll\u00edvia.<\/p>\n<p>Actualment hi ha 110 alumnes i treballem amb grups de cicle\u00a0 amb dues mestres a l&#8217;aula.<\/p>\n<ul>\n<li><strong>Equip docent:<\/strong><\/li>\n<\/ul>\n<p>Comptem amb 15 mestres:\u00a0 \u00a03 mestre d&#8217;educaci\u00f3 infantil, 5 mestres de\u00a0 prim\u00e0ria, 2 mestres d\u2019educaci\u00f3 inclusiva, 1 mestra de franc\u00e8s, 1 mestra d&#8217; angl\u00e8s, 1 d&#8217; acollida 1 mestra de m\u00fasica,\u00a0 i 1 mestra d&#8217; educaci\u00f3 f\u00edsica.<\/p>\n<ul>\n<li><strong>\u00d2rgans de govern unipersonals:<\/strong><\/li>\n<\/ul>\n<p>L\u2019equip directiu d\u2019aquesta escola est\u00e0 format per:<\/p>\n<ul>\n<li>La Directora: Merc\u00e8 Vilalta i Miquel<\/li>\n<li>La Cap d&#8217;Estudis: Nat\u00e0lia Esteban Pubill<\/li>\n<li>La Secretaria: Montse Carrillo Tubert<\/li>\n<\/ul>\n<ul>\n<li><strong>El Consell Escolar\u00a0<\/strong>est\u00e0 constitu\u00eft pels seg\u00fcents \u00f2rgans:<\/li>\n<\/ul>\n<ul>\n<li>Presidenta: Merc\u00e8 Vilalta i Miquel<\/li>\n<li>Cap d&#8217;Estudis: Nat\u00e0lia Esteban Pubill<\/li>\n<li>La Secretaria: Montse Carrillo Tubert<\/li>\n<li>Representant de l\u2019AFA: Elisabeth Matos Pintor<\/li>\n<li>Representants de l\u2019Ajuntament: Anna Cunill Serra<\/li>\n<li>Representants de mestres:\u00a0 Marta L\u00f3pez , Cristina G\u00f3nzalez, Isabel Lanza, Mireia Castells .<\/li>\n<li>Representants Fam\u00edlies: Albert Talarm, Blai Garcia, Javier Dom\u00edngez<\/li>\n<\/ul>\n","protected":false},"excerpt":{"rendered":"<p>L\u2019escola Jaume I es troba situada al centre de poble de Ll\u00edvia. Actualment hi ha 110 alumnes i treballem amb grups de cicle\u00a0 amb dues mestres a l&#8217;aula. Equip docent: Comptem amb 15 mestres:\u00a0 \u00a03 mestre d&#8217;educaci\u00f3 infantil, 5 mestres de\u00a0 prim\u00e0ria, 2 mestres d\u2019educaci\u00f3 inclusiva, 1 mestra de franc\u00e8s, 1 mestra d&#8217; angl\u00e8s, 1 [&hellip;]<\/p>\n","protected":false},"author":1,"featured_media":0,"parent":22,"menu_order":40,"comment_status":"closed","ping_status":"closed","template":"","meta":{"_bbp_topic_count":0,"_bbp_reply_count":0,"_bbp_total_topic_count":0,"_bbp_total_reply_count":0,"_bbp_voice_count":0,"_bbp_anonymous_reply_count":0,"_bbp_topic_count_hidden":0,"_bbp_reply_count_hidden":0,"_bbp_forum_subforum_count":0,"site-sidebar-layout":"default","site-content-layout":"","ast-site-content-layout":"default","site-content-style":"default","site-sidebar-style":"default","ast-global-header-display":"","ast-banner-title-visibility":"","ast-main-header-display":"","ast-hfb-above-header-display":"","ast-hfb-below-header-display":"","ast-hfb-mobile-header-display":"","site-post-title":"","ast-breadcrumbs-content":"","ast-featured-img":"","footer-sml-layout":"","theme-transparent-header-meta":"","adv-header-id-meta":"","stick-header-meta":"","header-above-stick-meta":"","header-main-stick-meta":"","header-below-stick-meta":"","astra-migrate-meta-layouts":"set","ast-page-background-enabled":"default","ast-page-background-meta":{"desktop":{"background-color":"var(--ast-global-color-4)","background-image":"","background-repeat":"repeat","background-position":"center center","background-size":"auto","background-attachment":"scroll","background-type":"","background-media":"","overlay-type":"","overlay-color":"","overlay-opacity":"","overlay-gradient":""},"tablet":{"background-color":"","background-image":"","background-repeat":"repeat","background-position":"center center","background-size":"auto","background-attachment":"scroll","background-type":"","background-media":"","overlay-type":"","overlay-color":"","overlay-opacity":"","overlay-gradient":""},"mobile":{"background-color":"","background-image":"","background-repeat":"repeat","background-position":"center center","background-size":"auto","background-attachment":"scroll","background-type":"","background-media":"","overlay-type":"","overlay-color":"","overlay-opacity":"","overlay-gradient":""}},"ast-content-background-meta":{"desktop":{"background-color":"var(--ast-global-color-5)","background-image":"","background-repeat":"repeat","background-position":"center center","background-size":"auto","background-attachment":"scroll","background-type":"","background-media":"","overlay-type":"","overlay-color":"","overlay-opacity":"","overlay-gradient":""},"tablet":{"background-color":"var(--ast-global-color-5)","background-image":"","background-repeat":"repeat","background-position":"center center","background-size":"auto","background-attachment":"scroll","background-type":"","background-media":"","overlay-type":"","overlay-color":"","overlay-opacity":"","overlay-gradient":""},"mobile":{"background-color":"var(--ast-global-color-5)","background-image":"","background-repeat":"repeat","background-position":"center center","background-size":"auto","background-attachment":"scroll","background-type":"","background-media":"","overlay-type":"","overlay-color":"","overlay-opacity":"","overlay-gradient":""}},"footnotes":""},"class_list":["post-30","page","type-page","status-publish","hentry"],"post_mailing_queue_ids":[],"_links":{"self":[{"href":"https:\/\/agora.xtec.cat\/escjaume1rllivia\/wp-json\/wp\/v2\/pages\/30","targetHints":{"allow":["GET"]}}],"collection":[{"href":"https:\/\/agora.xtec.cat\/escjaume1rllivia\/wp-json\/wp\/v2\/pages"}],"about":[{"href":"https:\/\/agora.xtec.cat\/escjaume1rllivia\/wp-json\/wp\/v2\/types\/page"}],"author":[{"embeddable":true,"href":"https:\/\/agora.xtec.cat\/escjaume1rllivia\/wp-json\/wp\/v2\/users\/1"}],"replies":[{"embeddable":true,"href":"https:\/\/agora.xtec.cat\/escjaume1rllivia\/wp-json\/wp\/v2\/comments?post=30"}],"version-history":[{"count":5,"href":"https:\/\/agora.xtec.cat\/escjaume1rllivia\/wp-json\/wp\/v2\/pages\/30\/revisions"}],"predecessor-version":[{"id":5539,"href":"https:\/\/agora.xtec.cat\/escjaume1rllivia\/wp-json\/wp\/v2\/pages\/30\/revisions\/5539"}],"up":[{"embeddable":true,"href":"https:\/\/agora.xtec.cat\/escjaume1rllivia\/wp-json\/wp\/v2\/pages\/22"}],"wp:attachment":[{"href":"https:\/\/agora.xtec.cat\/escjaume1rllivia\/wp-json\/wp\/v2\/media?parent=30"}],"curies":[{"name":"wp","href":"https:\/\/api.w.org\/{rel}","templated":true}]}}