{"id":73,"date":"2014-09-18T14:01:51","date_gmt":"2014-09-18T13:01:51","guid":{"rendered":"http:\/\/agora.xtec.cat\/escguillemisarn\/?page_id=73"},"modified":"2025-10-07T12:53:04","modified_gmt":"2025-10-07T10:53:04","slug":"menjador-escolar","status":"publish","type":"page","link":"https:\/\/agora.xtec.cat\/escguillemisarn\/serveis\/menjador-escolar\/","title":{"rendered":"Menjador escolar"},"content":{"rendered":"<p>L&#8217;escola ofereix servei de menjador escolar. Est\u00e0 gestionat pel Consell Comarcal de l&#8217;Urgell i el menjar est\u00e0 elaborat di\u00e0riament per l&#8217;empresa Qu\u00e0lia Cooperativa de lleure. Podeu accedir al link que us adjuntem a continuaci\u00f3 per consultar el men\u00fa mensual. Dintre d&#8217;aquest men\u00fa tamb\u00e9 hi trobareu propostes de men\u00fas complementaris, com per exemple, propostes pel sopar, men\u00fas individualitzats per a infants segons les seves necessitats.<\/p>\n<p><a href=\"https:\/\/lleurequalia.cat\/ca\/c\/home-guillem-isarn-133\"><img loading=\"lazy\" decoding=\"async\" class=\"aligncenter wp-image-4080 \" src=\"https:\/\/agora.xtec.cat\/escguillemisarn\/wp-content\/uploads\/usu1631\/2025\/10\/logo-qualia.gif\" alt=\"logo-qu\u00e0lia\" width=\"500\" height=\"252\" \/><\/a><\/p>\n<p style=\"text-align: center;\"><a href=\"https:\/\/lleurequalia.cat\/ca\/c\/home-guillem-isarn-133\">https:\/\/lleurequalia.cat\/ca\/c\/home-guillem-isarn-133<\/a><\/p>\n<p>&nbsp;<\/p>\n<p>&nbsp;<\/p>\n<p>PLA DEL MENJADOR ESCOLAR<\/p>\n<p style=\"margin: 12px auto 6px auto; font-family: Helvetica,Arial,Sans-serif; font-style: normal; font-variant: normal; font-weight: normal; font-size: 14px; line-height: normal; font-size-adjust: none; font-stretch: normal; -x-system-font: none; display: block;\"><a style=\"text-decoration: underline;\" title=\"View Pla Menjador Curs20-21 on Scribd\" href=\"https:\/\/www.scribd.com\/document\/479191876\/Pla-Menjador-Curs20-21#from_embed\">Pla Menjador Curs20-21<\/a> by <a style=\"text-decoration: underline;\" title=\"View Escola Guillem Isarn's profile on Scribd\" href=\"https:\/\/www.scribd.com\/user\/486678574\/Escola-Guillem-Isarn#from_embed\">Escola Guillem Isarn<\/a> on Scribd<\/p>\n<p><iframe loading=\"lazy\" src=\"https:\/\/www.scribd.com\/embeds\/479191876\/content?start_page=1&amp;view_mode=scroll&amp;access_key=key-c69pWEOHooZe1EXPZO6q\" width=\"100%\" height=\"600\" frameborder=\"0\" data-auto-height=\"false\" data-aspect-ratio=\"0.7068965517241379\"><\/iframe><\/p>\n","protected":false},"excerpt":{"rendered":"<p>L&#8217;escola ofereix servei de menjador escolar. Est\u00e0 gestionat pel Consell Comarcal de l&#8217;Urgell i el menjar est\u00e0 elaborat di\u00e0riament per l&#8217;empresa Qu\u00e0lia Cooperativa de lleure. Podeu accedir al link que us adjuntem a continuaci\u00f3 per consultar el men\u00fa mensual. Dintre d&#8217;aquest men\u00fa tamb\u00e9 hi trobareu&hellip;  <a href=\"https:\/\/agora.xtec.cat\/escguillemisarn\/serveis\/menjador-escolar\/\" title=\"Read Menjador escolar\">Llegeix m\u00e9s\u00bb<\/a><\/p>\n","protected":false},"author":1,"featured_media":0,"parent":66,"menu_order":30,"comment_status":"closed","ping_status":"closed","template":"page-templates\/side-menu.php","meta":{"_bbp_topic_count":0,"_bbp_reply_count":0,"_bbp_total_topic_count":0,"_bbp_total_reply_count":0,"_bbp_voice_count":0,"_bbp_anonymous_reply_count":0,"_bbp_topic_count_hidden":0,"_bbp_reply_count_hidden":0,"_bbp_forum_subforum_count":0,"footnotes":""},"class_list":["post-73","page","type-page","status-publish","hentry"],"post_mailing_queue_ids":[],"_links":{"self":[{"href":"https:\/\/agora.xtec.cat\/escguillemisarn\/wp-json\/wp\/v2\/pages\/73","targetHints":{"allow":["GET"]}}],"collection":[{"href":"https:\/\/agora.xtec.cat\/escguillemisarn\/wp-json\/wp\/v2\/pages"}],"about":[{"href":"https:\/\/agora.xtec.cat\/escguillemisarn\/wp-json\/wp\/v2\/types\/page"}],"author":[{"embeddable":true,"href":"https:\/\/agora.xtec.cat\/escguillemisarn\/wp-json\/wp\/v2\/users\/1"}],"replies":[{"embeddable":true,"href":"https:\/\/agora.xtec.cat\/escguillemisarn\/wp-json\/wp\/v2\/comments?post=73"}],"version-history":[{"count":6,"href":"https:\/\/agora.xtec.cat\/escguillemisarn\/wp-json\/wp\/v2\/pages\/73\/revisions"}],"predecessor-version":[{"id":4089,"href":"https:\/\/agora.xtec.cat\/escguillemisarn\/wp-json\/wp\/v2\/pages\/73\/revisions\/4089"}],"up":[{"embeddable":true,"href":"https:\/\/agora.xtec.cat\/escguillemisarn\/wp-json\/wp\/v2\/pages\/66"}],"wp:attachment":[{"href":"https:\/\/agora.xtec.cat\/escguillemisarn\/wp-json\/wp\/v2\/media?parent=73"}],"curies":[{"name":"wp","href":"https:\/\/api.w.org\/{rel}","templated":true}]}}

<p>L&#8217;escola ofereix servei de menjador escolar. Està gestionat pel Consell Comarcal de l&#8217;Urgell i el menjar està elaborat diàriament per l&#8217;empresa Quàlia Cooperativa de lleure. Podeu accedir al link que us adjuntem a continuació per consultar el menú mensual. Dintre d&#8217;aquest menú també hi trobareu propostes de menús complementaris, com per exemple, propostes pel sopar, menús individualitzats per a infants segons les seves necessitats.</p>
<p><a href="https://lleurequalia.cat/ca/c/home-guillem-isarn-133"><img loading="lazy" decoding="async" class="aligncenter wp-image-4080 " src="https://agora.xtec.cat/escguillemisarn/wp-content/uploads/usu1631/2025/10/logo-qualia.gif" alt="logo-quàlia" width="500" height="252" /></a></p>
<p style="text-align: center;"><a href="https://lleurequalia.cat/ca/c/home-guillem-isarn-133">https://lleurequalia.cat/ca/c/home-guillem-isarn-133</a></p>
<p>&nbsp;</p>
<p>&nbsp;</p>
<p>PLA DEL MENJADOR ESCOLAR</p>
<p style="margin: 12px auto 6px auto; font-family: Helvetica,Arial,Sans-serif; font-style: normal; font-variant: normal; font-weight: normal; font-size: 14px; line-height: normal; font-size-adjust: none; font-stretch: normal; -x-system-font: none; display: block;"><a style="text-decoration: underline;" title="View Pla Menjador Curs20-21 on Scribd" href="https://www.scribd.com/document/479191876/Pla-Menjador-Curs20-21#from_embed">Pla Menjador Curs20-21</a> by <a style="text-decoration: underline;" title="View Escola Guillem Isarn's profile on Scribd" href="https://www.scribd.com/user/486678574/Escola-Guillem-Isarn#from_embed">Escola Guillem Isarn</a> on Scribd</p>
<p><iframe loading="lazy" src="https://www.scribd.com/embeds/479191876/content?start_page=1&amp;view_mode=scroll&amp;access_key=key-c69pWEOHooZe1EXPZO6q" width="100%" height="600" frameborder="0" data-auto-height="false" data-aspect-ratio="0.7068965517241379"></iframe></p>

<p>L&#8217;escola ofereix servei de menjador escolar. Està gestionat pel Consell Comarcal de l&#8217;Urgell i el menjar està elaborat diàriament per l&#8217;empresa Quàlia Cooperativa de lleure. Podeu accedir al link que us adjuntem a continuació per consultar el menú mensual. Dintre d&#8217;aquest menú també hi trobareu&hellip;  <a href="https://agora.xtec.cat/escguillemisarn/serveis/menjador-escolar/" title="Read Menjador escolar">Llegeix més»</a></p>
