{"id":319,"date":"2017-05-04T17:34:45","date_gmt":"2017-05-04T15:34:45","guid":{"rendered":"http:\/\/agora.xtec.cat\/escguillemfortuny\/?page_id=319"},"modified":"2025-09-12T18:50:35","modified_gmt":"2025-09-12T16:50:35","slug":"dossier-informatiu","status":"publish","type":"page","link":"https:\/\/agora.xtec.cat\/escguillemfortuny\/families\/dossier-informatiu\/","title":{"rendered":"Dossier Informatiu"},"content":{"rendered":"<h4><strong><span style=\"color: #ff6600;\">BENVINGUDA<span style=\"vertical-align: inherit;\"><span style=\"vertical-align: inherit;\">:<\/span><\/span><\/span><\/strong><\/h4>\n<p><em>Benvolgudes fam\u00edlies:\u00a0\u00a0\u00a0\u00a0\u00a0\u00a0\u00a0\u00a0\u00a0\u00a0\u00a0\u00a0\u00a0\u00a0\u00a0\u00a0\u00a0\u00a0\u00a0\u00a0\u00a0\u00a0\u00a0\u00a0\u00a0\u00a0\u00a0\u00a0\u00a0\u00a0\u00a0\u00a0\u00a0\u00a0\u00a0\u00a0\u00a0\u00a0\u00a0\u00a0 <\/em><\/p>\n<p>En primer lloc, donem la benvinguda a totes les fam\u00edlies que us incorporeu a l\u2019escola Guillem Fortuny durant el curs 2025-26. Us convidem a participar activament de la vida del centre. I, a tots i totes, us demanem que continueu col\u00b7laborant en aquest projecte d\u2019escola p\u00fablica, oberta, activa i de qualitat.<\/p>\n<p>El professorat dedicar\u00e0 els seus esfor\u00e7os per tal que aquest nou curs sigui un temps profit\u00f3s i important en la formaci\u00f3 personal i intel\u00b7lectual dels nostres alumnes.<\/p>\n<p>Per dur a terme una bona tasca educativa i formativa, \u00e9s fonamental la col\u00b7laboraci\u00f3 i coordinaci\u00f3 de l\u2019escola i la fam\u00edlia. Us animem a treballar conjuntament amb nosaltres per tal de donar estabilitat, seguretat i efic\u00e0cia als vostres fills\/es durant la seva formaci\u00f3.<\/p>\n<p>No dubteu a parlar amb els professors\/es dels vostres fills\/es per informar-vos sobre la seva actitud, rendiment, evoluci\u00f3, etc. i aix\u00ed facilitar la seva integraci\u00f3 i desenvolupament.<\/p>\n<p>Per tal d\u2019aconseguir que el funcionament de l\u2019escola i la relaci\u00f3 escola-fam\u00edlia sigui tan fluida com sigui possible us presentem aquest dossier on trobareu la informaci\u00f3 m\u00e9s important dels aspectes normatius i de funcionament del nostre centre.<\/p>\n<p>Cordialment<\/p>\n<p>El Claustre de professors\/es.<\/p>\n<p style=\"text-align: center;\"><a href=\"https:\/\/drive.google.com\/file\/d\/1YuhgYOL9uQ9O1mahnkQPPGiPSukBQPv8\/view?usp=sharing\">Enlla\u00e7 al dossier informatiu<\/a><\/p>\n<p><a href=\"https:\/\/agora.xtec.cat\/escguillemfortuny\/wp-content\/uploads\/usu346\/2023\/10\/Logo-centre.png\"><img loading=\"lazy\" decoding=\"async\" class=\"alignright wp-image-9774 size-medium\" src=\"https:\/\/agora.xtec.cat\/escguillemfortuny\/wp-content\/uploads\/usu346\/2023\/10\/Logo-centre-300x295.png\" alt=\"\" width=\"300\" height=\"295\" srcset=\"https:\/\/agora.xtec.cat\/escguillemfortuny\/wp-content\/uploads\/usu346\/2023\/10\/Logo-centre-300x295.png 300w, https:\/\/agora.xtec.cat\/escguillemfortuny\/wp-content\/uploads\/usu346\/2023\/10\/Logo-centre-768x756.png 768w, https:\/\/agora.xtec.cat\/escguillemfortuny\/wp-content\/uploads\/usu346\/2023\/10\/Logo-centre.png 863w\" sizes=\"auto, (max-width: 300px) 100vw, 300px\" \/><\/a>Aquest Dossier pret\u00e9n donar-vos un seguit d\u2019informacions sobre diferents aspectes del funcionament i l\u2019organitzaci\u00f3 de l\u2019escola.<\/p>\n<p>\u00c9s interessant que el tingueu a m\u00e0 durant tot el curs escolar, ja que us podr\u00e0 ser d\u2019utilitat per a qualsevol consulta relacionada amb el centre.<\/p>\n","protected":false},"excerpt":{"rendered":"<p>BENVINGUDA:<br \/>\nBenvolgudes fam\u00edlies:\u00a0\u00a0\u00a0\u00a0\u00a0\u00a0\u00a0\u00a0\u00a0\u00a0\u00a0\u00a0\u00a0\u00a0\u00a0\u00a0\u00a0\u00a0\u00a0\u00a0\u00a0\u00a0\u00a0\u00a0\u00a0\u00a0\u00a0\u00a0\u00a0\u00a0\u00a0\u00a0\u00a0\u00a0\u00a0\u00a0\u00a0\u00a0\u00a0\u00a0<br \/>\nEn primer lloc, donem la benvinguda a totes les fam\u00edlies que us incorporeu a l\u2019escola Guillem Fortuny durant el curs 2025-26. Us convidem a participar activament de la vida del centre. I, a tots i totes, us demanem que continueu col\u00b7laborant en aquest&hellip;  <a href=\"https:\/\/agora.xtec.cat\/escguillemfortuny\/families\/dossier-informatiu\/\" title=\"Read Dossier Informatiu\">Llegeix m\u00e9s\u00bb<\/a><\/p>\n","protected":false},"author":1,"featured_media":0,"parent":317,"menu_order":1,"comment_status":"closed","ping_status":"closed","template":"page-templates\/side-menu.php","meta":{"_bbp_topic_count":0,"_bbp_reply_count":0,"_bbp_total_topic_count":0,"_bbp_total_reply_count":0,"_bbp_voice_count":0,"_bbp_anonymous_reply_count":0,"_bbp_topic_count_hidden":0,"_bbp_reply_count_hidden":0,"_bbp_forum_subforum_count":0,"footnotes":""},"class_list":["post-319","page","type-page","status-publish","hentry"],"post_mailing_queue_ids":[],"_links":{"self":[{"href":"https:\/\/agora.xtec.cat\/escguillemfortuny\/wp-json\/wp\/v2\/pages\/319","targetHints":{"allow":["GET"]}}],"collection":[{"href":"https:\/\/agora.xtec.cat\/escguillemfortuny\/wp-json\/wp\/v2\/pages"}],"about":[{"href":"https:\/\/agora.xtec.cat\/escguillemfortuny\/wp-json\/wp\/v2\/types\/page"}],"author":[{"embeddable":true,"href":"https:\/\/agora.xtec.cat\/escguillemfortuny\/wp-json\/wp\/v2\/users\/1"}],"replies":[{"embeddable":true,"href":"https:\/\/agora.xtec.cat\/escguillemfortuny\/wp-json\/wp\/v2\/comments?post=319"}],"version-history":[{"count":6,"href":"https:\/\/agora.xtec.cat\/escguillemfortuny\/wp-json\/wp\/v2\/pages\/319\/revisions"}],"predecessor-version":[{"id":13645,"href":"https:\/\/agora.xtec.cat\/escguillemfortuny\/wp-json\/wp\/v2\/pages\/319\/revisions\/13645"}],"up":[{"embeddable":true,"href":"https:\/\/agora.xtec.cat\/escguillemfortuny\/wp-json\/wp\/v2\/pages\/317"}],"wp:attachment":[{"href":"https:\/\/agora.xtec.cat\/escguillemfortuny\/wp-json\/wp\/v2\/media?parent=319"}],"curies":[{"name":"wp","href":"https:\/\/api.w.org\/{rel}","templated":true}]}}