{"id":8047,"date":"2022-06-10T11:46:21","date_gmt":"2022-06-10T09:46:21","guid":{"rendered":"https:\/\/agora.xtec.cat\/escgueraudepeguera\/?page_id=8047"},"modified":"2022-06-10T11:47:11","modified_gmt":"2022-06-10T09:47:11","slug":"estrategia-digital-de-lescola","status":"publish","type":"page","link":"https:\/\/agora.xtec.cat\/escgueraudepeguera\/documents-de-centre\/documents-descola\/estrategia-digital-de-lescola\/","title":{"rendered":"ESTRAT\u00c8GIA DIGITAL DE L&#8217;ESCOLA"},"content":{"rendered":"<p align=\"justify\">El Pla d\u2019educaci\u00f3 digital de Catalunya 2020-2023 t\u00e9 per objectiu contribuir al desenvolupament de les compet\u00e8ncies digitals que els ciutadans i les ciutadanes necessiten per viure i treballar en una societat immersa en constants transformacions i canvis.<\/p>\n<p align=\"justify\">Per fer-ho possible, des de l&#8217;escola hem creat aquesta p\u00e0gina on podeu consultar tota la informaci\u00f3 relativa a la transformaci\u00f3 digital que estem duent a terme.<\/p>\n<p align=\"justify\">Hem organitzat la informaci\u00f3 en un Sites de Google on hi podeu accedir a trav\u00e9s d&#8217;aquest enlla\u00e7 clicant la imatge.<\/p>\n<p align=\"justify\"><a href=\"https:\/\/sites.google.com\/xtec.cat\/estrategiadigitalguerau\/\" target=\"_blank\" rel=\"noopener\"><img loading=\"lazy\" decoding=\"async\" class=\"alignnone size-large wp-image-8048\" src=\"https:\/\/agora.xtec.cat\/escgueraudepeguera\/wp-content\/uploads\/usu1788\/2022\/06\/Captura-de-2022-06-10-11-45-22-1024x263.png\" alt=\"\" width=\"1024\" height=\"263\" srcset=\"https:\/\/agora.xtec.cat\/escgueraudepeguera\/wp-content\/uploads\/usu1788\/2022\/06\/Captura-de-2022-06-10-11-45-22-1024x263.png 1024w, https:\/\/agora.xtec.cat\/escgueraudepeguera\/wp-content\/uploads\/usu1788\/2022\/06\/Captura-de-2022-06-10-11-45-22-300x77.png 300w, https:\/\/agora.xtec.cat\/escgueraudepeguera\/wp-content\/uploads\/usu1788\/2022\/06\/Captura-de-2022-06-10-11-45-22-768x198.png 768w, https:\/\/agora.xtec.cat\/escgueraudepeguera\/wp-content\/uploads\/usu1788\/2022\/06\/Captura-de-2022-06-10-11-45-22.png 1217w\" sizes=\"auto, (max-width: 1024px) 100vw, 1024px\" \/><\/a><\/p>\n","protected":false},"excerpt":{"rendered":"<p>El Pla d\u2019educaci\u00f3 digital de Catalunya 2020-2023 t\u00e9 per objectiu contribuir al desenvolupament de les compet\u00e8ncies digitals que els ciutadans i les ciutadanes necessiten per viure i treballar en una societat immersa en constants transformacions i canvis.<br \/>\nPer fer-ho possible, des de l&#8217;escola hem creat aquesta&hellip;  <a href=\"https:\/\/agora.xtec.cat\/escgueraudepeguera\/documents-de-centre\/documents-descola\/estrategia-digital-de-lescola\/\" title=\"Read ESTRAT\u00c8GIA DIGITAL DE L&#8217;ESCOLA\">Llegeix m\u00e9s\u00bb<\/a><\/p>\n","protected":false},"author":1,"featured_media":0,"parent":598,"menu_order":0,"comment_status":"closed","ping_status":"closed","template":"","meta":{"_bbp_topic_count":0,"_bbp_reply_count":0,"_bbp_total_topic_count":0,"_bbp_total_reply_count":0,"_bbp_voice_count":0,"_bbp_anonymous_reply_count":0,"_bbp_topic_count_hidden":0,"_bbp_reply_count_hidden":0,"_bbp_forum_subforum_count":0,"footnotes":""},"class_list":["post-8047","page","type-page","status-publish","hentry"],"post_mailing_queue_ids":[],"_links":{"self":[{"href":"https:\/\/agora.xtec.cat\/escgueraudepeguera\/wp-json\/wp\/v2\/pages\/8047","targetHints":{"allow":["GET"]}}],"collection":[{"href":"https:\/\/agora.xtec.cat\/escgueraudepeguera\/wp-json\/wp\/v2\/pages"}],"about":[{"href":"https:\/\/agora.xtec.cat\/escgueraudepeguera\/wp-json\/wp\/v2\/types\/page"}],"author":[{"embeddable":true,"href":"https:\/\/agora.xtec.cat\/escgueraudepeguera\/wp-json\/wp\/v2\/users\/1"}],"replies":[{"embeddable":true,"href":"https:\/\/agora.xtec.cat\/escgueraudepeguera\/wp-json\/wp\/v2\/comments?post=8047"}],"version-history":[{"count":1,"href":"https:\/\/agora.xtec.cat\/escgueraudepeguera\/wp-json\/wp\/v2\/pages\/8047\/revisions"}],"predecessor-version":[{"id":8049,"href":"https:\/\/agora.xtec.cat\/escgueraudepeguera\/wp-json\/wp\/v2\/pages\/8047\/revisions\/8049"}],"up":[{"embeddable":true,"href":"https:\/\/agora.xtec.cat\/escgueraudepeguera\/wp-json\/wp\/v2\/pages\/598"}],"wp:attachment":[{"href":"https:\/\/agora.xtec.cat\/escgueraudepeguera\/wp-json\/wp\/v2\/media?parent=8047"}],"curies":[{"name":"wp","href":"https:\/\/api.w.org\/{rel}","templated":true}]}}