{"id":602,"date":"2018-04-25T13:59:52","date_gmt":"2018-04-25T11:59:52","guid":{"rendered":"http:\/\/agora.xtec.cat\/escgueraudepeguera\/?page_id=602"},"modified":"2019-02-06T14:01:52","modified_gmt":"2019-02-06T13:01:52","slug":"escoltam","status":"publish","type":"page","link":"https:\/\/agora.xtec.cat\/escgueraudepeguera\/escoltam\/","title":{"rendered":"Escolta&#8217;m"},"content":{"rendered":"<p>L&#8217;escolta&#8217;m s\u00f3n tutories en petit grup ( 3 alumnes) amb el docent de refer\u00e8ncia en un espai acollidor, on es propicia la conversa distesa i \u00edntima, per enfortir el vincle afectiu positiu entre infants i amb l\u2019adult, generant un clima de confian\u00e7a.<\/p>\n<p><iframe loading=\"lazy\" title=\"power 2 escolta&#039;m\" width=\"500\" height=\"375\" src=\"https:\/\/www.youtube.com\/embed\/ati6HCy49mk?feature=oembed\" frameborder=\"0\" allow=\"accelerometer; autoplay; clipboard-write; encrypted-media; gyroscope; picture-in-picture; web-share\" referrerpolicy=\"strict-origin-when-cross-origin\" allowfullscreen><\/iframe><\/p>\n<p><iframe loading=\"lazy\" title=\"ESCOLTA&#039;M 2 mp4\" width=\"500\" height=\"281\" src=\"https:\/\/www.youtube.com\/embed\/d4gcmNVkZIw?feature=oembed\" frameborder=\"0\" allow=\"accelerometer; autoplay; clipboard-write; encrypted-media; gyroscope; picture-in-picture; web-share\" referrerpolicy=\"strict-origin-when-cross-origin\" allowfullscreen><\/iframe><\/p>\n<p><a href=\"http:\/\/www.ub.edu\/ice\/programas\/PROJECTEESCOLTAM.pdf\">PER A M\u00c9S INFORMACI\u00d3 PODEU CLICAR AQU\u00cd<br \/>\n<img loading=\"lazy\" decoding=\"async\" class=\"size-full wp-image-1080 alignleft\" src=\"https:\/\/agora.xtec.cat\/escgueraudepeguera\/wp-content\/uploads\/usu1788\/2019\/02\/imatge-ICE.jpg\" alt=\"\" width=\"200\" height=\"194\" \/><\/a><\/p>\n","protected":false},"excerpt":{"rendered":"<p>L&#8217;escolta&#8217;m s\u00f3n tutories en petit grup ( 3 alumnes) amb el docent de refer\u00e8ncia en un espai acollidor, on es propicia la conversa distesa i \u00edntima, per enfortir el vincle afectiu positiu entre infants i amb l\u2019adult, generant un clima de confian\u00e7a.<\/p>\n<p><a href=\"http:\/\/www.ub.edu\/ice\/programas\/PROJECTEESCOLTAM.pdf\">PER A M\u00c9S&hellip;  <a href=\"https:\/\/agora.xtec.cat\/escgueraudepeguera\/escoltam\/\" title=\"Read Escolta&#8217;m\">Llegeix m\u00e9s\u00bb<\/a><\/p>\n","protected":false},"author":1,"featured_media":0,"parent":0,"menu_order":0,"comment_status":"closed","ping_status":"closed","template":"","meta":{"_bbp_topic_count":0,"_bbp_reply_count":0,"_bbp_total_topic_count":0,"_bbp_total_reply_count":0,"_bbp_voice_count":0,"_bbp_anonymous_reply_count":0,"_bbp_topic_count_hidden":0,"_bbp_reply_count_hidden":0,"_bbp_forum_subforum_count":0,"footnotes":""},"class_list":["post-602","page","type-page","status-publish","hentry"],"post_mailing_queue_ids":[],"_links":{"self":[{"href":"https:\/\/agora.xtec.cat\/escgueraudepeguera\/wp-json\/wp\/v2\/pages\/602","targetHints":{"allow":["GET"]}}],"collection":[{"href":"https:\/\/agora.xtec.cat\/escgueraudepeguera\/wp-json\/wp\/v2\/pages"}],"about":[{"href":"https:\/\/agora.xtec.cat\/escgueraudepeguera\/wp-json\/wp\/v2\/types\/page"}],"author":[{"embeddable":true,"href":"https:\/\/agora.xtec.cat\/escgueraudepeguera\/wp-json\/wp\/v2\/users\/1"}],"replies":[{"embeddable":true,"href":"https:\/\/agora.xtec.cat\/escgueraudepeguera\/wp-json\/wp\/v2\/comments?post=602"}],"version-history":[{"count":4,"href":"https:\/\/agora.xtec.cat\/escgueraudepeguera\/wp-json\/wp\/v2\/pages\/602\/revisions"}],"predecessor-version":[{"id":1083,"href":"https:\/\/agora.xtec.cat\/escgueraudepeguera\/wp-json\/wp\/v2\/pages\/602\/revisions\/1083"}],"wp:attachment":[{"href":"https:\/\/agora.xtec.cat\/escgueraudepeguera\/wp-json\/wp\/v2\/media?parent=602"}],"curies":[{"name":"wp","href":"https:\/\/api.w.org\/{rel}","templated":true}]}}